{"id":35,"date":"2018-03-14T12:55:12","date_gmt":"2018-03-14T11:55:12","guid":{"rendered":"http:\/\/wordpress.nibis.de\/sltagung\/?page_id=35"},"modified":"2026-04-15T11:29:21","modified_gmt":"2026-04-15T09:29:21","slug":"impressum","status":"publish","type":"page","link":"https:\/\/wordpress.nibis.de\/sltagung\/impressum\/","title":{"rendered":"Impressum"},"content":{"rendered":"\n<p><strong>Anbieter gem. \u00a7 5 des Digitale-Dienste-Gesetzes (DDG) und \u00a7 18 des Medienstaatsvertrags (MStV):<br \/><\/strong>Nieders\u00e4chsisches Landesinstitut f\u00fcr schulische Qualit\u00e4tsentwicklung (NLQ)<br \/>Ke\u00dflerstra\u00dfe 52<br \/>31134 Hildesheim<\/p>\n<p>Telefon 05121 1695-400<br \/>Telefax: 05121 1695-450<br \/>E-Mail:\u00a0<a href=\"&#x6d;&#x61;&#x69;&#x6c;&#116;&#111;:se&#x72;&#x76;&#x69;&#x63;&#101;&#64;nib&#x69;&#x73;&#x2e;&#x64;&#101;\" target=\"_blank\" rel=\"noopener\"><strong>service(at)nibis.de<\/strong><\/a><\/p>\n<p><strong>Vertretungsberechtigt:<br \/><\/strong>Direktorin Dr. Elke Richlick<\/p>\n<p><strong>Verantwortlich im Sinne des \u00a7 18 Abs. 2 Medienstaatsvertrag:<br \/><\/strong>Hanna Knoop<br \/><strong><a href=\"&#x6d;&#x61;&#x69;&#x6c;&#x74;&#111;&#58;&#104;&#97;nna&#x2e;&#x6b;&#x6e;&#x6f;&#x6f;&#x70;&#64;&#110;&#108;q&#46;n&#x69;&#x65;&#x64;&#x65;&#x72;&#x73;&#97;&#99;&#104;&#115;en&#46;&#x64;&#x65;\">hanna.knoop(at)nlq.niedersachsen.de<\/a><br \/><\/strong>(Anschrift siehe oben)<\/p>\n<p><strong>Technischer Betrieb, Gestaltung und Realisierung:<br \/><\/strong>Nieders\u00e4chsisches Landesinstitut f\u00fcr schulische Qualit\u00e4tsentwicklung (NLQ)<br \/>Ke\u00dflerstra\u00dfe 52<br \/>31134 Hildesheim<\/p>\n<p><strong>Beh\u00f6rdlicher Datenschutzbeauftragter:<\/strong><br \/>Ke\u00dflerstra\u00dfe 52<br \/>31134 Hildesheim<br \/>Telefon: 05121 1695-428<br \/>E-Mail:\u00a0<strong><a href=\"&#109;&#x61;i&#108;&#x74;o&#x3a;&#x64;&#97;&#x74;e&#110;&#x73;c&#104;&#x75;&#116;&#x7a;&#64;&#110;&#x6c;q&#46;&#x6e;&#105;&#x65;&#x64;&#101;&#x72;s&#97;&#x63;h&#x73;&#x65;&#110;&#x2e;d&#101;\" target=\"_blank\" rel=\"noopener\">datenschutz(at)nlq.niedersachsen.de<\/a><\/strong><\/p>\n<p>Missbr\u00e4uchliche Nutzung: Sollten Sie missbr\u00e4uchliche Nutzungen aus dem IP-Adressbereich des NiBiS feststellen, senden Sie bitte eine E-Mail an die Adresse\u00a0<a href=\"&#x6d;&#97;&#x69;&#x6c;&#116;&#x6f;&#x3a;&#97;&#x62;&#x75;&#115;&#x65;&#x40;n&#x69;&#x62;i&#x73;&#46;d&#x65;\" target=\"_blank\" rel=\"noopener\"><strong>abuse(at)nibis.de<\/strong><\/a><\/p>\n<p><strong>Allgemeines:<br \/><\/strong>Die verlinkten Seiten wurden zum Zeitpunkt der Verlinkung auf m\u00f6gliche Rechtsverst\u00f6\u00dfe \u00fcberpr\u00fcft. Rechtswidrige Inhalte waren zum Zeitpunkt der Verlinkung nicht erkennbar. Eine permanente inhaltliche Kontrolle der verlinkten Seiten ist jedoch ohne konkrete Anhaltspunkte einer Rechtsverletzung nicht zumutbar. Bei Bekanntwerden von Rechtsverletzungen werden derartige Links umgehend entfernt.Missbr\u00e4uchliche Nutzung: Sollten Sie missbr\u00e4uchliche Nutzungen aus dem IP-Adressbereich dieser Internetpr\u00e4senz feststellen, senden Sie bitte eine E-Mail an die Adresse\u00a0<a href=\"&#x6d;&#x61;&#105;l&#x74;&#x6f;&#x3a;&#97;b&#x75;&#x73;&#x65;&#64;n&#x69;&#x62;&#x69;&#115;&#46;&#x64;&#x65;\">&#x61;b&#x75;&#115;&#x65;&#64;n&#x69;&#98;&#x69;&#115;&#46;&#x64;&#101;<\/a>.<\/p>\n<p><strong>Lizenz:<br \/><\/strong>Alle von uns verfassten Texte auf dieser Website sind urheberrechtlich gesch\u00fctzt und stehen, sofern nicht anders vermerkt, unter der Lizenz\u00a0<strong><a href=\"https:\/\/creativecommons.org\/licenses\/by\/4.0\/deed.de\" target=\"_blank\" rel=\"noopener\">CC BY 4.0<\/a>.<\/strong><\/p>\n","protected":false},"excerpt":{"rendered":"<p>Anbieter gem. \u00a7 5 des Digitale-Dienste-Gesetzes (DDG) und \u00a7 18 des Medienstaatsvertrags (MStV):Nieders\u00e4chsisches Landesinstitut f\u00fcr schulische Qualit\u00e4tsentwicklung (NLQ)Ke\u00dflerstra\u00dfe 5231134 Hildesheim Telefon 05121 1695-400Telefax: 05121 1695-450E-Mail:\u00a0service(at)nibis.de Vertretungsberechtigt:Direktorin Dr. Elke Richlick Verantwortlich im Sinne des \u00a7 18 Abs. 2 Medienstaatsvertrag:Hanna Knoophanna.knoop(at)nlq.niedersachsen.de(Anschrift siehe oben) Technischer Betrieb, Gestaltung und Realisierung:Nieders\u00e4chsisches Landesinstitut f\u00fcr schulische Qualit\u00e4tsentwicklung (NLQ)Ke\u00dflerstra\u00dfe 5231134 Hildesheim Beh\u00f6rdlicher Datenschutzbeauftragter:Ke\u00dflerstra\u00dfe 5231134 HildesheimTelefon: 05121 1695-428E-Mail:\u00a0datenschutz(at)nlq.niedersachsen.de Missbr\u00e4uchliche Nutzung: Sollten Sie missbr\u00e4uchliche Nutzungen aus dem IP-Adressbereich des NiBiS feststellen, senden Sie bitte eine E-Mail an die Adresse\u00a0abuse(at)nibis.de Allgemeines:Die&#8230;<\/p>\n<p class=\"read-more\"><a class=\"btn btn-default\" href=\"https:\/\/wordpress.nibis.de\/sltagung\/impressum\/\">Weiterlesen<span class=\"screen-reader-text\"> Weiterlesen<\/span><\/a><\/p>\n","protected":false},"author":516,"featured_media":0,"parent":0,"menu_order":0,"comment_status":"closed","ping_status":"closed","template":"","meta":{"footnotes":""},"class_list":["post-35","page","type-page","status-publish","hentry"],"_links":{"self":[{"href":"https:\/\/wordpress.nibis.de\/sltagung\/wp-json\/wp\/v2\/pages\/35","targetHints":{"allow":["GET"]}}],"collection":[{"href":"https:\/\/wordpress.nibis.de\/sltagung\/wp-json\/wp\/v2\/pages"}],"about":[{"href":"https:\/\/wordpress.nibis.de\/sltagung\/wp-json\/wp\/v2\/types\/page"}],"author":[{"embeddable":true,"href":"https:\/\/wordpress.nibis.de\/sltagung\/wp-json\/wp\/v2\/users\/516"}],"replies":[{"embeddable":true,"href":"https:\/\/wordpress.nibis.de\/sltagung\/wp-json\/wp\/v2\/comments?post=35"}],"version-history":[{"count":8,"href":"https:\/\/wordpress.nibis.de\/sltagung\/wp-json\/wp\/v2\/pages\/35\/revisions"}],"predecessor-version":[{"id":2670,"href":"https:\/\/wordpress.nibis.de\/sltagung\/wp-json\/wp\/v2\/pages\/35\/revisions\/2670"}],"wp:attachment":[{"href":"https:\/\/wordpress.nibis.de\/sltagung\/wp-json\/wp\/v2\/media?parent=35"}],"curies":[{"name":"wp","href":"https:\/\/api.w.org\/{rel}","templated":true}]}}