{"id":734,"date":"2023-05-30T08:21:17","date_gmt":"2023-05-30T06:21:17","guid":{"rendered":"https:\/\/wordpress.nibis.de\/sltagung\/?page_id=734"},"modified":"2025-03-27T10:26:30","modified_gmt":"2025-03-27T09:26:30","slug":"lernen-ueber-mit-durch-trotz-und-auch-ohne-ki-gestuetzte-sprachmodelle","status":"publish","type":"page","link":"https:\/\/wordpress.nibis.de\/sltagung\/lernen-ueber-mit-durch-trotz-und-auch-ohne-ki-gestuetzte-sprachmodelle\/","title":{"rendered":"ZZZ_Lernen \u00fcber, mit, durch, trotz und auch ohne KI-gest\u00fctzte Sprachmodelle"},"content":{"rendered":"\n<h3>Zeit und Ort:<br \/>29. August, 14:00 Uhr &#8211; 16:00 Uhr <br \/>30. August, 11:00 Uhr &#8211; 13:00 Uhr<br \/>Raum 224 <a href=\"https:\/\/schulleitungstagung.nibis.de\/raumplaene\/\">(Raumplan)<\/a><\/h3>\n<p style=\"text-align: left\"><strong><img loading=\"lazy\" decoding=\"async\" class=\" wp-image-850 alignleft\" src=\"https:\/\/wordpress.nibis.de\/sltagung\/files\/2023\/05\/steinemann_3-199x300.jpg\" alt=\"\" width=\"266\" height=\"401\" srcset=\"https:\/\/wordpress.nibis.de\/sltagung\/files\/2023\/05\/steinemann_3-199x300.jpg 199w, https:\/\/wordpress.nibis.de\/sltagung\/files\/2023\/05\/steinemann_3-678x1024.jpg 678w, https:\/\/wordpress.nibis.de\/sltagung\/files\/2023\/05\/steinemann_3-768x1160.jpg 768w, https:\/\/wordpress.nibis.de\/sltagung\/files\/2023\/05\/steinemann_3-1017x1536.jpg 1017w, https:\/\/wordpress.nibis.de\/sltagung\/files\/2023\/05\/steinemann_3-1356x2048.jpg 1356w, https:\/\/wordpress.nibis.de\/sltagung\/files\/2023\/05\/steinemann_3-179x270.jpg 179w, https:\/\/wordpress.nibis.de\/sltagung\/files\/2023\/05\/steinemann_3-scaled.jpg 1695w\" sizes=\"auto, (max-width: 266px) 100vw, 266px\" \/>J\u00f6rg Steinemann<\/strong><\/p>\n<p style=\"text-align: left\"><b>NLQ, Fachbereich Medienbildung<\/b><\/p>\n<p>Dieser Workshop im Rahmen der Nieders\u00e4chsischen Schulleitungstagung 2023 widmet sich dem zukunftsweisenden Thema &#8222;Lernen \u00fcber, mit, durch, trotz und auch ohne KI-gest\u00fctzte Sprachmodelle&#8220;. In einer Zeit, in der k\u00fcnstliche Intelligenz (KI) immer pr\u00e4senter wird, stellt sich die Frage, wie Schulen, Schulleitungen und Lehrkr\u00e4fte diese Technologie sinnvoll im Bildungs- und Entwicklungskontext einsetzen k\u00f6nnen. Die Veranstaltung bietet Einblicke in die M\u00f6glichkeiten und Herausforderungen von KI-gest\u00fctzten Sprachmodellen im schulischen Alltag. Dabei werden sowohl fiktionale als auch reale Aspekte von KI beleuchtet, wobei das textbasierte Modell GPT-4, aber auch DSGVO-konforme L\u00f6sungen im Fokus stehen. Es werden praxisnahe Beispiele f\u00fcr den Einsatz von KI-gest\u00fctzten Sprachmodellen in der Unterrichts- und Schulentwicklung vorgestellt, von der Lesef\u00f6rderung im Deutschunterricht bis hin zu komplexeren Themen wie der Apartheid im Englischunterricht. Dar\u00fcber hinaus werden ethische und datenschutzrechtliche Aspekte thematisiert, die bei der Nutzung von KI-gest\u00fctzten Sprachmodellen in der Schule zu ber\u00fccksichtigen sind. Die Tagung bietet zudem Raum f\u00fcr den Austausch \u00fcber m\u00f6gliche Einsatzszenarien von KI-Tools wie ChatGPT und deren Auswirkungen auf traditionelle Lehrmethoden, auch im Kontext von Seminararbeiten.<\/p>\n<p>Mein Kollege Christian Haake und ich halten den Workshop gemeinsam.<\/p>\n<p>Sie m\u00f6chten sich im Vorfeld der Tagung mit dem Thema KI-gest\u00fctzten Sprachmodelle besch\u00e4ftigen, sehr gerne:<\/p>\n<p><a href=\"https:\/\/moodle.nibis.de\/openelec\/course\/view.php?id=164&amp;section=1#tabs-tree-start\">https:\/\/moodle.nibis.de\/openelec\/course\/view.php?id=164&amp;section=1#tabs-tree-start<\/a><\/p>\n<p><a href=\"https:\/\/moodle.nibis.de\/openelec\/course\/view.php?id=125&amp;section=12#tabs-tree-start\">https:\/\/moodle.nibis.de\/openelec\/course\/view.php?id=125&amp;section=12#tabs-tree-start<\/a><\/p>\n<p><a href=\"https:\/\/wordpress.nibis.de\/sltagung\/?page_id=699\"><strong>Zur\u00fcck zu den Angeboten der Arbeitsphase<\/strong><\/a><\/p>\n","protected":false},"excerpt":{"rendered":"<p>Zeit und Ort:29. August, 14:00 Uhr &#8211; 16:00 Uhr 30. August, 11:00 Uhr &#8211; 13:00 UhrRaum 224 (Raumplan) J\u00f6rg Steinemann NLQ, Fachbereich Medienbildung Dieser Workshop im Rahmen der Nieders\u00e4chsischen Schulleitungstagung 2023 widmet sich dem zukunftsweisenden Thema &#8222;Lernen \u00fcber, mit, durch, trotz und auch ohne KI-gest\u00fctzte Sprachmodelle&#8220;. In einer Zeit, in der k\u00fcnstliche Intelligenz (KI) immer pr\u00e4senter wird, stellt sich die Frage, wie Schulen, Schulleitungen und Lehrkr\u00e4fte diese Technologie sinnvoll im Bildungs- und Entwicklungskontext einsetzen k\u00f6nnen. Die Veranstaltung bietet Einblicke in&#8230;<\/p>\n<p class=\"read-more\"><a class=\"btn btn-default\" href=\"https:\/\/wordpress.nibis.de\/sltagung\/lernen-ueber-mit-durch-trotz-und-auch-ohne-ki-gestuetzte-sprachmodelle\/\">Weiterlesen<span class=\"screen-reader-text\"> Weiterlesen<\/span><\/a><\/p>\n","protected":false},"author":9193395,"featured_media":0,"parent":0,"menu_order":0,"comment_status":"closed","ping_status":"closed","template":"","meta":{"footnotes":""},"class_list":["post-734","page","type-page","status-publish","hentry"],"_links":{"self":[{"href":"https:\/\/wordpress.nibis.de\/sltagung\/wp-json\/wp\/v2\/pages\/734","targetHints":{"allow":["GET"]}}],"collection":[{"href":"https:\/\/wordpress.nibis.de\/sltagung\/wp-json\/wp\/v2\/pages"}],"about":[{"href":"https:\/\/wordpress.nibis.de\/sltagung\/wp-json\/wp\/v2\/types\/page"}],"author":[{"embeddable":true,"href":"https:\/\/wordpress.nibis.de\/sltagung\/wp-json\/wp\/v2\/users\/9193395"}],"replies":[{"embeddable":true,"href":"https:\/\/wordpress.nibis.de\/sltagung\/wp-json\/wp\/v2\/comments?post=734"}],"version-history":[{"count":9,"href":"https:\/\/wordpress.nibis.de\/sltagung\/wp-json\/wp\/v2\/pages\/734\/revisions"}],"predecessor-version":[{"id":1955,"href":"https:\/\/wordpress.nibis.de\/sltagung\/wp-json\/wp\/v2\/pages\/734\/revisions\/1955"}],"wp:attachment":[{"href":"https:\/\/wordpress.nibis.de\/sltagung\/wp-json\/wp\/v2\/media?parent=734"}],"curies":[{"name":"wp","href":"https:\/\/api.w.org\/{rel}","templated":true}]}}

ZZZ_Lernen über, mit, durch, trotz und auch ohne KI-gestützte Sprachmodelle

<h3>Zeit und Ort:<br />29. August, 14:00 Uhr &#8211; 16:00 Uhr <br />30. August, 11:00 Uhr &#8211; 13:00 Uhr<br />Raum 224 <a href="https://schulleitungstagung.nibis.de/raumplaene/">(Raumplan)</a></h3>
<p style="text-align: left"><strong><img loading="lazy" decoding="async" class=" wp-image-850 alignleft" src="https://wordpress.nibis.de/sltagung/files/2023/05/steinemann_3-199x300.jpg" alt="" width="266" height="401" srcset="https://wordpress.nibis.de/sltagung/files/2023/05/steinemann_3-199x300.jpg 199w, https://wordpress.nibis.de/sltagung/files/2023/05/steinemann_3-678x1024.jpg 678w, https://wordpress.nibis.de/sltagung/files/2023/05/steinemann_3-768x1160.jpg 768w, https://wordpress.nibis.de/sltagung/files/2023/05/steinemann_3-1017x1536.jpg 1017w, https://wordpress.nibis.de/sltagung/files/2023/05/steinemann_3-1356x2048.jpg 1356w, https://wordpress.nibis.de/sltagung/files/2023/05/steinemann_3-179x270.jpg 179w, https://wordpress.nibis.de/sltagung/files/2023/05/steinemann_3-scaled.jpg 1695w" sizes="auto, (max-width: 266px) 100vw, 266px" />Jörg Steinemann</strong></p>
<p style="text-align: left"><b>NLQ, Fachbereich Medienbildung</b></p>
<p>Dieser Workshop im Rahmen der Niedersächsischen Schulleitungstagung 2023 widmet sich dem zukunftsweisenden Thema &#8222;Lernen über, mit, durch, trotz und auch ohne KI-gestützte Sprachmodelle&#8220;. In einer Zeit, in der künstliche Intelligenz (KI) immer präsenter wird, stellt sich die Frage, wie Schulen, Schulleitungen und Lehrkräfte diese Technologie sinnvoll im Bildungs- und Entwicklungskontext einsetzen können. Die Veranstaltung bietet Einblicke in die Möglichkeiten und Herausforderungen von KI-gestützten Sprachmodellen im schulischen Alltag. Dabei werden sowohl fiktionale als auch reale Aspekte von KI beleuchtet, wobei das textbasierte Modell GPT-4, aber auch DSGVO-konforme Lösungen im Fokus stehen. Es werden praxisnahe Beispiele für den Einsatz von KI-gestützten Sprachmodellen in der Unterrichts- und Schulentwicklung vorgestellt, von der Leseförderung im Deutschunterricht bis hin zu komplexeren Themen wie der Apartheid im Englischunterricht. Darüber hinaus werden ethische und datenschutzrechtliche Aspekte thematisiert, die bei der Nutzung von KI-gestützten Sprachmodellen in der Schule zu berücksichtigen sind. Die Tagung bietet zudem Raum für den Austausch über mögliche Einsatzszenarien von KI-Tools wie ChatGPT und deren Auswirkungen auf traditionelle Lehrmethoden, auch im Kontext von Seminararbeiten.</p>
<p>Mein Kollege Christian Haake und ich halten den Workshop gemeinsam.</p>
<p>Sie möchten sich im Vorfeld der Tagung mit dem Thema KI-gestützten Sprachmodelle beschäftigen, sehr gerne:</p>
<p><a href="https://moodle.nibis.de/openelec/course/view.php?id=164&amp;section=1#tabs-tree-start">https://moodle.nibis.de/openelec/course/view.php?id=164&amp;section=1#tabs-tree-start</a></p>
<p><a href="https://moodle.nibis.de/openelec/course/view.php?id=125&amp;section=12#tabs-tree-start">https://moodle.nibis.de/openelec/course/view.php?id=125&amp;section=12#tabs-tree-start</a></p>
<p><a href="https://wordpress.nibis.de/sltagung/?page_id=699"><strong>Zurück zu den Angeboten der Arbeitsphase</strong></a></p>

<p>Zeit und Ort:29. August, 14:00 Uhr &#8211; 16:00 Uhr 30. August, 11:00 Uhr &#8211; 13:00 UhrRaum 224 (Raumplan) Jörg Steinemann NLQ, Fachbereich Medienbildung Dieser Workshop im Rahmen der Niedersächsischen Schulleitungstagung 2023 widmet sich dem zukunftsweisenden Thema &#8222;Lernen über, mit, durch, trotz und auch ohne KI-gestützte Sprachmodelle&#8220;. In einer Zeit, in der künstliche Intelligenz (KI) immer präsenter wird, stellt sich die Frage, wie Schulen, Schulleitungen und Lehrkräfte diese Technologie sinnvoll im Bildungs- und Entwicklungskontext einsetzen können. Die Veranstaltung bietet Einblicke in&#8230;</p>
<p class="read-more"><a class="btn btn-default" href="https://wordpress.nibis.de/sltagung/lernen-ueber-mit-durch-trotz-und-auch-ohne-ki-gestuetzte-sprachmodelle/">Weiterlesen<span class="screen-reader-text"> Weiterlesen</span></a></p>
