{"id":744,"date":"2023-05-24T14:24:24","date_gmt":"2023-05-24T12:24:24","guid":{"rendered":"https:\/\/wordpress.nibis.de\/sltagung\/?page_id=744"},"modified":"2025-03-27T10:28:20","modified_gmt":"2025-03-27T09:28:20","slug":"die-schule-auf-dem-weg-zur-bildung-in-der-digitalen-welt-digitalisierung-in-schule-als-schulentwicklungsprozess","status":"publish","type":"page","link":"https:\/\/wordpress.nibis.de\/sltagung\/die-schule-auf-dem-weg-zur-bildung-in-der-digitalen-welt-digitalisierung-in-schule-als-schulentwicklungsprozess\/","title":{"rendered":"ZZZ_Die Schule auf dem Weg zur Bildung in der digitalen Welt &#8211; Digitalisierung in Schule als Schulentwicklungsprozess"},"content":{"rendered":"\n<h3>Zeit und Ort:<br \/>29. August, 14:00 Uhr &#8211; 16:00 Uhr <br \/>30. August, 11:00 Uhr &#8211; 13:00 Uhr<br \/>Raum E 27<a href=\"https:\/\/schulleitungstagung.nibis.de\/raumplaene\/\">(Raumplan)<\/a><\/h3>\n<p style=\"text-align: left\"><strong><img loading=\"lazy\" decoding=\"async\" class=\" wp-image-823 alignleft\" src=\"https:\/\/wordpress.nibis.de\/sltagung\/files\/2023\/05\/Jan-Peter-Braun_03-1-200x300.jpg\" alt=\"\" width=\"266\" height=\"399\" srcset=\"https:\/\/wordpress.nibis.de\/sltagung\/files\/2023\/05\/Jan-Peter-Braun_03-1-200x300.jpg 200w, https:\/\/wordpress.nibis.de\/sltagung\/files\/2023\/05\/Jan-Peter-Braun_03-1-683x1024.jpg 683w, https:\/\/wordpress.nibis.de\/sltagung\/files\/2023\/05\/Jan-Peter-Braun_03-1-768x1152.jpg 768w, https:\/\/wordpress.nibis.de\/sltagung\/files\/2023\/05\/Jan-Peter-Braun_03-1-180x270.jpg 180w, https:\/\/wordpress.nibis.de\/sltagung\/files\/2023\/05\/Jan-Peter-Braun_03-1.jpg 960w\" sizes=\"auto, (max-width: 266px) 100vw, 266px\" \/>Dr. Jan-Peter Braun<\/strong><\/p>\n<p style=\"text-align: left\"><b>Regionales Landesamt f\u00fcr Schule und Bildung, Dezernat 3<\/b><\/p>\n<p class=\"Grundtext1\"><span style=\"font-family: 'Arial',sans-serif\">Der Prozess der Digitalisierung von Schulen und des digital gest\u00fctzten Lehrens- und Lernens verl\u00e4uft langsamer als es \u00a0intendiert war. Die Praxis zeigt, dass die beteiligten Akteure unterschiedliche Erwartungen haben und von verschiedenen Voraussetzungen ausgehen. <br \/><\/span><span style=\"font-family: 'Arial',sans-serif\">Durch <b>systematische Aufarbeitung<\/b> dieses Themengebietes soll transparent gemacht werden, was unter Bildung in der digitalisierten Welt und Digitalisierung in Schule zu verstehen ist. Schulleitungen, Lehrkr\u00e4fte, Schultr\u00e4ger, Eltern und Sch\u00fcler haben h\u00e4ufig ganz unterschiedliche Vorstellungen von dem, was scheinbar gemeint ist, welche Voraussetzungen daf\u00fcr geschaffen werden m\u00fcssen und was dieses f\u00fcr Konsequenzen mit sich bringt.<br \/><\/span><span style=\"font-family: 'Arial',sans-serif\">Ziel dieses Workshops ist es daher, ein vergleichbares <b>Kenntnisfundament<\/b> aufzubauen, den <b>Rechtsrahmen<\/b> transparent zu machen, durch Vorlegen eines praxisorientierten Modells eine gemeinsame schulinterne und schul\u00fcbergreifende <b>Sprech-, Entscheidungs- und Handlungsbasis<\/b> zu erm\u00f6glichen und durch Praxisbeispiele Anregungen f\u00fcr effiziente und nachhaltige <b>Implementierungsprozesse<\/b> zu erhalten.<br \/><\/span><span style=\"font-family: 'Arial',sans-serif\">Es ist nicht Anspruch des Workshops, auf jede Frage eine Antwort zu geben und jedes Themengebiet mit einer L\u00f6sung abzuschlie\u00dfen. Vielmehr soll aufgezeigt werden, welche Entscheidungen zu treffen sind und welche Kriterien zu beachten sind, wenn der schrittweise Prozess der Digitalisierung von Schule m\u00f6glichst reibungsarm und wirkungsvoll verlaufen soll. Das Primat der <b>Eigenverantwortlichen Schule<\/b> wird hierbei genauso beachtet wie <b>bildungstheoretische Grunds\u00e4tze<\/b> betrachtet und <b>empirische Forschungsergebnisse<\/b> ber\u00fccksichtigt werden.<\/span><\/p>\n<p><a href=\"https:\/\/wordpress.nibis.de\/sltagung\/?page_id=699\"><strong>Zur\u00fcck zu den Angeboten der Arbeitsphase<\/strong><\/a><\/p>\n","protected":false},"excerpt":{"rendered":"<p>Zeit und Ort:29. August, 14:00 Uhr &#8211; 16:00 Uhr 30. August, 11:00 Uhr &#8211; 13:00 UhrRaum E 27(Raumplan) Dr. Jan-Peter Braun Regionales Landesamt f\u00fcr Schule und Bildung, Dezernat 3 Der Prozess der Digitalisierung von Schulen und des digital gest\u00fctzten Lehrens- und Lernens verl\u00e4uft langsamer als es \u00a0intendiert war. Die Praxis zeigt, dass die beteiligten Akteure unterschiedliche Erwartungen haben und von verschiedenen Voraussetzungen ausgehen. Durch systematische Aufarbeitung dieses Themengebietes soll transparent gemacht werden, was unter Bildung in der digitalisierten Welt und&#8230;<\/p>\n<p class=\"read-more\"><a class=\"btn btn-default\" href=\"https:\/\/wordpress.nibis.de\/sltagung\/die-schule-auf-dem-weg-zur-bildung-in-der-digitalen-welt-digitalisierung-in-schule-als-schulentwicklungsprozess\/\">Weiterlesen<span class=\"screen-reader-text\"> Weiterlesen<\/span><\/a><\/p>\n","protected":false},"author":9193395,"featured_media":0,"parent":0,"menu_order":0,"comment_status":"closed","ping_status":"closed","template":"","meta":{"footnotes":""},"class_list":["post-744","page","type-page","status-publish","hentry"],"_links":{"self":[{"href":"https:\/\/wordpress.nibis.de\/sltagung\/wp-json\/wp\/v2\/pages\/744","targetHints":{"allow":["GET"]}}],"collection":[{"href":"https:\/\/wordpress.nibis.de\/sltagung\/wp-json\/wp\/v2\/pages"}],"about":[{"href":"https:\/\/wordpress.nibis.de\/sltagung\/wp-json\/wp\/v2\/types\/page"}],"author":[{"embeddable":true,"href":"https:\/\/wordpress.nibis.de\/sltagung\/wp-json\/wp\/v2\/users\/9193395"}],"replies":[{"embeddable":true,"href":"https:\/\/wordpress.nibis.de\/sltagung\/wp-json\/wp\/v2\/comments?post=744"}],"version-history":[{"count":9,"href":"https:\/\/wordpress.nibis.de\/sltagung\/wp-json\/wp\/v2\/pages\/744\/revisions"}],"predecessor-version":[{"id":1964,"href":"https:\/\/wordpress.nibis.de\/sltagung\/wp-json\/wp\/v2\/pages\/744\/revisions\/1964"}],"wp:attachment":[{"href":"https:\/\/wordpress.nibis.de\/sltagung\/wp-json\/wp\/v2\/media?parent=744"}],"curies":[{"name":"wp","href":"https:\/\/api.w.org\/{rel}","templated":true}]}}

<h3>Zeit und Ort:<br />29. August, 14:00 Uhr &#8211; 16:00 Uhr <br />30. August, 11:00 Uhr &#8211; 13:00 Uhr<br />Raum E 27<a href="https://schulleitungstagung.nibis.de/raumplaene/">(Raumplan)</a></h3>
<p style="text-align: left"><strong><img loading="lazy" decoding="async" class=" wp-image-823 alignleft" src="https://wordpress.nibis.de/sltagung/files/2023/05/Jan-Peter-Braun_03-1-200x300.jpg" alt="" width="266" height="399" srcset="https://wordpress.nibis.de/sltagung/files/2023/05/Jan-Peter-Braun_03-1-200x300.jpg 200w, https://wordpress.nibis.de/sltagung/files/2023/05/Jan-Peter-Braun_03-1-683x1024.jpg 683w, https://wordpress.nibis.de/sltagung/files/2023/05/Jan-Peter-Braun_03-1-768x1152.jpg 768w, https://wordpress.nibis.de/sltagung/files/2023/05/Jan-Peter-Braun_03-1-180x270.jpg 180w, https://wordpress.nibis.de/sltagung/files/2023/05/Jan-Peter-Braun_03-1.jpg 960w" sizes="auto, (max-width: 266px) 100vw, 266px" />Dr. Jan-Peter Braun</strong></p>
<p style="text-align: left"><b>Regionales Landesamt für Schule und Bildung, Dezernat 3</b></p>
<p class="Grundtext1"><span style="font-family: 'Arial',sans-serif">Der Prozess der Digitalisierung von Schulen und des digital gestützten Lehrens- und Lernens verläuft langsamer als es  intendiert war. Die Praxis zeigt, dass die beteiligten Akteure unterschiedliche Erwartungen haben und von verschiedenen Voraussetzungen ausgehen. <br /></span><span style="font-family: 'Arial',sans-serif">Durch <b>systematische Aufarbeitung</b> dieses Themengebietes soll transparent gemacht werden, was unter Bildung in der digitalisierten Welt und Digitalisierung in Schule zu verstehen ist. Schulleitungen, Lehrkräfte, Schulträger, Eltern und Schüler haben häufig ganz unterschiedliche Vorstellungen von dem, was scheinbar gemeint ist, welche Voraussetzungen dafür geschaffen werden müssen und was dieses für Konsequenzen mit sich bringt.<br /></span><span style="font-family: 'Arial',sans-serif">Ziel dieses Workshops ist es daher, ein vergleichbares <b>Kenntnisfundament</b> aufzubauen, den <b>Rechtsrahmen</b> transparent zu machen, durch Vorlegen eines praxisorientierten Modells eine gemeinsame schulinterne und schulübergreifende <b>Sprech-, Entscheidungs- und Handlungsbasis</b> zu ermöglichen und durch Praxisbeispiele Anregungen für effiziente und nachhaltige <b>Implementierungsprozesse</b> zu erhalten.<br /></span><span style="font-family: 'Arial',sans-serif">Es ist nicht Anspruch des Workshops, auf jede Frage eine Antwort zu geben und jedes Themengebiet mit einer Lösung abzuschließen. Vielmehr soll aufgezeigt werden, welche Entscheidungen zu treffen sind und welche Kriterien zu beachten sind, wenn der schrittweise Prozess der Digitalisierung von Schule möglichst reibungsarm und wirkungsvoll verlaufen soll. Das Primat der <b>Eigenverantwortlichen Schule</b> wird hierbei genauso beachtet wie <b>bildungstheoretische Grundsätze</b> betrachtet und <b>empirische Forschungsergebnisse</b> berücksichtigt werden.</span></p>
<p><a href="https://wordpress.nibis.de/sltagung/?page_id=699"><strong>Zurück zu den Angeboten der Arbeitsphase</strong></a></p>

<p>Zeit und Ort:29. August, 14:00 Uhr &#8211; 16:00 Uhr 30. August, 11:00 Uhr &#8211; 13:00 UhrRaum E 27(Raumplan) Dr. Jan-Peter Braun Regionales Landesamt für Schule und Bildung, Dezernat 3 Der Prozess der Digitalisierung von Schulen und des digital gestützten Lehrens- und Lernens verläuft langsamer als es  intendiert war. Die Praxis zeigt, dass die beteiligten Akteure unterschiedliche Erwartungen haben und von verschiedenen Voraussetzungen ausgehen. Durch systematische Aufarbeitung dieses Themengebietes soll transparent gemacht werden, was unter Bildung in der digitalisierten Welt und&#8230;</p>
<p class="read-more"><a class="btn btn-default" href="https://wordpress.nibis.de/sltagung/die-schule-auf-dem-weg-zur-bildung-in-der-digitalen-welt-digitalisierung-in-schule-als-schulentwicklungsprozess/">Weiterlesen<span class="screen-reader-text"> Weiterlesen</span></a></p>
