{"id":767,"date":"2023-06-06T09:14:21","date_gmt":"2023-06-06T07:14:21","guid":{"rendered":"https:\/\/wordpress.nibis.de\/sltagung\/?page_id=767"},"modified":"2023-08-11T09:00:24","modified_gmt":"2023-08-11T07:00:24","slug":"kuenstliche-intelligenz-ki-und-schulfuehrung-in-theorie-und-praxis","status":"publish","type":"page","link":"https:\/\/wordpress.nibis.de\/sltagung\/kuenstliche-intelligenz-ki-und-schulfuehrung-in-theorie-und-praxis\/","title":{"rendered":"K\u00fcnstliche Intelligenz (KI) und Schulf\u00fchrung in Theorie und Praxis"},"content":{"rendered":"\n<h3>Zeit und Ort:<br \/>29. August, 14:00 Uhr &#8211; 16:00 Uhr <br \/>30. August, 11:00 Uhr &#8211; 13:00 Uhr<br \/>Raum E 10<a href=\"https:\/\/schulleitungstagung.nibis.de\/raumplaene\/\">(Raumplan)<\/a><\/h3>\n<p style=\"text-align: left\"><strong><img loading=\"lazy\" decoding=\"async\" class=\" wp-image-913 alignleft\" src=\"https:\/\/wordpress.nibis.de\/sltagung\/files\/2023\/06\/Pietsch-244x300.jpg\" alt=\"\" width=\"297\" height=\"365\" srcset=\"https:\/\/wordpress.nibis.de\/sltagung\/files\/2023\/06\/Pietsch-244x300.jpg 244w, https:\/\/wordpress.nibis.de\/sltagung\/files\/2023\/06\/Pietsch-219x270.jpg 219w, https:\/\/wordpress.nibis.de\/sltagung\/files\/2023\/06\/Pietsch.jpg 260w\" sizes=\"auto, (max-width: 297px) 100vw, 297px\" \/>Prof. Dr. Marcus Pietsch<br \/><\/strong>DFG Heisenberg-Professor f\u00fcr Bildungsmanagement und Qualit\u00e4tsentwicklung an der Leuphana Universit\u00e4t L\u00fcneburg<\/p>\n<p>\u00a0<\/p>\n<p>\u00a0<\/p>\n<p>\u00a0<\/p>\n<p>\u00a0<\/p>\n<p>\u00a0<\/p>\n<p style=\"text-align: left\"><strong><br \/><\/strong><strong>Hariet Schellig<img loading=\"lazy\" decoding=\"async\" class=\" wp-image-915 alignright\" src=\"https:\/\/wordpress.nibis.de\/sltagung\/files\/2023\/06\/Schellig-226x300.png\" alt=\"\" width=\"291\" height=\"386\" srcset=\"https:\/\/wordpress.nibis.de\/sltagung\/files\/2023\/06\/Schellig-226x300.png 226w, https:\/\/wordpress.nibis.de\/sltagung\/files\/2023\/06\/Schellig-203x270.png 203w, https:\/\/wordpress.nibis.de\/sltagung\/files\/2023\/06\/Schellig.png 241w\" sizes=\"auto, (max-width: 291px) 100vw, 291px\" \/><br \/><\/strong>Wissenschaftliche Mitarbeiterin an der Leuphana Universit\u00e4t L\u00fcneburg, Beraterin f\u00fcr Kommunikation und Kreativkonzeption<\/p>\n<p>\u00a0<\/p>\n<p>\u00a0<\/p>\n<p>\u00a0<\/p>\n<p>\u00a0<\/p>\n<p>\u00a0<\/p>\n<p>\u00a0<\/p>\n<p style=\"text-align: left\"><strong><br \/><img loading=\"lazy\" decoding=\"async\" class=\" wp-image-914 alignleft\" src=\"https:\/\/wordpress.nibis.de\/sltagung\/files\/2023\/06\/Frentz-198x300.jpg\" alt=\"\" width=\"264\" height=\"400\" srcset=\"https:\/\/wordpress.nibis.de\/sltagung\/files\/2023\/06\/Frentz-198x300.jpg 198w, https:\/\/wordpress.nibis.de\/sltagung\/files\/2023\/06\/Frentz-178x270.jpg 178w, https:\/\/wordpress.nibis.de\/sltagung\/files\/2023\/06\/Frentz.jpg 211w\" sizes=\"auto, (max-width: 264px) 100vw, 264px\" \/>J\u00fcrgen Frentz<br \/><\/strong>Wissenschaftlicher Mitarbeiter an der Leuphana Universit\u00e4t L\u00fcneburg, Lehrer, Life- und Businesscoach, Personal- und Organisationsberater<\/p>\n<p style=\"text-align: left\"><strong>\u00a0<\/strong><\/p>\n<p style=\"text-align: left\">\u00a0<\/p>\n<p>\u00a0<\/p>\n<p>\u00a0<\/p>\n<p>\u00a0<\/p>\n<p>Die M\u00f6glichkeiten und Risiken von KI im Schulbetrieb werden derzeit umfassend diskutiert. Doch welche Bedeutung hat KI eigentlich f\u00fcr schulische F\u00fchrungskr\u00e4fte? Ziel des Workshops ist es, den Blick f\u00fcr die M\u00f6glichkeiten von KI in der Schulf\u00fchrung zu \u00f6ffnen und ev. Denkbarrieren abzubauen. Neben einer Pr\u00e4sentation des aktuellen Forschungsstands zu KI und Schulf\u00fchrung sowie ausgew\u00e4hlter KI-Tools, wird der Fokus auf die Chancen von KI in der F\u00fchrung von Schulen gelenkt. In einer Gestaltungsphase werden die Teilnehmenden ein Zukunftsszenario ihres F\u00fchrungsalltags erarbeiten und dieses n\u00e4her reflektieren.<\/p>\n<p><a href=\"https:\/\/wordpress.nibis.de\/sltagung\/?page_id=699\"><strong>Zur\u00fcck zu den Angeboten der Arbeitsphase<\/strong><\/a><\/p>\n","protected":false},"excerpt":{"rendered":"<p>Zeit und Ort:29. August, 14:00 Uhr &#8211; 16:00 Uhr 30. August, 11:00 Uhr &#8211; 13:00 UhrRaum E 10(Raumplan) Prof. Dr. Marcus PietschDFG Heisenberg-Professor f\u00fcr Bildungsmanagement und Qualit\u00e4tsentwicklung an der Leuphana Universit\u00e4t L\u00fcneburg \u00a0 \u00a0 \u00a0 \u00a0 \u00a0 Hariet SchelligWissenschaftliche Mitarbeiterin an der Leuphana Universit\u00e4t L\u00fcneburg, Beraterin f\u00fcr Kommunikation und Kreativkonzeption \u00a0 \u00a0 \u00a0 \u00a0 \u00a0 \u00a0 J\u00fcrgen FrentzWissenschaftlicher Mitarbeiter an der Leuphana Universit\u00e4t L\u00fcneburg, Lehrer, Life- und Businesscoach, Personal- und Organisationsberater \u00a0 \u00a0 \u00a0 \u00a0 \u00a0 Die M\u00f6glichkeiten und Risiken&#8230;<\/p>\n<p class=\"read-more\"><a class=\"btn btn-default\" href=\"https:\/\/wordpress.nibis.de\/sltagung\/kuenstliche-intelligenz-ki-und-schulfuehrung-in-theorie-und-praxis\/\">Weiterlesen<span class=\"screen-reader-text\"> Weiterlesen<\/span><\/a><\/p>\n","protected":false},"author":9193395,"featured_media":0,"parent":0,"menu_order":0,"comment_status":"closed","ping_status":"closed","template":"","meta":{"footnotes":""},"class_list":["post-767","page","type-page","status-publish","hentry"],"_links":{"self":[{"href":"https:\/\/wordpress.nibis.de\/sltagung\/wp-json\/wp\/v2\/pages\/767","targetHints":{"allow":["GET"]}}],"collection":[{"href":"https:\/\/wordpress.nibis.de\/sltagung\/wp-json\/wp\/v2\/pages"}],"about":[{"href":"https:\/\/wordpress.nibis.de\/sltagung\/wp-json\/wp\/v2\/types\/page"}],"author":[{"embeddable":true,"href":"https:\/\/wordpress.nibis.de\/sltagung\/wp-json\/wp\/v2\/users\/9193395"}],"replies":[{"embeddable":true,"href":"https:\/\/wordpress.nibis.de\/sltagung\/wp-json\/wp\/v2\/comments?post=767"}],"version-history":[{"count":11,"href":"https:\/\/wordpress.nibis.de\/sltagung\/wp-json\/wp\/v2\/pages\/767\/revisions"}],"predecessor-version":[{"id":1499,"href":"https:\/\/wordpress.nibis.de\/sltagung\/wp-json\/wp\/v2\/pages\/767\/revisions\/1499"}],"wp:attachment":[{"href":"https:\/\/wordpress.nibis.de\/sltagung\/wp-json\/wp\/v2\/media?parent=767"}],"curies":[{"name":"wp","href":"https:\/\/api.w.org\/{rel}","templated":true}]}}

Künstliche Intelligenz (KI) und Schulführung in Theorie und Praxis

<h3>Zeit und Ort:<br />29. August, 14:00 Uhr &#8211; 16:00 Uhr <br />30. August, 11:00 Uhr &#8211; 13:00 Uhr<br />Raum E 10<a href="https://schulleitungstagung.nibis.de/raumplaene/">(Raumplan)</a></h3>
<p style="text-align: left"><strong><img loading="lazy" decoding="async" class=" wp-image-913 alignleft" src="https://wordpress.nibis.de/sltagung/files/2023/06/Pietsch-244x300.jpg" alt="" width="297" height="365" srcset="https://wordpress.nibis.de/sltagung/files/2023/06/Pietsch-244x300.jpg 244w, https://wordpress.nibis.de/sltagung/files/2023/06/Pietsch-219x270.jpg 219w, https://wordpress.nibis.de/sltagung/files/2023/06/Pietsch.jpg 260w" sizes="auto, (max-width: 297px) 100vw, 297px" />Prof. Dr. Marcus Pietsch<br /></strong>DFG Heisenberg-Professor für Bildungsmanagement und Qualitätsentwicklung an der Leuphana Universität Lüneburg</p>
<p> </p>
<p> </p>
<p> </p>
<p> </p>
<p> </p>
<p style="text-align: left"><strong><br /></strong><strong>Hariet Schellig<img loading="lazy" decoding="async" class=" wp-image-915 alignright" src="https://wordpress.nibis.de/sltagung/files/2023/06/Schellig-226x300.png" alt="" width="291" height="386" srcset="https://wordpress.nibis.de/sltagung/files/2023/06/Schellig-226x300.png 226w, https://wordpress.nibis.de/sltagung/files/2023/06/Schellig-203x270.png 203w, https://wordpress.nibis.de/sltagung/files/2023/06/Schellig.png 241w" sizes="auto, (max-width: 291px) 100vw, 291px" /><br /></strong>Wissenschaftliche Mitarbeiterin an der Leuphana Universität Lüneburg, Beraterin für Kommunikation und Kreativkonzeption</p>
<p> </p>
<p> </p>
<p> </p>
<p> </p>
<p> </p>
<p> </p>
<p style="text-align: left"><strong><br /><img loading="lazy" decoding="async" class=" wp-image-914 alignleft" src="https://wordpress.nibis.de/sltagung/files/2023/06/Frentz-198x300.jpg" alt="" width="264" height="400" srcset="https://wordpress.nibis.de/sltagung/files/2023/06/Frentz-198x300.jpg 198w, https://wordpress.nibis.de/sltagung/files/2023/06/Frentz-178x270.jpg 178w, https://wordpress.nibis.de/sltagung/files/2023/06/Frentz.jpg 211w" sizes="auto, (max-width: 264px) 100vw, 264px" />Jürgen Frentz<br /></strong>Wissenschaftlicher Mitarbeiter an der Leuphana Universität Lüneburg, Lehrer, Life- und Businesscoach, Personal- und Organisationsberater</p>
<p style="text-align: left"><strong> </strong></p>
<p style="text-align: left"> </p>
<p> </p>
<p> </p>
<p> </p>
<p>Die Möglichkeiten und Risiken von KI im Schulbetrieb werden derzeit umfassend diskutiert. Doch welche Bedeutung hat KI eigentlich für schulische Führungskräfte? Ziel des Workshops ist es, den Blick für die Möglichkeiten von KI in der Schulführung zu öffnen und ev. Denkbarrieren abzubauen. Neben einer Präsentation des aktuellen Forschungsstands zu KI und Schulführung sowie ausgewählter KI-Tools, wird der Fokus auf die Chancen von KI in der Führung von Schulen gelenkt. In einer Gestaltungsphase werden die Teilnehmenden ein Zukunftsszenario ihres Führungsalltags erarbeiten und dieses näher reflektieren.</p>
<p><a href="https://wordpress.nibis.de/sltagung/?page_id=699"><strong>Zurück zu den Angeboten der Arbeitsphase</strong></a></p>

<p>Zeit und Ort:29. August, 14:00 Uhr &#8211; 16:00 Uhr 30. August, 11:00 Uhr &#8211; 13:00 UhrRaum E 10(Raumplan) Prof. Dr. Marcus PietschDFG Heisenberg-Professor für Bildungsmanagement und Qualitätsentwicklung an der Leuphana Universität Lüneburg           Hariet SchelligWissenschaftliche Mitarbeiterin an der Leuphana Universität Lüneburg, Beraterin für Kommunikation und Kreativkonzeption             Jürgen FrentzWissenschaftlicher Mitarbeiter an der Leuphana Universität Lüneburg, Lehrer, Life- und Businesscoach, Personal- und Organisationsberater           Die Möglichkeiten und Risiken&#8230;</p>
<p class="read-more"><a class="btn btn-default" href="https://wordpress.nibis.de/sltagung/kuenstliche-intelligenz-ki-und-schulfuehrung-in-theorie-und-praxis/">Weiterlesen<span class="screen-reader-text"> Weiterlesen</span></a></p>
