{"id":781,"date":"2023-06-14T13:02:20","date_gmt":"2023-06-14T11:02:20","guid":{"rendered":"https:\/\/wordpress.nibis.de\/sltagung\/?page_id=781"},"modified":"2025-03-27T10:26:17","modified_gmt":"2025-03-27T09:26:17","slug":"lernprozesse-lernwirksam-gestalten-unterrichten-mit-durch-und-trotz-digitalitaet","status":"publish","type":"page","link":"https:\/\/wordpress.nibis.de\/sltagung\/lernprozesse-lernwirksam-gestalten-unterrichten-mit-durch-und-trotz-digitalitaet\/","title":{"rendered":"ZZZ_Lernprozesse lernwirksam gestalten: unterrichten mit, durch und trotz Digitalit\u00e4t"},"content":{"rendered":"\n<h3>Zeit und Ort:<br \/>29. August, 14:00 Uhr &#8211; 16:00 Uhr<br \/>Raum 213<a href=\"https:\/\/schulleitungstagung.nibis.de\/raumplaene\/\">(Raumplan)<\/a><\/h3>\n<p style=\"text-align: left\"><strong><img loading=\"lazy\" decoding=\"async\" class=\" wp-image-1084 alignleft\" src=\"https:\/\/wordpress.nibis.de\/sltagung\/files\/2023\/06\/jsp_stzneu-217x300.jpg\" alt=\"\" width=\"291\" height=\"402\" srcset=\"https:\/\/wordpress.nibis.de\/sltagung\/files\/2023\/06\/jsp_stzneu-217x300.jpg 217w, https:\/\/wordpress.nibis.de\/sltagung\/files\/2023\/06\/jsp_stzneu-195x270.jpg 195w, https:\/\/wordpress.nibis.de\/sltagung\/files\/2023\/06\/jsp_stzneu.jpg 231w\" sizes=\"auto, (max-width: 291px) 100vw, 291px\" \/>Kerstin Jasper<br \/><\/strong><strong>Didaktische Leitung an der IGS Lengede<\/strong><\/p>\n<p style=\"text-align: left\"><strong>Caroline Stanze<br \/>Fachbereichsleiterin f\u00fcr Inklusion an der IGS Lengede<\/strong><\/p>\n<p class=\"Grundtext1\">Die allseits bekannten Kriterien guten Unterrichts verlieren auch im Zeitalter der Digitalit\u00e4t nicht an Aktualit\u00e4t, im Gegenteil sie werden mitunter sogar noch bedeutsamer. Wie in diesem Kontext digitale Medien dazu beitragen k\u00f6nnen, Unterrichtsprozesse lernwirksam und differenziert abzubilden, m\u00f6chten wir in diesem Vortrag verdeutlichen.<br \/>Interessierte erhalten Einblick in die digitale Unterrichtsplanung mithilfe eines Lernmanagementsystems. Im Fokus stehen dabei die praxisorientierte Abbildung und Durchf\u00fchrung des gesamten Lernprozesses \u2013 von der Planung bis zum sch\u00fclerorientierten Feedback. Unterrichtssequenzen werden digital und kollaborativ geplant und ver\u00f6ffentlicht, inhaltliche Ressourcen stehen differenziert sowie zeit- und ortsunabh\u00e4ngig zu Verf\u00fcgung. Wir erm\u00f6glichen Einblicke in inklusive Unterrichtssettings, Angebote zur F\u00f6rderung besonderer Begabungen und verdeutlichen Voraussetzungen f\u00fcr kreative und kollaborative Unterrichtsszenarien. Ein passgenaues, direktes Feedback mit Hilfe kompetenzorientierter R\u00fcckmeldungen rundet den Lernprozess ab und verdeutlich das unterst\u00fctzende Potential digitaler Angebote.<br \/>Abschlie\u00dfend m\u00f6chten wir mit einem Blick auf die Kriterien guten Unterricht den Kreis schlie\u00dfen: Wieviel und wann ist Digitalit\u00e4t ist sinnvoll bzw. erforderlich? Welche Auswirkungen und Erfordernisse im Lehrerhandeln ergeben sich und was muss Sch\u00fclerInnen zugemutet werden?<\/p>\n<p><a href=\"https:\/\/wordpress.nibis.de\/sltagung\/?page_id=699\"><strong>Zur\u00fcck zu den Angeboten der Arbeitsphase<\/strong><\/a><\/p>\n","protected":false},"excerpt":{"rendered":"<p>Zeit und Ort:29. August, 14:00 Uhr &#8211; 16:00 UhrRaum 213(Raumplan) Kerstin JasperDidaktische Leitung an der IGS Lengede Caroline StanzeFachbereichsleiterin f\u00fcr Inklusion an der IGS Lengede Die allseits bekannten Kriterien guten Unterrichts verlieren auch im Zeitalter der Digitalit\u00e4t nicht an Aktualit\u00e4t, im Gegenteil sie werden mitunter sogar noch bedeutsamer. Wie in diesem Kontext digitale Medien dazu beitragen k\u00f6nnen, Unterrichtsprozesse lernwirksam und differenziert abzubilden, m\u00f6chten wir in diesem Vortrag verdeutlichen.Interessierte erhalten Einblick in die digitale Unterrichtsplanung mithilfe eines Lernmanagementsystems. Im Fokus stehen&#8230;<\/p>\n<p class=\"read-more\"><a class=\"btn btn-default\" href=\"https:\/\/wordpress.nibis.de\/sltagung\/lernprozesse-lernwirksam-gestalten-unterrichten-mit-durch-und-trotz-digitalitaet\/\">Weiterlesen<span class=\"screen-reader-text\"> Weiterlesen<\/span><\/a><\/p>\n","protected":false},"author":9193395,"featured_media":0,"parent":0,"menu_order":0,"comment_status":"closed","ping_status":"closed","template":"","meta":{"footnotes":""},"class_list":["post-781","page","type-page","status-publish","hentry"],"_links":{"self":[{"href":"https:\/\/wordpress.nibis.de\/sltagung\/wp-json\/wp\/v2\/pages\/781","targetHints":{"allow":["GET"]}}],"collection":[{"href":"https:\/\/wordpress.nibis.de\/sltagung\/wp-json\/wp\/v2\/pages"}],"about":[{"href":"https:\/\/wordpress.nibis.de\/sltagung\/wp-json\/wp\/v2\/types\/page"}],"author":[{"embeddable":true,"href":"https:\/\/wordpress.nibis.de\/sltagung\/wp-json\/wp\/v2\/users\/9193395"}],"replies":[{"embeddable":true,"href":"https:\/\/wordpress.nibis.de\/sltagung\/wp-json\/wp\/v2\/comments?post=781"}],"version-history":[{"count":4,"href":"https:\/\/wordpress.nibis.de\/sltagung\/wp-json\/wp\/v2\/pages\/781\/revisions"}],"predecessor-version":[{"id":1953,"href":"https:\/\/wordpress.nibis.de\/sltagung\/wp-json\/wp\/v2\/pages\/781\/revisions\/1953"}],"wp:attachment":[{"href":"https:\/\/wordpress.nibis.de\/sltagung\/wp-json\/wp\/v2\/media?parent=781"}],"curies":[{"name":"wp","href":"https:\/\/api.w.org\/{rel}","templated":true}]}}

ZZZ_Lernprozesse lernwirksam gestalten: unterrichten mit, durch und trotz Digitalität

<h3>Zeit und Ort:<br />29. August, 14:00 Uhr &#8211; 16:00 Uhr<br />Raum 213<a href="https://schulleitungstagung.nibis.de/raumplaene/">(Raumplan)</a></h3>
<p style="text-align: left"><strong><img loading="lazy" decoding="async" class=" wp-image-1084 alignleft" src="https://wordpress.nibis.de/sltagung/files/2023/06/jsp_stzneu-217x300.jpg" alt="" width="291" height="402" srcset="https://wordpress.nibis.de/sltagung/files/2023/06/jsp_stzneu-217x300.jpg 217w, https://wordpress.nibis.de/sltagung/files/2023/06/jsp_stzneu-195x270.jpg 195w, https://wordpress.nibis.de/sltagung/files/2023/06/jsp_stzneu.jpg 231w" sizes="auto, (max-width: 291px) 100vw, 291px" />Kerstin Jasper<br /></strong><strong>Didaktische Leitung an der IGS Lengede</strong></p>
<p style="text-align: left"><strong>Caroline Stanze<br />Fachbereichsleiterin für Inklusion an der IGS Lengede</strong></p>
<p class="Grundtext1">Die allseits bekannten Kriterien guten Unterrichts verlieren auch im Zeitalter der Digitalität nicht an Aktualität, im Gegenteil sie werden mitunter sogar noch bedeutsamer. Wie in diesem Kontext digitale Medien dazu beitragen können, Unterrichtsprozesse lernwirksam und differenziert abzubilden, möchten wir in diesem Vortrag verdeutlichen.<br />Interessierte erhalten Einblick in die digitale Unterrichtsplanung mithilfe eines Lernmanagementsystems. Im Fokus stehen dabei die praxisorientierte Abbildung und Durchführung des gesamten Lernprozesses – von der Planung bis zum schülerorientierten Feedback. Unterrichtssequenzen werden digital und kollaborativ geplant und veröffentlicht, inhaltliche Ressourcen stehen differenziert sowie zeit- und ortsunabhängig zu Verfügung. Wir ermöglichen Einblicke in inklusive Unterrichtssettings, Angebote zur Förderung besonderer Begabungen und verdeutlichen Voraussetzungen für kreative und kollaborative Unterrichtsszenarien. Ein passgenaues, direktes Feedback mit Hilfe kompetenzorientierter Rückmeldungen rundet den Lernprozess ab und verdeutlich das unterstützende Potential digitaler Angebote.<br />Abschließend möchten wir mit einem Blick auf die Kriterien guten Unterricht den Kreis schließen: Wieviel und wann ist Digitalität ist sinnvoll bzw. erforderlich? Welche Auswirkungen und Erfordernisse im Lehrerhandeln ergeben sich und was muss SchülerInnen zugemutet werden?</p>
<p><a href="https://wordpress.nibis.de/sltagung/?page_id=699"><strong>Zurück zu den Angeboten der Arbeitsphase</strong></a></p>

<p>Zeit und Ort:29. August, 14:00 Uhr &#8211; 16:00 UhrRaum 213(Raumplan) Kerstin JasperDidaktische Leitung an der IGS Lengede Caroline StanzeFachbereichsleiterin für Inklusion an der IGS Lengede Die allseits bekannten Kriterien guten Unterrichts verlieren auch im Zeitalter der Digitalität nicht an Aktualität, im Gegenteil sie werden mitunter sogar noch bedeutsamer. Wie in diesem Kontext digitale Medien dazu beitragen können, Unterrichtsprozesse lernwirksam und differenziert abzubilden, möchten wir in diesem Vortrag verdeutlichen.Interessierte erhalten Einblick in die digitale Unterrichtsplanung mithilfe eines Lernmanagementsystems. Im Fokus stehen&#8230;</p>
<p class="read-more"><a class="btn btn-default" href="https://wordpress.nibis.de/sltagung/lernprozesse-lernwirksam-gestalten-unterrichten-mit-durch-und-trotz-digitalitaet/">Weiterlesen<span class="screen-reader-text"> Weiterlesen</span></a></p>
