{"id":784,"date":"2023-06-08T07:12:32","date_gmt":"2023-06-08T05:12:32","guid":{"rendered":"https:\/\/wordpress.nibis.de\/sltagung\/?page_id=784"},"modified":"2025-03-27T10:27:30","modified_gmt":"2025-03-27T09:27:30","slug":"methodenguide-lernen-digital-eine-app-fuer-schuelerinnen-und-schueler-der-sekundarstufe-i","status":"publish","type":"page","link":"https:\/\/wordpress.nibis.de\/sltagung\/methodenguide-lernen-digital-eine-app-fuer-schuelerinnen-und-schueler-der-sekundarstufe-i\/","title":{"rendered":"ZZZ_#MethodenGuide | LERNEN DIGITAL \u2013 eine App f\u00fcr Sch\u00fclerinnen und Sch\u00fcler der Sekundarstufe I"},"content":{"rendered":"\n<h3>Zeit und Ort:<br \/>29. August, 14:00 Uhr &#8211; 16:00 Uhr <br \/>30. August, 11:00 Uhr &#8211; 13:00 Uhr<br \/>Raum E 43<a href=\"https:\/\/schulleitungstagung.nibis.de\/raumplaene\/\">(Raumplan)<\/a><\/h3>\n<p style=\"text-align: left\"><strong><img loading=\"lazy\" decoding=\"async\" class=\" wp-image-943 alignleft\" src=\"https:\/\/wordpress.nibis.de\/sltagung\/files\/2023\/06\/krumkuehler-tim-198x300.jpg\" alt=\"\" width=\"264\" height=\"400\" srcset=\"https:\/\/wordpress.nibis.de\/sltagung\/files\/2023\/06\/krumkuehler-tim-198x300.jpg 198w, https:\/\/wordpress.nibis.de\/sltagung\/files\/2023\/06\/krumkuehler-tim-178x270.jpg 178w, https:\/\/wordpress.nibis.de\/sltagung\/files\/2023\/06\/krumkuehler-tim.jpg 211w\" sizes=\"auto, (max-width: 264px) 100vw, 264px\" \/>Tim Krumk\u00fchler<br \/><\/strong>Medienp\u00e4dagogischer Berater am NLQ, Fachbereich 35, Medienbildung, Lehrer an der BBS2 Delmenhorst<strong><br \/><\/strong><\/p>\n<p>\u00a0<\/p>\n<p>\u00a0<\/p>\n<p>\u00a0<\/p>\n<p>\u00a0<\/p>\n<p>\u00a0<\/p>\n<p>\u00a0<\/p>\n<p>\u00a0<\/p>\n<p style=\"text-align: left\"><strong>Steffen Schwabe<img loading=\"lazy\" decoding=\"async\" class=\" wp-image-944 alignright\" src=\"https:\/\/wordpress.nibis.de\/sltagung\/files\/2023\/06\/schwabe-steffen-sw_ergebnis-198x300.jpg\" alt=\"\" width=\"264\" height=\"400\" srcset=\"https:\/\/wordpress.nibis.de\/sltagung\/files\/2023\/06\/schwabe-steffen-sw_ergebnis-198x300.jpg 198w, https:\/\/wordpress.nibis.de\/sltagung\/files\/2023\/06\/schwabe-steffen-sw_ergebnis-178x270.jpg 178w, https:\/\/wordpress.nibis.de\/sltagung\/files\/2023\/06\/schwabe-steffen-sw_ergebnis.jpg 211w\" sizes=\"auto, (max-width: 264px) 100vw, 264px\" \/><br \/><\/strong>Medienp\u00e4dagogischer Berater am NLQ, Fachbereich 35, Medienbildung, Lehrer an der Heinrich-Roth-Gesamtschule Bodenfelde (IGS)<strong><br \/><\/strong><\/p>\n<p>\u00a0<\/p>\n<p>\u00a0<\/p>\n<p>\u00a0<\/p>\n<p style=\"text-align: left\">Lernen Sie den Aufbau, den Inhalt und den Nutzen der Webapp #MethodenGuide | LERNEN DIGITAL kennen und erfahren Sie, wie die sch\u00fclerorientierte Unterrichtsgestaltung mit dem #MethodenGuide sicher und zuverl\u00e4ssig gelingt.<br \/><br \/>Inhalt des Angebots f\u00fcr das Lernen mit Tablet, Smartphone und Computer:<br \/>\u2022 Installation des #MethodenGuide auf allen mobilen Ger\u00e4ten<br \/>\u2022 Operatorentraining f\u00fcr die n\u00e4chste Klassenarbeit<br \/>\u2022 Unterst\u00fctzung des selbstst\u00e4ndigen Lernens \u2013 digital und analog<br \/>\u2022 Kollaboratives Arbeiten in der Schule und zu Hause<br \/>\u2022 Praktische Tipps und Tools f\u00fcr den Online-Unterricht<br \/><br \/>Weitere Informationen finden Sie unter dem folgenden Link: <a href=\"https:\/\/start.methodenguide.de\">https:\/\/start.methodenguide.de<\/a><\/p>\n<p class=\"Grundtext1\">\u00a0<\/p>\n<p><a href=\"https:\/\/wordpress.nibis.de\/sltagung\/?page_id=699\"><strong>Zur\u00fcck zu den Angeboten der Arbeitsphase<\/strong><\/a><\/p>\n","protected":false},"excerpt":{"rendered":"<p>Zeit und Ort:29. August, 14:00 Uhr &#8211; 16:00 Uhr 30. August, 11:00 Uhr &#8211; 13:00 UhrRaum E 43(Raumplan) Tim Krumk\u00fchlerMedienp\u00e4dagogischer Berater am NLQ, Fachbereich 35, Medienbildung, Lehrer an der BBS2 Delmenhorst \u00a0 \u00a0 \u00a0 \u00a0 \u00a0 \u00a0 \u00a0 Steffen SchwabeMedienp\u00e4dagogischer Berater am NLQ, Fachbereich 35, Medienbildung, Lehrer an der Heinrich-Roth-Gesamtschule Bodenfelde (IGS) \u00a0 \u00a0 \u00a0 Lernen Sie den Aufbau, den Inhalt und den Nutzen der Webapp #MethodenGuide | LERNEN DIGITAL kennen und erfahren Sie, wie die sch\u00fclerorientierte Unterrichtsgestaltung mit dem&#8230;<\/p>\n<p class=\"read-more\"><a class=\"btn btn-default\" href=\"https:\/\/wordpress.nibis.de\/sltagung\/methodenguide-lernen-digital-eine-app-fuer-schuelerinnen-und-schueler-der-sekundarstufe-i\/\">Weiterlesen<span class=\"screen-reader-text\"> Weiterlesen<\/span><\/a><\/p>\n","protected":false},"author":9193395,"featured_media":0,"parent":0,"menu_order":0,"comment_status":"closed","ping_status":"closed","template":"","meta":{"footnotes":""},"class_list":["post-784","page","type-page","status-publish","hentry"],"_links":{"self":[{"href":"https:\/\/wordpress.nibis.de\/sltagung\/wp-json\/wp\/v2\/pages\/784","targetHints":{"allow":["GET"]}}],"collection":[{"href":"https:\/\/wordpress.nibis.de\/sltagung\/wp-json\/wp\/v2\/pages"}],"about":[{"href":"https:\/\/wordpress.nibis.de\/sltagung\/wp-json\/wp\/v2\/types\/page"}],"author":[{"embeddable":true,"href":"https:\/\/wordpress.nibis.de\/sltagung\/wp-json\/wp\/v2\/users\/9193395"}],"replies":[{"embeddable":true,"href":"https:\/\/wordpress.nibis.de\/sltagung\/wp-json\/wp\/v2\/comments?post=784"}],"version-history":[{"count":5,"href":"https:\/\/wordpress.nibis.de\/sltagung\/wp-json\/wp\/v2\/pages\/784\/revisions"}],"predecessor-version":[{"id":1958,"href":"https:\/\/wordpress.nibis.de\/sltagung\/wp-json\/wp\/v2\/pages\/784\/revisions\/1958"}],"wp:attachment":[{"href":"https:\/\/wordpress.nibis.de\/sltagung\/wp-json\/wp\/v2\/media?parent=784"}],"curies":[{"name":"wp","href":"https:\/\/api.w.org\/{rel}","templated":true}]}}