{"id":796,"date":"2023-06-05T07:28:27","date_gmt":"2023-06-05T05:28:27","guid":{"rendered":"https:\/\/wordpress.nibis.de\/sltagung\/?page_id=796"},"modified":"2025-03-27T10:27:02","modified_gmt":"2025-03-27T09:27:02","slug":"keynote-lernen-mit-und-ueber-kuenstliche-intelligenz-implikationen-fuer-die-lehrkraeftebildung","status":"publish","type":"page","link":"https:\/\/wordpress.nibis.de\/sltagung\/keynote-lernen-mit-und-ueber-kuenstliche-intelligenz-implikationen-fuer-die-lehrkraeftebildung\/","title":{"rendered":"ZZZ_Keynote &#8211;                                                        Lernen mit und \u00fcber digitale(n) Medien im Zeitalter von K\u00fcnstlicher Intelligenz: Implikationen f\u00fcr Unterrichts- und Schulentwicklung"},"content":{"rendered":"\n<p><\/p>\n\n\n\n<figure class=\"wp-block-embed is-type-video is-provider-youtube wp-block-embed-youtube wp-embed-aspect-16-9 wp-has-aspect-ratio\"><div class=\"wp-block-embed__wrapper\">\n<iframe loading=\"lazy\"  id=\"_ytid_27081\"  width=\"640\" height=\"360\"  data-origwidth=\"640\" data-origheight=\"360\" src=\"https:\/\/www.youtube.com\/embed\/b3GwptAvd4U?enablejsapi=1&#038;autoplay=0&#038;cc_load_policy=0&#038;cc_lang_pref=&#038;iv_load_policy=1&#038;loop=0&#038;rel=1&#038;fs=1&#038;playsinline=0&#038;autohide=2&#038;theme=dark&#038;color=red&#038;controls=1&#038;disablekb=0&#038;\" class=\"__youtube_prefs__  epyt-is-override  no-lazyload\" title=\"YouTube player\"  allow=\"fullscreen; accelerometer; autoplay; clipboard-write; encrypted-media; gyroscope; picture-in-picture; web-share\" referrerpolicy=\"strict-origin-when-cross-origin\" allowfullscreen data-no-lazy=\"1\" data-skipgform_ajax_framebjll=\"\"><\/iframe>\n<\/div><\/figure>\n\n\n\n<div data-wp-interactive=\"core\/file\" class=\"wp-block-file\"><object data-wp-bind--hidden=\"!state.hasPdfPreview\" hidden class=\"wp-block-file__embed\" data=\"https:\/\/wordpress.nibis.de\/sltagung\/files\/2023\/09\/Keynote_NLQ_Fleckenstein.pdf\" type=\"application\/pdf\" style=\"width:100%;height:600px\" aria-label=\"Einbettung von Einbettung von Pr\u00e4sentation der Keynote_Fleckenstein..\"><\/object><a id=\"wp-block-file--media-7d297f47-7726-4f5e-b1e4-3d5d6034440f\" href=\"https:\/\/wordpress.nibis.de\/sltagung\/files\/2023\/09\/Keynote_NLQ_Fleckenstein.pdf\">Pr\u00e4sentation der Keynote_Fleckenstein<\/a><a href=\"https:\/\/wordpress.nibis.de\/sltagung\/files\/2023\/09\/Keynote_NLQ_Fleckenstein.pdf\" class=\"wp-block-file__button\" download aria-describedby=\"wp-block-file--media-7d297f47-7726-4f5e-b1e4-3d5d6034440f\">Herunterladen<\/a><\/div>\n\n\n\n\n\n\n\n<p style=\"text-align: left\"><strong><img loading=\"lazy\" decoding=\"async\" class=\" wp-image-1229 alignleft\" src=\"https:\/\/wordpress.nibis.de\/sltagung\/files\/2023\/07\/Fleckenstein-Profilbild2-225x300.jpg\" alt=\"\" width=\"300\" height=\"400\" srcset=\"https:\/\/wordpress.nibis.de\/sltagung\/files\/2023\/07\/Fleckenstein-Profilbild2-225x300.jpg 225w, https:\/\/wordpress.nibis.de\/sltagung\/files\/2023\/07\/Fleckenstein-Profilbild2-202x270.jpg 202w, https:\/\/wordpress.nibis.de\/sltagung\/files\/2023\/07\/Fleckenstein-Profilbild2.jpg 265w\" sizes=\"auto, (max-width: 300px) 100vw, 300px\" \/>Prof. Dr. Johanna Fleckenstein<br \/><\/strong><\/p>\n<p><strong>Juniorprofessorin f\u00fcr Digitales Lehren und Lernen im Unterricht, Universit\u00e4t Hildesheim<\/strong><\/p>\n<p>Im Vortrag werden Chancen und Risiken des Einsatzes KI-basierter Anwendungen sowie ihre Rolle f\u00fcr den Unterricht und die Schulentwicklung diskutiert.\u00a0<\/p>\n<p><a href=\"https:\/\/schulleitungstagung.nibis.de\/\"><strong>Zur\u00fcck zur \u00dcbersicht<\/strong><\/a><\/p>\n","protected":false},"excerpt":{"rendered":"<p>Prof. Dr. Johanna Fleckenstein Juniorprofessorin f\u00fcr Digitales Lehren und Lernen im Unterricht, Universit\u00e4t Hildesheim Im Vortrag werden Chancen und Risiken des Einsatzes KI-basierter Anwendungen sowie ihre Rolle f\u00fcr den Unterricht und die Schulentwicklung diskutiert.\u00a0 Zur\u00fcck zur \u00dcbersicht<\/p>\n","protected":false},"author":9193395,"featured_media":0,"parent":0,"menu_order":0,"comment_status":"closed","ping_status":"closed","template":"","meta":{"footnotes":""},"class_list":["post-796","page","type-page","status-publish","hentry"],"_links":{"self":[{"href":"https:\/\/wordpress.nibis.de\/sltagung\/wp-json\/wp\/v2\/pages\/796","targetHints":{"allow":["GET"]}}],"collection":[{"href":"https:\/\/wordpress.nibis.de\/sltagung\/wp-json\/wp\/v2\/pages"}],"about":[{"href":"https:\/\/wordpress.nibis.de\/sltagung\/wp-json\/wp\/v2\/types\/page"}],"author":[{"embeddable":true,"href":"https:\/\/wordpress.nibis.de\/sltagung\/wp-json\/wp\/v2\/users\/9193395"}],"replies":[{"embeddable":true,"href":"https:\/\/wordpress.nibis.de\/sltagung\/wp-json\/wp\/v2\/comments?post=796"}],"version-history":[{"count":21,"href":"https:\/\/wordpress.nibis.de\/sltagung\/wp-json\/wp\/v2\/pages\/796\/revisions"}],"predecessor-version":[{"id":1956,"href":"https:\/\/wordpress.nibis.de\/sltagung\/wp-json\/wp\/v2\/pages\/796\/revisions\/1956"}],"wp:attachment":[{"href":"https:\/\/wordpress.nibis.de\/sltagung\/wp-json\/wp\/v2\/media?parent=796"}],"curies":[{"name":"wp","href":"https:\/\/api.w.org\/{rel}","templated":true}]}}

ZZZ_Keynote &#8211;                                                        Lernen mit und über digitale(n) Medien im Zeitalter von Künstlicher Intelligenz: Implikationen für Unterrichts- und Schulentwicklung

<p></p>



<figure class="wp-block-embed is-type-video is-provider-youtube wp-block-embed-youtube wp-embed-aspect-16-9 wp-has-aspect-ratio"><div class="wp-block-embed__wrapper">
<iframe loading="lazy"  id="_ytid_27081"  width="640" height="360"  data-origwidth="640" data-origheight="360" src="https://www.youtube.com/embed/b3GwptAvd4U?enablejsapi=1&#038;autoplay=0&#038;cc_load_policy=0&#038;cc_lang_pref=&#038;iv_load_policy=1&#038;loop=0&#038;rel=1&#038;fs=1&#038;playsinline=0&#038;autohide=2&#038;theme=dark&#038;color=red&#038;controls=1&#038;disablekb=0&#038;" class="__youtube_prefs__  epyt-is-override  no-lazyload" title="YouTube player"  allow="fullscreen; accelerometer; autoplay; clipboard-write; encrypted-media; gyroscope; picture-in-picture; web-share" referrerpolicy="strict-origin-when-cross-origin" allowfullscreen data-no-lazy="1" data-skipgform_ajax_framebjll=""></iframe>
</div></figure>



<div data-wp-interactive="core/file" class="wp-block-file"><object data-wp-bind--hidden="!state.hasPdfPreview" hidden class="wp-block-file__embed" data="https://wordpress.nibis.de/sltagung/files/2023/09/Keynote_NLQ_Fleckenstein.pdf" type="application/pdf" style="width:100%;height:600px" aria-label="Einbettung von Einbettung von Präsentation der Keynote_Fleckenstein.."></object><a id="wp-block-file--media-7d297f47-7726-4f5e-b1e4-3d5d6034440f" href="https://wordpress.nibis.de/sltagung/files/2023/09/Keynote_NLQ_Fleckenstein.pdf">Präsentation der Keynote_Fleckenstein</a><a href="https://wordpress.nibis.de/sltagung/files/2023/09/Keynote_NLQ_Fleckenstein.pdf" class="wp-block-file__button" download aria-describedby="wp-block-file--media-7d297f47-7726-4f5e-b1e4-3d5d6034440f">Herunterladen</a></div>







<p style="text-align: left"><strong><img loading="lazy" decoding="async" class=" wp-image-1229 alignleft" src="https://wordpress.nibis.de/sltagung/files/2023/07/Fleckenstein-Profilbild2-225x300.jpg" alt="" width="300" height="400" srcset="https://wordpress.nibis.de/sltagung/files/2023/07/Fleckenstein-Profilbild2-225x300.jpg 225w, https://wordpress.nibis.de/sltagung/files/2023/07/Fleckenstein-Profilbild2-202x270.jpg 202w, https://wordpress.nibis.de/sltagung/files/2023/07/Fleckenstein-Profilbild2.jpg 265w" sizes="auto, (max-width: 300px) 100vw, 300px" />Prof. Dr. Johanna Fleckenstein<br /></strong></p>
<p><strong>Juniorprofessorin für Digitales Lehren und Lernen im Unterricht, Universität Hildesheim</strong></p>
<p>Im Vortrag werden Chancen und Risiken des Einsatzes KI-basierter Anwendungen sowie ihre Rolle für den Unterricht und die Schulentwicklung diskutiert. </p>
<p><a href="https://schulleitungstagung.nibis.de/"><strong>Zurück zur Übersicht</strong></a></p>

<p>Prof. Dr. Johanna Fleckenstein Juniorprofessorin für Digitales Lehren und Lernen im Unterricht, Universität Hildesheim Im Vortrag werden Chancen und Risiken des Einsatzes KI-basierter Anwendungen sowie ihre Rolle für den Unterricht und die Schulentwicklung diskutiert.  Zurück zur Übersicht</p>
