{"id":818,"date":"2023-05-30T11:20:33","date_gmt":"2023-05-30T09:20:33","guid":{"rendered":"https:\/\/wordpress.nibis.de\/sltagung\/?page_id=818"},"modified":"2025-03-27T10:23:47","modified_gmt":"2025-03-27T09:23:47","slug":"uebernachtung","status":"publish","type":"page","link":"https:\/\/wordpress.nibis.de\/sltagung\/uebernachtung\/","title":{"rendered":"ZZZ_\u00dcbernachtung"},"content":{"rendered":"\n<p>Die Tagungsgeb\u00fchr in H\u00f6he von 180,-\u20ac deckt die Kosten f\u00fcr die Tagungsunterlagen sowie die Verpflegung in den Kaffee- und Mittagspausen.&nbsp;<\/p>\n<p>Buchungen f\u00fcr \u00dcbernachtungen m\u00fcssen von den Teilnehmenden eigenst\u00e4ndig vorgenommen werden. Auf dieser Seite finden Sie einige Hotel-Optionen, die zur Verf\u00fcgung stehen. Bitte beachten Sie die entsprechenden Buchungshinweise.<\/p>\n<p><a href=\"https:\/\/www.booking.com\/searchresults.de.html?ss=Hildesheim&amp;ssne=Hildesheim&amp;ssne_untouched=Hildesheim&amp;efdco=1&amp;label=hildesheim-1*_wfFgM7q3ZuRp5eUS7ogS387563531650%3Apl%3Ata%3Ap115%3Ap2260.000%3Aac%3Aap%3Aneg%3Afi%3Atikwd-4525791673%3Alp9060689%3Ali%3Adec%3Adm%3Appccp%3DUmFuZG9tSVYkc2RlIyh9YUNMGHk8cZwooeZEiCfXj4k&amp;aid=301584&amp;lang=de&amp;sb=1&amp;src_elem=sb&amp;src=city&amp;dest_id=-1791959&amp;dest_type=city&amp;checkin=2023-08-29&amp;checkout=2023-08-30&amp;group_adults=1&amp;no_rooms=1&amp;group_children=0&amp;sb_travel_purpose=leisure\" target=\"_blank\" rel=\"noopener\">Hotels in Hildesheim<\/a><\/p>\n<p>Sowohl im Novotel Hildesheim, als auch im Parkhotel Bergh\u00f6lzchen stehen Zimmerkontingente auf Nachfrage zur Verf\u00fcgung. Nehmen Sie in diesem Fall direkt Kontakt zu den Hotels auf:<\/p>\n\n\n\n<hr class=\"wp-block-separator\" \/>\n\n\n\n<p><a href=\"https:\/\/all.accor.com\/hotel\/5396\/index.de.shtml\" target=\"_blank\" rel=\"noopener\">Novotel Hildesheim<\/a><br \/>Bahnhofsallee 38, 31134 Hildesheim<br \/>Tel: 05121 17170<br \/>E-Mail:\u00a0<a href=\"&#x6d;&#x61;&#105;l&#x74;&#x6f;&#x3a;&#72;5&#x33;&#x39;&#x36;&#64;a&#x63;&#x63;&#x6f;&#114;&#46;&#x63;&#x6f;&#x6d;\">H5396&#64;accor&#46;&#99;&#111;&#109;<\/a><\/p>\n<p><strong>Bitte beachten Sie:<\/strong><\/p>\n<p>Die Zimmer sind unter dem Stichwort \u201eSchulleitungstagung 23.35.19&#8243; <strong>bis zum 14.07.2023<\/strong> abrufbar.<\/p>\n\n\n\n<hr class=\"wp-block-separator\" \/>\n\n\n\n<p><a href=\"https:\/\/www.berghoelzchen.de\/\" target=\"_blank\" rel=\"noopener\">Parkhotel Bergh\u00f6lzchen Hildesheim<\/a><br \/>Am Bergh\u00f6lzchen 1, 31139 Hildesheim<br \/>Tel: 05121 979-0<br \/>E-Mail:\u00a0<a title=\"\" href=\"&#109;&#x61;&#105;&#x6c;&#116;&#x6f;&#58;&#x62;&#101;&#x72;&#103;&#x68;&#111;&#x65;&#108;&#x7a;&#99;&#x68;&#101;&#x6e;&#64;&#x68;&#97;&#x6c;&#98;&#x65;&#114;&#x73;&#98;&#x61;&#99;&#x68;&#101;&#x72;&#46;&#x64;&#101;\">&#x62;&#x65;&#114;g&#x68;&#x6f;&#x65;&#108;z&#x63;&#x68;&#x65;&#110;&#64;&#x68;&#x61;&#x6c;&#98;e&#x72;&#x73;&#x62;&#97;c&#x68;&#x65;&#x72;&#46;d&#x65;<\/a><\/p>\n<p><strong>Bitte beachten Sie:<\/strong><\/p>\n<p>Die Zimmer sind unter dem Stichwort \u201eSchulleitungstagung 2023&#8243; <strong>bis zum 29.07.2023<\/strong> abrufbar.<\/p>\n","protected":false},"excerpt":{"rendered":"<p>Die Tagungsgeb\u00fchr in H\u00f6he von 180,-\u20ac deckt die Kosten f\u00fcr die Tagungsunterlagen sowie die Verpflegung in den Kaffee- und Mittagspausen.&nbsp; Buchungen f\u00fcr \u00dcbernachtungen m\u00fcssen von den Teilnehmenden eigenst\u00e4ndig vorgenommen werden. Auf dieser Seite finden Sie einige Hotel-Optionen, die zur Verf\u00fcgung stehen. Bitte beachten Sie die entsprechenden Buchungshinweise. Hotels in Hildesheim Sowohl im Novotel Hildesheim, als auch im Parkhotel Bergh\u00f6lzchen stehen Zimmerkontingente auf Nachfrage zur Verf\u00fcgung. Nehmen Sie in diesem Fall direkt Kontakt zu den Hotels auf: Novotel HildesheimBahnhofsallee 38, 31134&#8230;<\/p>\n<p class=\"read-more\"><a class=\"btn btn-default\" href=\"https:\/\/wordpress.nibis.de\/sltagung\/uebernachtung\/\">Weiterlesen<span class=\"screen-reader-text\"> Weiterlesen<\/span><\/a><\/p>\n","protected":false},"author":9193395,"featured_media":0,"parent":0,"menu_order":0,"comment_status":"closed","ping_status":"closed","template":"","meta":{"footnotes":""},"class_list":["post-818","page","type-page","status-publish","hentry"],"_links":{"self":[{"href":"https:\/\/wordpress.nibis.de\/sltagung\/wp-json\/wp\/v2\/pages\/818","targetHints":{"allow":["GET"]}}],"collection":[{"href":"https:\/\/wordpress.nibis.de\/sltagung\/wp-json\/wp\/v2\/pages"}],"about":[{"href":"https:\/\/wordpress.nibis.de\/sltagung\/wp-json\/wp\/v2\/types\/page"}],"author":[{"embeddable":true,"href":"https:\/\/wordpress.nibis.de\/sltagung\/wp-json\/wp\/v2\/users\/9193395"}],"replies":[{"embeddable":true,"href":"https:\/\/wordpress.nibis.de\/sltagung\/wp-json\/wp\/v2\/comments?post=818"}],"version-history":[{"count":11,"href":"https:\/\/wordpress.nibis.de\/sltagung\/wp-json\/wp\/v2\/pages\/818\/revisions"}],"predecessor-version":[{"id":1941,"href":"https:\/\/wordpress.nibis.de\/sltagung\/wp-json\/wp\/v2\/pages\/818\/revisions\/1941"}],"wp:attachment":[{"href":"https:\/\/wordpress.nibis.de\/sltagung\/wp-json\/wp\/v2\/media?parent=818"}],"curies":[{"name":"wp","href":"https:\/\/api.w.org\/{rel}","templated":true}]}}