{"id":271,"date":"2023-07-23T20:44:31","date_gmt":"2023-07-23T18:44:31","guid":{"rendered":"https:\/\/wordpress.nibis.de\/stgoeghr\/?page_id=271"},"modified":"2023-08-31T14:18:56","modified_gmt":"2023-08-31T12:18:56","slug":"impressum","status":"publish","type":"page","link":"https:\/\/wordpress.nibis.de\/stgoeghr\/impressum\/","title":{"rendered":"Impressum"},"content":{"rendered":"\n<p><strong>Studienseminar G\u00f6ttingen<br><strong>f\u00fcr die Lehr\u00e4mter an Grund-, Haupt- und Realschulen<\/strong><\/strong><br><br>Verantwortlicher: Christian Machate<br>Anschrift: Herzberger Landstra\u00dfe 14<br>                     37085 G\u00f6ttingen<br>Telefon:    0551 309 854 -46\/-47<br>E-Mail:      &#x70;o&#x73;&#116;&#x73;&#116;&#x65;&#x6c;l&#x65;&#64;&#x73;&#101;&#x6d;&#105;n&#x61;&#114;&#x2d;&#103;&#x6f;&#101;-&#x67;&#104;&#x72;&#115;&#x2e;&#110;i&#x65;d&#x65;&#114;&#x73;&#97;c&#x68;s&#x65;&#110;&#x2e;&#100;e<\/p>\n\n\n\n<p>Trotz sorgf\u00e4ltiger inhaltlicher Kontrolle \u00fcbernehmen wir keine Haftung f\u00fcr die Aktualit\u00e4t, Richtigkeit und Vollst\u00e4ndigkeit der Informationen sowie&nbsp;Inhalte externer Links. &nbsp;F\u00fcr den Inhalt der verlinkten Seiten sind ausschlie\u00dflich deren Betreiber verantwortlich.<\/p>\n\n\n\n<p><\/p>\n","protected":false},"excerpt":{"rendered":"<p>Studienseminar G\u00f6ttingenf\u00fcr die Lehr\u00e4mter an Grund-, Haupt- und Realschulen Verantwortlicher: Christian MachateAnschrift: Herzberger Landstra\u00dfe 14 37085 G\u00f6ttingenTelefon: 0551 309 854 -46\/-47E-Mail: &#x70;&#x6f;&#115;t&#x73;&#x74;&#101;&#108;l&#x65;&#x40;&#115;&#101;m&#x69;&#x6e;&#97;r-&#x67;&#x6f;&#101;-&#x67;&#x68;&#114;&#115;&#46;&#x6e;&#x69;&#101;&#100;e&#x72;&#x73;&#97;ch&#x73;&#x65;&#110;&#46;&#x64;&#x65; Trotz sorgf\u00e4ltiger inhaltlicher Kontrolle \u00fcbernehmen wir keine Haftung f\u00fcr die Aktualit\u00e4t, Richtigkeit und Vollst\u00e4ndigkeit der Informationen sowie&nbsp;Inhalte externer Links. &nbsp;F\u00fcr den Inhalt der verlinkten Seiten sind ausschlie\u00dflich deren Betreiber verantwortlich.<\/p>\n","protected":false},"author":9194078,"featured_media":0,"parent":0,"menu_order":0,"comment_status":"closed","ping_status":"closed","template":"","meta":{"footnotes":""},"class_list":["post-271","page","type-page","status-publish","hentry"],"_links":{"self":[{"href":"https:\/\/wordpress.nibis.de\/stgoeghr\/wp-json\/wp\/v2\/pages\/271","targetHints":{"allow":["GET"]}}],"collection":[{"href":"https:\/\/wordpress.nibis.de\/stgoeghr\/wp-json\/wp\/v2\/pages"}],"about":[{"href":"https:\/\/wordpress.nibis.de\/stgoeghr\/wp-json\/wp\/v2\/types\/page"}],"author":[{"embeddable":true,"href":"https:\/\/wordpress.nibis.de\/stgoeghr\/wp-json\/wp\/v2\/users\/9194078"}],"replies":[{"embeddable":true,"href":"https:\/\/wordpress.nibis.de\/stgoeghr\/wp-json\/wp\/v2\/comments?post=271"}],"version-history":[{"count":3,"href":"https:\/\/wordpress.nibis.de\/stgoeghr\/wp-json\/wp\/v2\/pages\/271\/revisions"}],"predecessor-version":[{"id":392,"href":"https:\/\/wordpress.nibis.de\/stgoeghr\/wp-json\/wp\/v2\/pages\/271\/revisions\/392"}],"wp:attachment":[{"href":"https:\/\/wordpress.nibis.de\/stgoeghr\/wp-json\/wp\/v2\/media?parent=271"}],"curies":[{"name":"wp","href":"https:\/\/api.w.org\/{rel}","templated":true}]}}