{"id":88,"date":"2022-11-17T10:03:34","date_gmt":"2022-11-17T09:03:34","guid":{"rendered":"https:\/\/wordpress.nibis.de\/stgoeghr\/?page_id=88"},"modified":"2023-09-12T17:31:04","modified_gmt":"2023-09-12T15:31:04","slug":"paedagogikseminare","status":"publish","type":"page","link":"https:\/\/wordpress.nibis.de\/stgoeghr\/paedagogikseminare\/","title":{"rendered":"P\u00e4dagogik"},"content":{"rendered":"\n<div class=\"wp-block-columns is-layout-flex wp-container-core-columns-is-layout-abceabcf wp-block-columns-is-layout-flex\">\n<div class=\"wp-block-column is-layout-flow wp-block-column-is-layout-flow\">\n<figure class=\"wp-block-image size-large\"><img loading=\"lazy\" decoding=\"async\" width=\"683\" height=\"1024\" src=\"https:\/\/wordpress.nibis.de\/stgoeghr\/files\/2023\/09\/IMG_4716-683x1024.jpg\" alt=\"\" class=\"wp-image-468\" srcset=\"https:\/\/wordpress.nibis.de\/stgoeghr\/files\/2023\/09\/IMG_4716-683x1024.jpg 683w, https:\/\/wordpress.nibis.de\/stgoeghr\/files\/2023\/09\/IMG_4716-200x300.jpg 200w, https:\/\/wordpress.nibis.de\/stgoeghr\/files\/2023\/09\/IMG_4716-768x1152.jpg 768w, https:\/\/wordpress.nibis.de\/stgoeghr\/files\/2023\/09\/IMG_4716-1024x1536.jpg 1024w, https:\/\/wordpress.nibis.de\/stgoeghr\/files\/2023\/09\/IMG_4716-1365x2048.jpg 1365w, https:\/\/wordpress.nibis.de\/stgoeghr\/files\/2023\/09\/IMG_4716-scaled.jpg 1707w\" sizes=\"auto, (max-width: 683px) 100vw, 683px\" \/><figcaption>Jens Grimm<br>&#x6a;&#x65;&#x6e;&#115;&#46;gr&#x69;&#x6d;&#x6d;&#x40;&#115;&#116;s-&#x67;&#x6f;&#x65;&#45;&#103;&#104;rs&#x2e;&#x64;&#x65;<\/figcaption><\/figure>\n<\/div>\n\n\n\n<div class=\"wp-block-column is-layout-flow wp-block-column-is-layout-flow\">\n<figure class=\"wp-block-image size-large\"><img loading=\"lazy\" decoding=\"async\" width=\"683\" height=\"1024\" src=\"https:\/\/wordpress.nibis.de\/stgoeghr\/files\/2023\/09\/IMG_4665-2-683x1024.jpg\" alt=\"\" class=\"wp-image-469\" srcset=\"https:\/\/wordpress.nibis.de\/stgoeghr\/files\/2023\/09\/IMG_4665-2-683x1024.jpg 683w, https:\/\/wordpress.nibis.de\/stgoeghr\/files\/2023\/09\/IMG_4665-2-200x300.jpg 200w, https:\/\/wordpress.nibis.de\/stgoeghr\/files\/2023\/09\/IMG_4665-2-768x1152.jpg 768w, https:\/\/wordpress.nibis.de\/stgoeghr\/files\/2023\/09\/IMG_4665-2-1024x1536.jpg 1024w, https:\/\/wordpress.nibis.de\/stgoeghr\/files\/2023\/09\/IMG_4665-2-1365x2048.jpg 1365w, https:\/\/wordpress.nibis.de\/stgoeghr\/files\/2023\/09\/IMG_4665-2-scaled.jpg 1707w\" sizes=\"auto, (max-width: 683px) 100vw, 683px\" \/><figcaption>Ellen Haas-Zerhusen<br>e&#108;&#x6c;&#x65;n&#46;&#x68;&#x61;a&#115;&#45;&#x7a;&#x65;r&#104;&#x75;&#x73;e&#110;&#x40;&#x73;t&#115;&#45;&#x67;&#x6f;e&#45;&#x67;&#x68;r&#115;&#x2e;&#x64;e<\/figcaption><\/figure>\n<\/div>\n\n\n\n<div class=\"wp-block-column is-layout-flow wp-block-column-is-layout-flow\">\n<figure class=\"wp-block-image size-large\"><img loading=\"lazy\" decoding=\"async\" width=\"683\" height=\"1024\" src=\"https:\/\/wordpress.nibis.de\/stgoeghr\/files\/2023\/09\/IMG_4693-683x1024.jpg\" alt=\"\" class=\"wp-image-470\" srcset=\"https:\/\/wordpress.nibis.de\/stgoeghr\/files\/2023\/09\/IMG_4693-683x1024.jpg 683w, https:\/\/wordpress.nibis.de\/stgoeghr\/files\/2023\/09\/IMG_4693-200x300.jpg 200w, https:\/\/wordpress.nibis.de\/stgoeghr\/files\/2023\/09\/IMG_4693-768x1152.jpg 768w, https:\/\/wordpress.nibis.de\/stgoeghr\/files\/2023\/09\/IMG_4693-1024x1536.jpg 1024w, https:\/\/wordpress.nibis.de\/stgoeghr\/files\/2023\/09\/IMG_4693-1365x2048.jpg 1365w, https:\/\/wordpress.nibis.de\/stgoeghr\/files\/2023\/09\/IMG_4693-scaled.jpg 1707w\" sizes=\"auto, (max-width: 683px) 100vw, 683px\" \/><figcaption>Martina Krone<br>m&#97;&#x72;&#x74;i&#110;&#x61;&#x2e;k&#114;&#x6f;&#x6e;e&#64;&#x73;&#x74;s&#45;&#x67;&#x6f;e&#45;&#103;&#x68;&#x72;s&#46;&#x64;&#x65;<\/figcaption><\/figure>\n<\/div>\n\n\n\n<div class=\"wp-block-column is-layout-flow wp-block-column-is-layout-flow\">\n<figure class=\"wp-block-image size-large\"><img loading=\"lazy\" decoding=\"async\" width=\"683\" height=\"1024\" src=\"https:\/\/wordpress.nibis.de\/stgoeghr\/files\/2023\/09\/IMG_4679-1-683x1024.jpg\" alt=\"\" class=\"wp-image-471\" srcset=\"https:\/\/wordpress.nibis.de\/stgoeghr\/files\/2023\/09\/IMG_4679-1-683x1024.jpg 683w, https:\/\/wordpress.nibis.de\/stgoeghr\/files\/2023\/09\/IMG_4679-1-200x300.jpg 200w, https:\/\/wordpress.nibis.de\/stgoeghr\/files\/2023\/09\/IMG_4679-1-768x1152.jpg 768w, https:\/\/wordpress.nibis.de\/stgoeghr\/files\/2023\/09\/IMG_4679-1-1024x1536.jpg 1024w, https:\/\/wordpress.nibis.de\/stgoeghr\/files\/2023\/09\/IMG_4679-1-1365x2048.jpg 1365w, https:\/\/wordpress.nibis.de\/stgoeghr\/files\/2023\/09\/IMG_4679-1-scaled.jpg 1707w\" sizes=\"auto, (max-width: 683px) 100vw, 683px\" \/><figcaption>Christian Machate<br>&#99;&#x68;&#114;&#x69;&#115;&#x74;&#105;&#x61;&#110;&#x2e;&#109;&#x61;c&#x68;a&#x74;e&#x40;s&#x74;s&#x2d;g&#111;&#x65;&#45;&#x67;&#104;&#x72;&#115;&#x2e;&#100;&#x65;<\/figcaption><\/figure>\n<\/div>\n<\/div>\n\n\n\n<div class=\"wp-block-columns is-layout-flex wp-container-core-columns-is-layout-abceabcf wp-block-columns-is-layout-flex\">\n<div class=\"wp-block-column is-layout-flow wp-block-column-is-layout-flow\">\n<figure class=\"wp-block-image size-large is-resized\"><img loading=\"lazy\" decoding=\"async\" src=\"https:\/\/wordpress.nibis.de\/stgoeghr\/files\/2023\/09\/IMG_4712-683x1024.jpg\" alt=\"\" class=\"wp-image-472\" width=\"134\" height=\"201\" srcset=\"https:\/\/wordpress.nibis.de\/stgoeghr\/files\/2023\/09\/IMG_4712-683x1024.jpg 683w, https:\/\/wordpress.nibis.de\/stgoeghr\/files\/2023\/09\/IMG_4712-200x300.jpg 200w, https:\/\/wordpress.nibis.de\/stgoeghr\/files\/2023\/09\/IMG_4712-768x1152.jpg 768w, https:\/\/wordpress.nibis.de\/stgoeghr\/files\/2023\/09\/IMG_4712-1024x1536.jpg 1024w, https:\/\/wordpress.nibis.de\/stgoeghr\/files\/2023\/09\/IMG_4712-1365x2048.jpg 1365w, https:\/\/wordpress.nibis.de\/stgoeghr\/files\/2023\/09\/IMG_4712-scaled.jpg 1707w\" sizes=\"auto, (max-width: 134px) 100vw, 134px\" \/><figcaption>Daniela Martin<br>daniela&#46;mart&#105;&#110;&#64;&#115;&#116;&#115;&#45;&#103;&#111;&#101;&#45;&#103;&#104;&#114;&#115;&#x2e;&#x64;&#x65;<\/figcaption><\/figure>\n<\/div>\n\n\n\n<div class=\"wp-block-column is-layout-flow wp-block-column-is-layout-flow\">\n<figure class=\"wp-block-image size-large is-resized\"><img loading=\"lazy\" decoding=\"async\" src=\"https:\/\/wordpress.nibis.de\/stgoeghr\/files\/2023\/09\/IMG_4686-683x1024.jpg\" alt=\"\" class=\"wp-image-473\" width=\"135\" height=\"201\" srcset=\"https:\/\/wordpress.nibis.de\/stgoeghr\/files\/2023\/09\/IMG_4686-683x1024.jpg 683w, https:\/\/wordpress.nibis.de\/stgoeghr\/files\/2023\/09\/IMG_4686-scaled.jpg 1707w\" sizes=\"auto, (max-width: 135px) 100vw, 135px\" \/><figcaption>Cathrin Steinkamp<br>c&#97;&#116;&#x68;&#x72;&#x69;n&#46;&#115;&#116;&#x65;&#x69;&#x6e;k&#97;&#109;&#112;&#x40;&#x73;&#x74;s&#45;&#103;&#x6f;&#x65;&#x2d;gh&#114;&#115;&#x2e;&#x64;&#x65;<\/figcaption><\/figure>\n<\/div>\n\n\n\n<div class=\"wp-block-column is-layout-flow wp-block-column-is-layout-flow\">\n<figure class=\"wp-block-image size-large is-resized\"><img loading=\"lazy\" decoding=\"async\" src=\"https:\/\/wordpress.nibis.de\/stgoeghr\/files\/2023\/09\/IMG_4736-683x1024.jpg\" alt=\"\" class=\"wp-image-474\" width=\"133\" height=\"200\" srcset=\"https:\/\/wordpress.nibis.de\/stgoeghr\/files\/2023\/09\/IMG_4736-683x1024.jpg 683w, https:\/\/wordpress.nibis.de\/stgoeghr\/files\/2023\/09\/IMG_4736-200x300.jpg 200w, https:\/\/wordpress.nibis.de\/stgoeghr\/files\/2023\/09\/IMG_4736-768x1152.jpg 768w, https:\/\/wordpress.nibis.de\/stgoeghr\/files\/2023\/09\/IMG_4736-1024x1536.jpg 1024w, https:\/\/wordpress.nibis.de\/stgoeghr\/files\/2023\/09\/IMG_4736-1365x2048.jpg 1365w, https:\/\/wordpress.nibis.de\/stgoeghr\/files\/2023\/09\/IMG_4736-scaled.jpg 1707w\" sizes=\"auto, (max-width: 133px) 100vw, 133px\" \/><figcaption>Maike Strau\u00df<br>&#x6d;&#x61;&#x69;&#x6b;&#x65;&#46;&#115;&#116;&#114;aus&#x73;&#x40;&#x73;&#x74;&#x73;&#x2d;&#103;&#111;&#101;-gh&#x72;&#x73;&#x2e;&#x64;&#x65;<\/figcaption><\/figure>\n<\/div>\n<\/div>\n\n\n\n<p>P\u00e4dagogikseminare<\/p>\n\n\n\n<p>Neben der Ausbildung in den beiden Unterrichtsf\u00e4chern bildet die Teilnahme an den P\u00e4dagogikseminaren den Kern des Vorbereitungsdienstes. Jede Anw\u00e4rterin und jeder Anw\u00e4rter nimmt an den Veranstaltungen eines P\u00e4dagogikseminars teil, das donnerstags in der Zeit von 10:15 \u2013 14:15 Uhr im 14-t\u00e4gigen Rhythmus tagt.<\/p>\n\n\n\n<p>Durch diesen regelm\u00e4\u00dfigen Rhythmus bilden die P\u00e4dagogikseminare so etwas wie das \u201eZuhause\u201c innerhalb des Vorbereitungsdienstes und die Leitungen, die die offizielle Bezeichnung \u201eSeminarleitungen f\u00fcr besondere Aufgaben\u201c tragen, \u00fcbernehmen neben der inhaltlichen Ausbildung Aufgaben, die denen einer Klassenlehrerin oder eines Klassenlehrers \u00e4hneln. Das hei\u00dft, die Leitungen der P\u00e4dagogikseminare f\u00fchren gemeinsam die Einf\u00fchrungstage in Form verschiedener Module durch, steuern die Lehrkr\u00e4fte im Vorbereitungsdienst organisatorisch durch die Ausbildung und bereiten diese auf die Pr\u00fcfung vor.<\/p>\n\n\n\n<p>Inhaltliche Basis der Ausbildung in den P\u00e4dagogikseminare bilden die Kompetenzbereiche der <strong>APVO-Lehr<\/strong>, der Pr\u00fcfungsverordnung f\u00fcr Lehrkr\u00e4fte in Niedersachsen:<\/p>\n\n\n\n<ul class=\"wp-block-list\"><li>Unterrichten<\/li><li>Erziehen<\/li><li>Beurteilen, Beraten und Unterst\u00fctzen, Diagnostizieren und F\u00f6rdern<\/li><li>Mitwirken bei der Gestaltung der Eigenverantwortlichkeit der Schule und Weiterentwickeln der eigenen Berufskompetenz<\/li><li>Personale Kompetenzen<\/li><\/ul>\n\n\n\n<p>Auf Basis dieser Kompetenzbereiche dienen das <strong>Seminarcurriculum<\/strong> und das <strong>\u201eFundamentum der P\u00e4dagogikseminare\u201c<\/strong> als Grundlage zur Entwicklung spezifischer kompetenzorientierter Seminarveranstaltungen, die nach dem Doppeldecker-Prinzips immer Theorie und Schulpraxis miteinander verzahnen. Entsprechend dieser Grundlagen werden die Seminarinhalte an den Bed\u00fcrfnissen und Interessen der Teilnehmenden ausgerichtet und die Seminarveranstaltungen teilnehmerorientiert gestaltet. Somit tragen die Lehrkr\u00e4fte im Vorbereitungsdienst Mitverantwortung f\u00fcr die Gestaltung ihrer Ausbildung.<\/p>\n\n\n\n<div data-wp-interactive=\"core\/file\" class=\"wp-block-file\"><object data-wp-bind--hidden=\"!state.hasPdfPreview\" hidden class=\"wp-block-file__embed\" data=\"https:\/\/wordpress.nibis.de\/stgoeghr\/files\/2023\/07\/Seminarlehrplan-Paedagogik.pdf\" type=\"application\/pdf\" style=\"width:100%;height:600px\" aria-label=\"Einbettung von Einbettung von Seminarlehrplan-Paedagogik..\"><\/object><a id=\"wp-block-file--media-e35f4525-4084-433b-ba2b-a1882f387c87\" href=\"https:\/\/wordpress.nibis.de\/stgoeghr\/files\/2023\/07\/Seminarlehrplan-Paedagogik.pdf\">Seminarlehrplan-Paedagogik<\/a><a href=\"https:\/\/wordpress.nibis.de\/stgoeghr\/files\/2023\/07\/Seminarlehrplan-Paedagogik.pdf\" class=\"wp-block-file__button\" download aria-describedby=\"wp-block-file--media-e35f4525-4084-433b-ba2b-a1882f387c87\">Herunterladen<\/a><\/div>\n\n\n\n<div data-wp-interactive=\"core\/file\" class=\"wp-block-file\"><object data-wp-bind--hidden=\"!state.hasPdfPreview\" hidden class=\"wp-block-file__embed\" data=\"https:\/\/wordpress.nibis.de\/stgoeghr\/files\/2023\/07\/2022_08_03_Fundamentum_neu.pdf\" type=\"application\/pdf\" style=\"width:100%;height:600px\" aria-label=\"Einbettung von Einbettung von Fundamentum..\"><\/object><a id=\"wp-block-file--media-94dcaa76-fa2f-4bb5-8699-0c6e3603bd0b\" href=\"https:\/\/wordpress.nibis.de\/stgoeghr\/files\/2023\/07\/2022_08_03_Fundamentum_neu.pdf\">Fundamentum<\/a><a href=\"https:\/\/wordpress.nibis.de\/stgoeghr\/files\/2023\/07\/2022_08_03_Fundamentum_neu.pdf\" class=\"wp-block-file__button\" download aria-describedby=\"wp-block-file--media-94dcaa76-fa2f-4bb5-8699-0c6e3603bd0b\">Herunterladen<\/a><\/div>\n","protected":false},"excerpt":{"rendered":"<p>P\u00e4dagogikseminare Neben der Ausbildung in den beiden Unterrichtsf\u00e4chern bildet die Teilnahme an den P\u00e4dagogikseminaren den Kern des Vorbereitungsdienstes. Jede Anw\u00e4rterin und jeder Anw\u00e4rter nimmt an den Veranstaltungen eines P\u00e4dagogikseminars teil, das donnerstags in der Zeit von 10:15 \u2013 14:15 Uhr im 14-t\u00e4gigen Rhythmus tagt. Durch diesen regelm\u00e4\u00dfigen Rhythmus bilden die P\u00e4dagogikseminare so etwas wie das &hellip; <a href=\"https:\/\/wordpress.nibis.de\/stgoeghr\/paedagogikseminare\/\" class=\"more-link\"><span class=\"screen-reader-text\">P\u00e4dagogik<\/span> weiterlesen <span class=\"meta-nav\">&rarr;<\/span><\/a><\/p>\n","protected":false},"author":9194078,"featured_media":0,"parent":0,"menu_order":0,"comment_status":"closed","ping_status":"closed","template":"","meta":{"footnotes":""},"class_list":["post-88","page","type-page","status-publish","hentry"],"_links":{"self":[{"href":"https:\/\/wordpress.nibis.de\/stgoeghr\/wp-json\/wp\/v2\/pages\/88","targetHints":{"allow":["GET"]}}],"collection":[{"href":"https:\/\/wordpress.nibis.de\/stgoeghr\/wp-json\/wp\/v2\/pages"}],"about":[{"href":"https:\/\/wordpress.nibis.de\/stgoeghr\/wp-json\/wp\/v2\/types\/page"}],"author":[{"embeddable":true,"href":"https:\/\/wordpress.nibis.de\/stgoeghr\/wp-json\/wp\/v2\/users\/9194078"}],"replies":[{"embeddable":true,"href":"https:\/\/wordpress.nibis.de\/stgoeghr\/wp-json\/wp\/v2\/comments?post=88"}],"version-history":[{"count":8,"href":"https:\/\/wordpress.nibis.de\/stgoeghr\/wp-json\/wp\/v2\/pages\/88\/revisions"}],"predecessor-version":[{"id":477,"href":"https:\/\/wordpress.nibis.de\/stgoeghr\/wp-json\/wp\/v2\/pages\/88\/revisions\/477"}],"wp:attachment":[{"href":"https:\/\/wordpress.nibis.de\/stgoeghr\/wp-json\/wp\/v2\/media?parent=88"}],"curies":[{"name":"wp","href":"https:\/\/api.w.org\/{rel}","templated":true}]}}