{"id":152,"date":"2024-08-29T10:26:35","date_gmt":"2024-08-29T08:26:35","guid":{"rendered":"https:\/\/wordpress.nibis.de\/stmichael\/?page_id=152"},"modified":"2026-02-23T15:28:47","modified_gmt":"2026-02-23T14:28:47","slug":"karriere","status":"publish","type":"page","link":"https:\/\/wordpress.nibis.de\/stmichael\/karriere\/","title":{"rendered":"Jobs\/Praktika"},"content":{"rendered":"\n<p><strong>Praktika f\u00fcr Sch\u00fcler und Studenten<\/strong><\/p>\n<p>Bitte wenden Sie sich mit einer Mail an das Sekretariat und geben Sie folgendes an:<\/p>\n<ul>\n<li>Aktuelle Schule oder Universit\u00e4t<\/li>\n<li>Start- und Enddatum des Praktikums<\/li>\n<li>Anzahl der Stunden pro Woche<\/li>\n<li>Wenn Sie schon wissen, dass Sie zu einem bestimmten Lehrer m\u00f6chten, geben Sie dies auch direkt an.\u00a0<\/li>\n<\/ul>\n<p>\u00a0<\/p>\n<p><strong>Stellen f\u00fcr Vertretungslehrkr\u00e4fte<\/strong><\/p>\n<p>F\u00fcr die Bewerbung auf Stellenausschreibungen nutzen Sie bitte die Website des Landes Niedersachsen.<\/p>\n<p>\u00a0<\/p>\n<p><strong>Stellen f\u00fcr p\u00e4dagogische Mitarbeiter und Schulsozialarbeiter<\/strong><\/p>\n<p>Aktuell sind bei uns direkt keine Stellen f\u00fcr p\u00e4dagogische Mitarbeiter ausgeschrieben. Bitte wenden Sie sich hiermit an die Stadt Salzgitter oder an an das RLSB Braunschweig.\u00a0<\/p>\n<p>\u00a0<\/p>\n<p><strong>Ehrenamtliches Engagement<\/strong><\/p>\n<p>Wenn Sie sich sozial z.B. als Lese-Oma oder Lese-Opa bei uns engagieren wollen, kommen Sie gerne auf uns zu.\u00a0<\/p>\n<p>\u00a0<\/p>\n","protected":false},"excerpt":{"rendered":"<p>Praktika f\u00fcr Sch\u00fcler und Studenten Bitte wenden Sie sich mit einer Mail an das Sekretariat und geben Sie folgendes an: Aktuelle Schule oder Universit\u00e4t Start- und Enddatum des Praktikums Anzahl der Stunden pro Woche Wenn Sie schon wissen, dass Sie zu einem bestimmten Lehrer m\u00f6chten, geben Sie dies auch direkt an.\u00a0 \u00a0 Stellen f\u00fcr Vertretungslehrkr\u00e4fte F\u00fcr die Bewerbung auf Stellenausschreibungen nutzen Sie bitte die Website des Landes Niedersachsen. \u00a0 Stellen f\u00fcr p\u00e4dagogische Mitarbeiter und Schulsozialarbeiter Aktuell sind bei uns direkt&#8230;<\/p>\n<p class=\"read-more\"><a class=\"btn btn-default\" href=\"https:\/\/wordpress.nibis.de\/stmichael\/karriere\/\">Weiterlesen<span class=\"screen-reader-text\"> Weiterlesen<\/span><\/a><\/p>\n","protected":false},"author":9194367,"featured_media":0,"parent":0,"menu_order":0,"comment_status":"closed","ping_status":"closed","template":"","meta":{"footnotes":""},"class_list":["post-152","page","type-page","status-publish","hentry"],"_links":{"self":[{"href":"https:\/\/wordpress.nibis.de\/stmichael\/wp-json\/wp\/v2\/pages\/152","targetHints":{"allow":["GET"]}}],"collection":[{"href":"https:\/\/wordpress.nibis.de\/stmichael\/wp-json\/wp\/v2\/pages"}],"about":[{"href":"https:\/\/wordpress.nibis.de\/stmichael\/wp-json\/wp\/v2\/types\/page"}],"author":[{"embeddable":true,"href":"https:\/\/wordpress.nibis.de\/stmichael\/wp-json\/wp\/v2\/users\/9194367"}],"replies":[{"embeddable":true,"href":"https:\/\/wordpress.nibis.de\/stmichael\/wp-json\/wp\/v2\/comments?post=152"}],"version-history":[{"count":10,"href":"https:\/\/wordpress.nibis.de\/stmichael\/wp-json\/wp\/v2\/pages\/152\/revisions"}],"predecessor-version":[{"id":830,"href":"https:\/\/wordpress.nibis.de\/stmichael\/wp-json\/wp\/v2\/pages\/152\/revisions\/830"}],"wp:attachment":[{"href":"https:\/\/wordpress.nibis.de\/stmichael\/wp-json\/wp\/v2\/media?parent=152"}],"curies":[{"name":"wp","href":"https:\/\/api.w.org\/{rel}","templated":true}]}}