{"id":299,"date":"2024-12-04T15:14:48","date_gmt":"2024-12-04T14:14:48","guid":{"rendered":"https:\/\/wordpress.nibis.de\/stmichael\/?page_id=299"},"modified":"2026-02-22T20:54:19","modified_gmt":"2026-02-22T19:54:19","slug":"foerderverein-2025","status":"publish","type":"page","link":"https:\/\/wordpress.nibis.de\/stmichael\/foerderverein-2025\/","title":{"rendered":"F\u00f6rderverein 2025"},"content":{"rendered":"\n<h2 class=\"wp-block-heading\">Duftende Waffeln vor Weihnachten<\/h2>\n\n\n\n<p>18. Dezember 2025<\/p>\n\n\n\n<p>Am vorletzten Schultag vor den Weihnachtsferien wurden unsere Sch\u00fclerinnen und Sch\u00fcler nach dem Gottesdienst mit einem ganz besonderen Empfang \u00fcberrascht: In der Schule wartete der Duft frisch gebackener Waffeln auf sie.<\/p>\n\n\n\n<p>W\u00e4hrend die Kinder den Gottesdienst besuchten, standen engagierte Eltern in der K\u00fcche und backten flei\u00dfig Waffeln f\u00fcr alle. So konnten die Kinder und die Lehrkr\u00e4fte gemeinsam in gem\u00fctlicher Atmosph\u00e4re das Jahr ausklingen lassen und sich auf die Weihnachtsferien einstimmen.<\/p>\n\n\n<div class=\"wp-block-image is-style-tw-rounded-corners wp-duotone-unset-1\">\n<figure class=\"aligncenter size-medium is-resized\"><img loading=\"lazy\" decoding=\"async\" width=\"300\" height=\"263\" src=\"https:\/\/wordpress.nibis.de\/stmichael\/files\/2026\/02\/20251218_092253_Kopie-300x263.jpg\" alt=\"\" class=\"wp-image-817\" style=\"aspect-ratio:1.140704671780973;width:429px;height:auto\" srcset=\"https:\/\/wordpress.nibis.de\/stmichael\/files\/2026\/02\/20251218_092253_Kopie-300x263.jpg 300w, https:\/\/wordpress.nibis.de\/stmichael\/files\/2026\/02\/20251218_092253_Kopie-1024x898.jpg 1024w, https:\/\/wordpress.nibis.de\/stmichael\/files\/2026\/02\/20251218_092253_Kopie-768x674.jpg 768w, https:\/\/wordpress.nibis.de\/stmichael\/files\/2026\/02\/20251218_092253_Kopie-100x88.jpg 100w, https:\/\/wordpress.nibis.de\/stmichael\/files\/2026\/02\/20251218_092253_Kopie-1536x1348.jpg 1536w, https:\/\/wordpress.nibis.de\/stmichael\/files\/2026\/02\/20251218_092253_Kopie-2048x1797.jpg 2048w, https:\/\/wordpress.nibis.de\/stmichael\/files\/2026\/02\/20251218_092253_Kopie-308x270.jpg 308w\" sizes=\"auto, (max-width: 300px) 100vw, 300px\" \/><\/figure>\n<\/div>\n\n\n<hr class=\"wp-block-separator has-alpha-channel-opacity\" \/>\n\n\n\n<h2 class=\"wp-block-heading\">Neue Tafeln am Spielehaus<\/h2>\n\n\n\n<p>Der F\u00f6rderverein hat neue Tafeln angeschafft. Mit der Unterst\u00fctzung engagierter Eltern wurden diese vor Weihnachten am Spielehaus angebracht. Ab sofort k\u00f6nnen die Kinder ihrer Kreativit\u00e4t freien Lauf lassen und dort malen, schreiben und gestalten. <\/p>\n\n\n\n<figure class=\"wp-block-gallery has-nested-images columns-default is-cropped wp-block-gallery-2 is-layout-flex wp-block-gallery-is-layout-flex\">\n<figure class=\"wp-block-image size-medium\"><img loading=\"lazy\" decoding=\"async\" width=\"225\" height=\"300\" data-id=\"826\" src=\"https:\/\/wordpress.nibis.de\/stmichael\/files\/2026\/02\/IMG-20260221-WA0047-1-225x300.jpg\" alt=\"\" class=\"wp-image-826\" srcset=\"https:\/\/wordpress.nibis.de\/stmichael\/files\/2026\/02\/IMG-20260221-WA0047-1-225x300.jpg 225w, https:\/\/wordpress.nibis.de\/stmichael\/files\/2026\/02\/IMG-20260221-WA0047-1-768x1024.jpg 768w, https:\/\/wordpress.nibis.de\/stmichael\/files\/2026\/02\/IMG-20260221-WA0047-1-100x133.jpg 100w, https:\/\/wordpress.nibis.de\/stmichael\/files\/2026\/02\/IMG-20260221-WA0047-1-1152x1536.jpg 1152w, https:\/\/wordpress.nibis.de\/stmichael\/files\/2026\/02\/IMG-20260221-WA0047-1-203x270.jpg 203w, https:\/\/wordpress.nibis.de\/stmichael\/files\/2026\/02\/IMG-20260221-WA0047-1.jpg 1536w\" sizes=\"auto, (max-width: 225px) 100vw, 225px\" \/><\/figure>\n\n\n\n<figure class=\"wp-block-image size-medium is-style-tw-rounded-corners\"><img loading=\"lazy\" decoding=\"async\" width=\"225\" height=\"300\" data-id=\"825\" src=\"https:\/\/wordpress.nibis.de\/stmichael\/files\/2026\/02\/IMG-20260221-WA0045-225x300.jpg\" alt=\"\" class=\"wp-image-825\" srcset=\"https:\/\/wordpress.nibis.de\/stmichael\/files\/2026\/02\/IMG-20260221-WA0045-225x300.jpg 225w, https:\/\/wordpress.nibis.de\/stmichael\/files\/2026\/02\/IMG-20260221-WA0045-768x1024.jpg 768w, https:\/\/wordpress.nibis.de\/stmichael\/files\/2026\/02\/IMG-20260221-WA0045-100x133.jpg 100w, https:\/\/wordpress.nibis.de\/stmichael\/files\/2026\/02\/IMG-20260221-WA0045-1152x1536.jpg 1152w, https:\/\/wordpress.nibis.de\/stmichael\/files\/2026\/02\/IMG-20260221-WA0045-203x270.jpg 203w, https:\/\/wordpress.nibis.de\/stmichael\/files\/2026\/02\/IMG-20260221-WA0045.jpg 1536w\" sizes=\"auto, (max-width: 225px) 100vw, 225px\" \/><\/figure>\n<\/figure>\n\n\n\n<hr class=\"wp-block-separator has-alpha-channel-opacity\" \/>\n\n\n\n<h2 class=\"wp-block-heading\">Spa\u00df und Kreativit\u00e4t mit Kapla-Steinen<\/h2>\n\n\n\n<p>Der F\u00f6rderverein unserer Grundschule hat erneut f\u00fcr leuchtende Augen gesorgt: F\u00fcr die 4. Klassen wurden neue Kapla-Steine angeschafft. Mit gro\u00dfer Begeisterung bauen die Kinder nun kreative Bauwerke, T\u00fcrme und fantasievolle Konstruktionen.<\/p>\n\n\n\n<p>Das Bauen mit Kapla-Steinen f\u00f6rdert nicht nur die Kreativit\u00e4t, sondern auch Konzentration, Teamarbeit und r\u00e4umliches Denken. <\/p>\n\n\n\n<figure class=\"wp-block-image size-full is-style-tw-rounded-corners\"><img loading=\"lazy\" decoding=\"async\" width=\"828\" height=\"653\" src=\"https:\/\/wordpress.nibis.de\/stmichael\/files\/2026\/02\/IMG-20251104-WA0082.jpg\" alt=\"\" class=\"wp-image-807\" srcset=\"https:\/\/wordpress.nibis.de\/stmichael\/files\/2026\/02\/IMG-20251104-WA0082.jpg 828w, https:\/\/wordpress.nibis.de\/stmichael\/files\/2026\/02\/IMG-20251104-WA0082-300x237.jpg 300w, https:\/\/wordpress.nibis.de\/stmichael\/files\/2026\/02\/IMG-20251104-WA0082-768x606.jpg 768w, https:\/\/wordpress.nibis.de\/stmichael\/files\/2026\/02\/IMG-20251104-WA0082-100x79.jpg 100w, https:\/\/wordpress.nibis.de\/stmichael\/files\/2026\/02\/IMG-20251104-WA0082-342x270.jpg 342w\" sizes=\"auto, (max-width: 828px) 100vw, 828px\" \/><\/figure>\n\n\n\n<hr class=\"wp-block-separator has-alpha-channel-opacity\" \/>\n\n\n\n<h2 class=\"wp-block-heading\">Unterst\u00fctzung der Garten-AG<\/h2>\n\n\n\n<p>Der F\u00f6rderverein unserer Grundschule unterst\u00fctzt mit viel Engagement die Garten-AG und tr\u00e4gt so aktiv zur praktischen Umweltbildung bei. Dank seiner finanziellen Unterst\u00fctzung konnte eine Biotonne angeschafft werden, die gemeinsam mit den Kindern aufgebaut und in Betrieb genommen wurde. So lernen die Sch\u00fclerinnen und Sch\u00fcler auf anschauliche Weise, wie wichtig Nachhaltigkeit und Abfalltrennung sind.<\/p>\n\n\n\n<p>Dar\u00fcber hinaus wurden Ton und Glasur gespendet, aus denen in der Garten-AG mit gro\u00dfer Kreativit\u00e4t wundersch\u00f6ne Vogeltr\u00e4nken und weitere Tonwerke entstanden sind.<\/p>\n\n\n\n<figure class=\"wp-block-image size-large is-style-tw-rounded-corners\"><img loading=\"lazy\" decoding=\"async\" width=\"768\" height=\"1024\" src=\"https:\/\/wordpress.nibis.de\/stmichael\/files\/2026\/02\/IMG-20251030-WA0203-768x1024.jpg\" alt=\"\" class=\"wp-image-805\" srcset=\"https:\/\/wordpress.nibis.de\/stmichael\/files\/2026\/02\/IMG-20251030-WA0203-768x1024.jpg 768w, https:\/\/wordpress.nibis.de\/stmichael\/files\/2026\/02\/IMG-20251030-WA0203-225x300.jpg 225w, https:\/\/wordpress.nibis.de\/stmichael\/files\/2026\/02\/IMG-20251030-WA0203-100x133.jpg 100w, https:\/\/wordpress.nibis.de\/stmichael\/files\/2026\/02\/IMG-20251030-WA0203-1152x1536.jpg 1152w, https:\/\/wordpress.nibis.de\/stmichael\/files\/2026\/02\/IMG-20251030-WA0203-203x270.jpg 203w, https:\/\/wordpress.nibis.de\/stmichael\/files\/2026\/02\/IMG-20251030-WA0203.jpg 1200w\" sizes=\"auto, (max-width: 768px) 100vw, 768px\" \/><\/figure>\n\n\n\n<figure class=\"wp-block-image size-large is-style-tw-rounded-corners\"><img loading=\"lazy\" decoding=\"async\" width=\"768\" height=\"1024\" src=\"https:\/\/wordpress.nibis.de\/stmichael\/files\/2026\/02\/IMG-20251030-WA0214-768x1024.jpg\" alt=\"\" class=\"wp-image-806\" srcset=\"https:\/\/wordpress.nibis.de\/stmichael\/files\/2026\/02\/IMG-20251030-WA0214-768x1024.jpg 768w, https:\/\/wordpress.nibis.de\/stmichael\/files\/2026\/02\/IMG-20251030-WA0214-225x300.jpg 225w, https:\/\/wordpress.nibis.de\/stmichael\/files\/2026\/02\/IMG-20251030-WA0214-100x133.jpg 100w, https:\/\/wordpress.nibis.de\/stmichael\/files\/2026\/02\/IMG-20251030-WA0214-1152x1536.jpg 1152w, https:\/\/wordpress.nibis.de\/stmichael\/files\/2026\/02\/IMG-20251030-WA0214-203x270.jpg 203w, https:\/\/wordpress.nibis.de\/stmichael\/files\/2026\/02\/IMG-20251030-WA0214.jpg 1536w\" sizes=\"auto, (max-width: 768px) 100vw, 768px\" \/><\/figure>\n\n\n\n<hr class=\"wp-block-separator has-css-opacity is-style-wide\" \/>\n\n\n\n<h2 class=\"wp-block-heading\">Herzlich willkommen, liebe Erstkl\u00e4ssler!<\/h2>\n\n\n\n<p>August 2025<\/p>\n\n\n\n<p>Am 16. August 2025 war es endlich soweit: Unsere neuen Erstkl\u00e4ssler wurden feierlich in die St. Michael-Grundschule aufgenommen. Gemeinsam mit ihren Familien erlebten sie einen wundersch\u00f6nen Tag, voller Aufregung, Freude und vieler neuer Eindr\u00fccke. <\/p>\n\n\n\n<p>F\u00fcr das leibliche Wohl sorgte der F\u00f6rderverein, der mit viel Engagement ein buntes Buffet f\u00fcr Gro\u00df und Klein organisiert hat. Neben Kaffee und einer gro\u00dfen Auswahl an Kuchen gab es auch Eis und frisches Popcorn \u2013 ein echtes Highlight f\u00fcr die Kinder. Die leckeren Kuchen- und Geb\u00e4ckspenden wurden liebevoll von den Eltern der zweiten Klassen beigesteuert \u2013 daf\u00fcr ein ganz herzliches Dankesch\u00f6n! <\/p>\n\n\n\n<p>Ein besonderer Dank gilt au\u00dferdem dem <a href=\"https:\/\/www.can-grosshandel.de\/\">Gro\u00dfhandel CAN <\/a>aus Salzgitter, der einen Anteil der Getr\u00e4nke gespendet hat \u2013 auch daf\u00fcr ein herzliches Dankesch\u00f6n!<\/p>\n\n\n\n<p>Es war ein toller Tag, der uns allen lange in Erinnerung bleiben wird. <\/p>\n\n\n\n<p>Der F\u00f6rderverein w\u00fcnscht allen neuen Sch\u00fclerinnen und Sch\u00fclern alles Liebe f\u00fcr ihre Schulzeit an der St. Michael-Grundschule und bedankt sich herzlich bei allen, die mit ihren Spenden und ihrer Hilfe zum Gelingen dieses besonderen Tages beigetragen haben. <\/p>\n\n\n\n<figure class=\"wp-block-gallery has-nested-images columns-default is-cropped wp-block-gallery-3 is-layout-flex wp-block-gallery-is-layout-flex\">\n<figure class=\"wp-block-image size-large is-style-tw-rounded-corners tw-width-100\"><img loading=\"lazy\" decoding=\"async\" width=\"1024\" height=\"768\" data-id=\"679\" src=\"https:\/\/wordpress.nibis.de\/stmichael\/files\/2025\/08\/image00001-1024x768.jpeg\" alt=\"\" class=\"wp-image-679\" srcset=\"https:\/\/wordpress.nibis.de\/stmichael\/files\/2025\/08\/image00001-1024x768.jpeg 1024w, https:\/\/wordpress.nibis.de\/stmichael\/files\/2025\/08\/image00001-300x225.jpeg 300w, https:\/\/wordpress.nibis.de\/stmichael\/files\/2025\/08\/image00001-768x576.jpeg 768w, https:\/\/wordpress.nibis.de\/stmichael\/files\/2025\/08\/image00001-1536x1152.jpeg 1536w, https:\/\/wordpress.nibis.de\/stmichael\/files\/2025\/08\/image00001-2048x1536.jpeg 2048w, https:\/\/wordpress.nibis.de\/stmichael\/files\/2025\/08\/image00001-360x270.jpeg 360w\" sizes=\"auto, (max-width: 1024px) 100vw, 1024px\" \/><\/figure>\n\n\n\n<figure class=\"wp-block-image size-large is-style-tw-rounded-corners\"><img loading=\"lazy\" decoding=\"async\" width=\"1024\" height=\"452\" data-id=\"683\" src=\"https:\/\/wordpress.nibis.de\/stmichael\/files\/2025\/08\/image00010-1024x452.jpeg\" alt=\"\" class=\"wp-image-683\" srcset=\"https:\/\/wordpress.nibis.de\/stmichael\/files\/2025\/08\/image00010-1024x452.jpeg 1024w, https:\/\/wordpress.nibis.de\/stmichael\/files\/2025\/08\/image00010-300x132.jpeg 300w, https:\/\/wordpress.nibis.de\/stmichael\/files\/2025\/08\/image00010-768x339.jpeg 768w, https:\/\/wordpress.nibis.de\/stmichael\/files\/2025\/08\/image00010-1536x678.jpeg 1536w, https:\/\/wordpress.nibis.de\/stmichael\/files\/2025\/08\/image00010-2048x904.jpeg 2048w, https:\/\/wordpress.nibis.de\/stmichael\/files\/2025\/08\/image00010-604x267.jpeg 604w\" sizes=\"auto, (max-width: 1024px) 100vw, 1024px\" \/><\/figure>\n<\/figure>\n\n\n\n<hr class=\"wp-block-separator has-css-opacity is-style-wide\" \/>\n\n\n\n<h2 class=\"wp-block-heading\">Bunte Faschingsfreude mit Berlinern und Kamellen.<\/h2>\n\n\n\n<p>4. M\u00e4rz 2025<\/p>\n\n\n\n<p>An der St. Michael Grundschule wurde es wieder n\u00e4rrisch! Mit bunten Kost\u00fcmen, viel guter Laune und nat\u00fcrlich s\u00fc\u00dfen Leckereien feierten die Sch\u00fclerinnen und Sch\u00fcler eine fr\u00f6hliche Faschingsparty.<\/p>\n\n\n\n<p>Ein besonderes Highlight waren die leckeren Berliner, die gro\u00dfz\u00fcgig von <strong>Kaufland Salzgitter<\/strong> gespendet wurden. Ein gro\u00dfes Dankesch\u00f6n f\u00fcr diese k\u00f6stliche \u00dcberraschung! Doch damit nicht genug \u2013 auch Kamellen und weitere S\u00fc\u00dfigkeiten wurden vom F\u00f6rderverein besorgt und sorgten f\u00fcr Begeisterung. Die Lehrkr\u00e4fte lie\u00dfen es sich nicht nehmen, die Kamellen mit einem fr\u00f6hlichen Wurf auf dem Schulhof zu verteilen, sehr zur Freude der Kinder.<\/p>\n\n\n\n<p>Ein herzliches Dankesch\u00f6n an alle Beteiligten f\u00fcr diese tolle Faschingsaktion! \ud83c\udf88\ud83e\udd39\u200d\u2642\ufe0f<\/p>\n\n\n\n<p>Helau und Alaaf \u2013 wir freuen uns schon auf n\u00e4chstes Jahr!<\/p>\n\n\n\n<figure class=\"wp-block-gallery has-nested-images columns-default is-cropped wp-block-gallery-4 is-layout-flex wp-block-gallery-is-layout-flex\">\n<figure class=\"wp-block-image size-large is-style-tw-rounded-corners\"><img loading=\"lazy\" decoding=\"async\" width=\"1825\" height=\"2560\" data-id=\"365\" src=\"https:\/\/wordpress.nibis.de\/stmichael\/files\/2025\/03\/Berliner-und-tanzende-Kinder-scaled.jpeg\" alt=\"Berliner tanzende Kinder\" class=\"wp-image-365\" srcset=\"https:\/\/wordpress.nibis.de\/stmichael\/files\/2025\/03\/Berliner-und-tanzende-Kinder-scaled.jpeg 1825w, https:\/\/wordpress.nibis.de\/stmichael\/files\/2025\/03\/Berliner-und-tanzende-Kinder-214x300.jpeg 214w, https:\/\/wordpress.nibis.de\/stmichael\/files\/2025\/03\/Berliner-und-tanzende-Kinder-730x1024.jpeg 730w, https:\/\/wordpress.nibis.de\/stmichael\/files\/2025\/03\/Berliner-und-tanzende-Kinder-768x1077.jpeg 768w, https:\/\/wordpress.nibis.de\/stmichael\/files\/2025\/03\/Berliner-und-tanzende-Kinder-1095x1536.jpeg 1095w, https:\/\/wordpress.nibis.de\/stmichael\/files\/2025\/03\/Berliner-und-tanzende-Kinder-1460x2048.jpeg 1460w, https:\/\/wordpress.nibis.de\/stmichael\/files\/2025\/03\/Berliner-und-tanzende-Kinder-192x270.jpeg 192w\" sizes=\"auto, (max-width: 1825px) 100vw, 1825px\" \/><\/figure>\n\n\n\n<figure class=\"wp-block-image size-large is-style-tw-rounded-corners\"><img loading=\"lazy\" decoding=\"async\" width=\"1920\" height=\"2560\" data-id=\"366\" src=\"https:\/\/wordpress.nibis.de\/stmichael\/files\/2025\/03\/Kinderhaende-mit-Berliner-scaled.jpeg\" alt=\"\" class=\"wp-image-366\" srcset=\"https:\/\/wordpress.nibis.de\/stmichael\/files\/2025\/03\/Kinderhaende-mit-Berliner-scaled.jpeg 1920w, https:\/\/wordpress.nibis.de\/stmichael\/files\/2025\/03\/Kinderhaende-mit-Berliner-225x300.jpeg 225w, https:\/\/wordpress.nibis.de\/stmichael\/files\/2025\/03\/Kinderhaende-mit-Berliner-768x1024.jpeg 768w, https:\/\/wordpress.nibis.de\/stmichael\/files\/2025\/03\/Kinderhaende-mit-Berliner-1152x1536.jpeg 1152w, https:\/\/wordpress.nibis.de\/stmichael\/files\/2025\/03\/Kinderhaende-mit-Berliner-1536x2048.jpeg 1536w, https:\/\/wordpress.nibis.de\/stmichael\/files\/2025\/03\/Kinderhaende-mit-Berliner-203x270.jpeg 203w\" sizes=\"auto, (max-width: 1920px) 100vw, 1920px\" \/><\/figure>\n<\/figure>\n\n\n\n<p><\/p>\n\n\n\n<p><\/p>\n\n\n\n<hr class=\"wp-block-separator has-css-opacity is-style-wide\" \/>\n\n\n\n<h2 class=\"wp-block-heading\">Lesewettbewerb an der St. Michael Grundschule \u2013 Spannende Geschichten, stolze Leser und tolle Preise!<\/h2>\n\n\n\n<p>April 2025<\/p>\n\n\n\n<p>K\u00fcrzlich fand an unserer St. Michael Grundschule ein schulinterner Lesewettbewerb statt \u2013 ein besonderer Tag, an dem unsere lesebegeisterten Sch\u00fclerinnen und Sch\u00fcler aus den dritten und vierten Klassen zeigen konnten, was in ihnen steckt.<\/p>\n\n\n\n<p>Aus jeder Klasse wurden zwei Kinder ausgew\u00e4hlt, um ihre Lesek\u00fcnste unter Beweis zu stellen. Mit viel Mut, Ausdruck und Begeisterung haben sie vor Publikum und Jury spannende Geschichten vorgelesen. Mal lustig, mal spannend, mal nachdenklich. Und eines war ganz schnell klar: Unsere kleinen Leseratten hatten sich richtig gut vorbereitet!<\/p>\n\n\n\n<p>Am Ende stand nicht nur der Wettbewerb im Mittelpunkt, sondern vor allem die Freude am Lesen. Daf\u00fcr gab es nat\u00fcrlich auch eine besondere Belohnung! Wir bedanken uns ganz herzlich bei unseren gro\u00dfz\u00fcgigen Unterst\u00fctzern:<br><strong><a href=\"https:\/\/kultiplex.de\/\" data-type=\"URL\" data-id=\"https:\/\/kultiplex.de\/\">Das Kultiplex Kino Salzgitter<\/a><\/strong>&nbsp;hat einen&nbsp;<strong>Gutschein f\u00fcr zwei Personen<\/strong>&nbsp;geschenkt \u2013 ein echtes Highlight! Au\u00dferdem sagen wir&nbsp;<strong>Danke an die Stadt Salzgitter<\/strong>, die&nbsp;<strong>Eintrittsgutscheine f\u00fcr die <a href=\"https:\/\/www.eissporthalle-salzgitter.de\/\">Eissporthalle<\/a> und das <a href=\"https:\/\/www.stadtbad-lebenstedt.de\/\">Schwimmbad<\/a><\/strong>&nbsp;zur Verf\u00fcgung gestellt hat. Und damit keiner leer ausging, konnten sich alle 6 Kinder \u00fcber ein personalisiertes Stiftem\u00e4ppchen von<a href=\"https:\/\/kitafreuden.de\/\"> Kitafreuden<\/a> freuen.<\/p>\n\n\n\n<p>Wir sind stolz auf alle Kinder, die teilgenommen haben, und freuen uns schon auf den n\u00e4chsten Lesewettbewerb &#8211; 2026. Denn Lesen macht nicht nur klug \u2013 es macht auch richtig Spa\u00df!<\/p>\n\n\n\n<p>Euer Schulf\u00f6rderverein der<br><strong>St. Michael Grundschule Salzgitter<\/strong><\/p>\n\n\n\n<figure class=\"wp-block-gallery has-nested-images columns-default is-cropped is-style-tw-img-rounded wp-block-gallery-5 is-layout-flex wp-block-gallery-is-layout-flex\">\n<figure class=\"wp-block-image size-full tw-width-100\"><img loading=\"lazy\" decoding=\"async\" width=\"1106\" height=\"830\" data-id=\"577\" src=\"https:\/\/wordpress.nibis.de\/stmichael\/files\/2025\/05\/2025-03-28-Vorlesewettberb.jpg\" alt=\"\" class=\"wp-image-577\" srcset=\"https:\/\/wordpress.nibis.de\/stmichael\/files\/2025\/05\/2025-03-28-Vorlesewettberb.jpg 1106w, https:\/\/wordpress.nibis.de\/stmichael\/files\/2025\/05\/2025-03-28-Vorlesewettberb-300x225.jpg 300w, https:\/\/wordpress.nibis.de\/stmichael\/files\/2025\/05\/2025-03-28-Vorlesewettberb-1024x768.jpg 1024w, https:\/\/wordpress.nibis.de\/stmichael\/files\/2025\/05\/2025-03-28-Vorlesewettberb-768x576.jpg 768w, https:\/\/wordpress.nibis.de\/stmichael\/files\/2025\/05\/2025-03-28-Vorlesewettberb-360x270.jpg 360w\" sizes=\"auto, (max-width: 1106px) 100vw, 1106px\" \/><figcaption class=\"wp-element-caption\">von links nach rechts, Schulleitung &#8211; Herr N\u00fchrig, Sch\u00fcler vom 1. bis 6. Platz und F\u00f6rderverein Frau Dyrbus<\/figcaption><\/figure>\n\n\n\n<figure class=\"wp-block-image size-large\"><img loading=\"lazy\" decoding=\"async\" width=\"1920\" height=\"2560\" data-id=\"579\" src=\"https:\/\/wordpress.nibis.de\/stmichael\/files\/2025\/05\/image00001-scaled.jpeg\" alt=\"\" class=\"wp-image-579\" srcset=\"https:\/\/wordpress.nibis.de\/stmichael\/files\/2025\/05\/image00001-scaled.jpeg 1920w, https:\/\/wordpress.nibis.de\/stmichael\/files\/2025\/05\/image00001-225x300.jpeg 225w, https:\/\/wordpress.nibis.de\/stmichael\/files\/2025\/05\/image00001-768x1024.jpeg 768w, https:\/\/wordpress.nibis.de\/stmichael\/files\/2025\/05\/image00001-1152x1536.jpeg 1152w, https:\/\/wordpress.nibis.de\/stmichael\/files\/2025\/05\/image00001-1536x2048.jpeg 1536w, https:\/\/wordpress.nibis.de\/stmichael\/files\/2025\/05\/image00001-203x270.jpeg 203w\" sizes=\"auto, (max-width: 1920px) 100vw, 1920px\" \/><\/figure>\n<\/figure>\n\n\n\n<p><\/p>\n","protected":false},"excerpt":{"rendered":"<p>Duftende Waffeln vor Weihnachten 18. Dezember 2025 Am vorletzten Schultag vor den Weihnachtsferien wurden unsere Sch\u00fclerinnen und Sch\u00fcler nach dem Gottesdienst mit einem ganz besonderen Empfang \u00fcberrascht: In der Schule wartete der Duft frisch gebackener Waffeln auf sie. W\u00e4hrend die Kinder den Gottesdienst besuchten, standen engagierte Eltern in der K\u00fcche und backten flei\u00dfig Waffeln f\u00fcr alle. So konnten die Kinder und die Lehrkr\u00e4fte gemeinsam in gem\u00fctlicher Atmosph\u00e4re das Jahr ausklingen lassen und sich auf die Weihnachtsferien einstimmen. Neue Tafeln am&#8230;<\/p>\n<p class=\"read-more\"><a class=\"btn btn-default\" href=\"https:\/\/wordpress.nibis.de\/stmichael\/foerderverein-2025\/\">Weiterlesen<span class=\"screen-reader-text\"> Weiterlesen<\/span><\/a><\/p>\n","protected":false},"author":9194367,"featured_media":0,"parent":0,"menu_order":0,"comment_status":"closed","ping_status":"closed","template":"","meta":{"footnotes":""},"class_list":["post-299","page","type-page","status-publish","hentry"],"_links":{"self":[{"href":"https:\/\/wordpress.nibis.de\/stmichael\/wp-json\/wp\/v2\/pages\/299","targetHints":{"allow":["GET"]}}],"collection":[{"href":"https:\/\/wordpress.nibis.de\/stmichael\/wp-json\/wp\/v2\/pages"}],"about":[{"href":"https:\/\/wordpress.nibis.de\/stmichael\/wp-json\/wp\/v2\/types\/page"}],"author":[{"embeddable":true,"href":"https:\/\/wordpress.nibis.de\/stmichael\/wp-json\/wp\/v2\/users\/9194367"}],"replies":[{"embeddable":true,"href":"https:\/\/wordpress.nibis.de\/stmichael\/wp-json\/wp\/v2\/comments?post=299"}],"version-history":[{"count":17,"href":"https:\/\/wordpress.nibis.de\/stmichael\/wp-json\/wp\/v2\/pages\/299\/revisions"}],"predecessor-version":[{"id":827,"href":"https:\/\/wordpress.nibis.de\/stmichael\/wp-json\/wp\/v2\/pages\/299\/revisions\/827"}],"wp:attachment":[{"href":"https:\/\/wordpress.nibis.de\/stmichael\/wp-json\/wp\/v2\/media?parent=299"}],"curies":[{"name":"wp","href":"https:\/\/api.w.org\/{rel}","templated":true}]}}