{"id":342,"date":"2025-01-14T11:16:08","date_gmt":"2025-01-14T10:16:08","guid":{"rendered":"https:\/\/wordpress.nibis.de\/stmichael\/?page_id=342"},"modified":"2025-03-13T23:21:32","modified_gmt":"2025-03-13T22:21:32","slug":"foerderverein-2023","status":"publish","type":"page","link":"https:\/\/wordpress.nibis.de\/stmichael\/foerderverein-2023\/","title":{"rendered":"F\u00f6rderverein 2023"},"content":{"rendered":"\n<h2 class=\"wp-block-heading\">Helau und Alaaf<\/h2>\n\n\n\n<p>Februar 2023<\/p>\n\n\n\n<p>Unser F\u00f6rderverein hat den Sch\u00fclerinnen und Sch\u00fclern zum Karneval wieder eine leckere Freude bereitet und 250 Berliner sowie Fruchtkaramellen gespendet. Letztere wurden standesgem\u00e4\u00df f\u00fcr die Kinder bei der Karnevalsfeier geworfen.<\/p>\n\n\n\n<p>Die Kinder und Lehrerkr\u00e4fte waren begeistert und bedankten sich herzlich. Diese Aktionen vom F\u00f6rderverein soll dazu beitragen, das Gemeinschaftsgef\u00fchl an der Schule zu st\u00e4rken und den Kindern eine kleine Freude zu bereiten.<\/p>\n\n\n\n<figure class=\"wp-block-gallery has-nested-images columns-default is-cropped is-style-tw-img-rounded wp-block-gallery-1 is-layout-flex wp-block-gallery-is-layout-flex\">\n<figure class=\"wp-block-image size-large\"><img loading=\"lazy\" decoding=\"async\" width=\"1210\" height=\"1613\" data-id=\"448\" src=\"https:\/\/wordpress.nibis.de\/stmichael\/files\/2025\/03\/Karneval2023_1-1.jpg\" alt=\"\" class=\"wp-image-448\" srcset=\"https:\/\/wordpress.nibis.de\/stmichael\/files\/2025\/03\/Karneval2023_1-1.jpg 1210w, https:\/\/wordpress.nibis.de\/stmichael\/files\/2025\/03\/Karneval2023_1-1-225x300.jpg 225w, https:\/\/wordpress.nibis.de\/stmichael\/files\/2025\/03\/Karneval2023_1-1-768x1024.jpg 768w, https:\/\/wordpress.nibis.de\/stmichael\/files\/2025\/03\/Karneval2023_1-1-1152x1536.jpg 1152w, https:\/\/wordpress.nibis.de\/stmichael\/files\/2025\/03\/Karneval2023_1-1-203x270.jpg 203w\" sizes=\"auto, (max-width: 1210px) 100vw, 1210px\" \/><\/figure>\n\n\n\n<figure class=\"wp-block-image size-large\"><img loading=\"lazy\" decoding=\"async\" width=\"1210\" height=\"1613\" data-id=\"449\" src=\"https:\/\/wordpress.nibis.de\/stmichael\/files\/2025\/03\/Karneval2023_2.jpg\" alt=\"\" class=\"wp-image-449\" srcset=\"https:\/\/wordpress.nibis.de\/stmichael\/files\/2025\/03\/Karneval2023_2.jpg 1210w, https:\/\/wordpress.nibis.de\/stmichael\/files\/2025\/03\/Karneval2023_2-225x300.jpg 225w, https:\/\/wordpress.nibis.de\/stmichael\/files\/2025\/03\/Karneval2023_2-768x1024.jpg 768w, https:\/\/wordpress.nibis.de\/stmichael\/files\/2025\/03\/Karneval2023_2-1152x1536.jpg 1152w, https:\/\/wordpress.nibis.de\/stmichael\/files\/2025\/03\/Karneval2023_2-203x270.jpg 203w\" sizes=\"auto, (max-width: 1210px) 100vw, 1210px\" \/><\/figure>\n<\/figure>\n\n\n\n\n\n<hr class=\"wp-block-separator has-text-color has-background has-vivid-cyan-blue-background-color has-vivid-cyan-blue-color is-style-wide\" \/>\n\n\n\n\n\n<h2 class=\"wp-block-heading\">Lesewettbewerb 2023<\/h2>\n\n\n\n<p>Beim schulinternen Lesewettbewerb f\u00fcr die Kinder der 3. und 4. Klasse sorgten wir, der F\u00f6rderverein, wieder f\u00fcr tolle Preise! Der Wettbewerb soll dazu anregen, das Lesen zu einer sch\u00f6nen und interessanten Besch\u00e4ftigung zu machen.<\/p>\n\n\n\n<p>Gro\u00dfartige Preise konnten vergeben werden: der 1. bis 3. konnte sich \u00fcber einen Kinogutschein, einen Gutschein f\u00fcr die Eissporthalle oder das Schwimmbad freuen. Vielen Dank an die Sponsoren des Kultiplex Kinos und der Stadt Salzgitter B\u00e4der, Sport &amp; Freizeit. F\u00fcr den 4. bis 6. Platz haben wir tolle Stiftem\u00e4ppchen anfertigen lassen.<\/p>\n\n\n\n<p>Die Kinder, die am Wettbewerb teilnehmen, werden klassenintern gew\u00e4hlt und lesen zum einen ein St\u00fcck aus einem selbst ausgew\u00e4hlten Buch und einen fremden Text.<\/p>\n\n\n\n<p>Wir freuen uns auf das n\u00e4chste Jahr und w\u00fcnschen allen viel Freude mit den Gewinnen. Mit Spa\u00df beim Lesen!<\/p>\n\n\n\n<p>Euer F\u00f6rderverein<\/p>\n\n\n\n<div class=\"wp-block-columns are-vertically-aligned-center is-layout-flex wp-container-core-columns-is-layout-abceabcf wp-block-columns-is-layout-flex\">\n<div class=\"wp-block-column is-vertically-aligned-center is-layout-flow wp-block-column-is-layout-flow\" style=\"--col-width:100%;flex-basis:100%\">\n<figure class=\"wp-block-gallery has-nested-images columns-default is-cropped wp-block-gallery-2 is-layout-flex wp-block-gallery-is-layout-flex\">\n<figure class=\"wp-block-image size-large is-style-tw-rounded-corners\"><img loading=\"lazy\" decoding=\"async\" width=\"907\" height=\"1210\" data-id=\"454\" src=\"https:\/\/wordpress.nibis.de\/stmichael\/files\/2025\/03\/Lesewettbewerb-2023_03-1.jpg\" alt=\"\" class=\"wp-image-454\" srcset=\"https:\/\/wordpress.nibis.de\/stmichael\/files\/2025\/03\/Lesewettbewerb-2023_03-1.jpg 907w, https:\/\/wordpress.nibis.de\/stmichael\/files\/2025\/03\/Lesewettbewerb-2023_03-1-225x300.jpg 225w, https:\/\/wordpress.nibis.de\/stmichael\/files\/2025\/03\/Lesewettbewerb-2023_03-1-768x1025.jpg 768w, https:\/\/wordpress.nibis.de\/stmichael\/files\/2025\/03\/Lesewettbewerb-2023_03-1-202x270.jpg 202w\" sizes=\"auto, (max-width: 907px) 100vw, 907px\" \/><\/figure>\n\n\n\n<figure class=\"wp-block-image size-large is-style-tw-rounded-corners\"><img loading=\"lazy\" decoding=\"async\" width=\"1536\" height=\"710\" data-id=\"453\" src=\"https:\/\/wordpress.nibis.de\/stmichael\/files\/2025\/03\/Lesewettbewerb-2023_02-1536x710-1.jpeg\" alt=\"\" class=\"wp-image-453\" srcset=\"https:\/\/wordpress.nibis.de\/stmichael\/files\/2025\/03\/Lesewettbewerb-2023_02-1536x710-1.jpeg 1536w, https:\/\/wordpress.nibis.de\/stmichael\/files\/2025\/03\/Lesewettbewerb-2023_02-1536x710-1-300x139.jpeg 300w, https:\/\/wordpress.nibis.de\/stmichael\/files\/2025\/03\/Lesewettbewerb-2023_02-1536x710-1-1024x473.jpeg 1024w, https:\/\/wordpress.nibis.de\/stmichael\/files\/2025\/03\/Lesewettbewerb-2023_02-1536x710-1-768x355.jpeg 768w, https:\/\/wordpress.nibis.de\/stmichael\/files\/2025\/03\/Lesewettbewerb-2023_02-1536x710-1-584x270.jpeg 584w\" sizes=\"auto, (max-width: 1536px) 100vw, 1536px\" \/><\/figure>\n\n\n\n<figure class=\"wp-block-image size-large is-style-tw-rounded-corners\"><img loading=\"lazy\" decoding=\"async\" width=\"907\" height=\"1210\" data-id=\"455\" src=\"https:\/\/wordpress.nibis.de\/stmichael\/files\/2025\/03\/Lesewettbewerb-2023_04.jpg\" alt=\"\" class=\"wp-image-455\" srcset=\"https:\/\/wordpress.nibis.de\/stmichael\/files\/2025\/03\/Lesewettbewerb-2023_04.jpg 907w, https:\/\/wordpress.nibis.de\/stmichael\/files\/2025\/03\/Lesewettbewerb-2023_04-225x300.jpg 225w, https:\/\/wordpress.nibis.de\/stmichael\/files\/2025\/03\/Lesewettbewerb-2023_04-768x1025.jpg 768w, https:\/\/wordpress.nibis.de\/stmichael\/files\/2025\/03\/Lesewettbewerb-2023_04-202x270.jpg 202w\" sizes=\"auto, (max-width: 907px) 100vw, 907px\" \/><\/figure>\n\n\n\n<figure class=\"wp-block-image size-large is-style-tw-rounded-corners\"><img loading=\"lazy\" decoding=\"async\" width=\"1536\" height=\"710\" data-id=\"456\" src=\"https:\/\/wordpress.nibis.de\/stmichael\/files\/2025\/03\/Lesewettbewerb-2023_02-1536x710-2.jpeg\" alt=\"\" class=\"wp-image-456\" srcset=\"https:\/\/wordpress.nibis.de\/stmichael\/files\/2025\/03\/Lesewettbewerb-2023_02-1536x710-2.jpeg 1536w, https:\/\/wordpress.nibis.de\/stmichael\/files\/2025\/03\/Lesewettbewerb-2023_02-1536x710-2-300x139.jpeg 300w, https:\/\/wordpress.nibis.de\/stmichael\/files\/2025\/03\/Lesewettbewerb-2023_02-1536x710-2-1024x473.jpeg 1024w, https:\/\/wordpress.nibis.de\/stmichael\/files\/2025\/03\/Lesewettbewerb-2023_02-1536x710-2-768x355.jpeg 768w, https:\/\/wordpress.nibis.de\/stmichael\/files\/2025\/03\/Lesewettbewerb-2023_02-1536x710-2-584x270.jpeg 584w\" sizes=\"auto, (max-width: 1536px) 100vw, 1536px\" \/><\/figure>\n<\/figure>\n<\/div>\n<\/div>\n\n\n\n<p><\/p>\n","protected":false},"excerpt":{"rendered":"<p>Helau und Alaaf Februar 2023 Unser F\u00f6rderverein hat den Sch\u00fclerinnen und Sch\u00fclern zum Karneval wieder eine leckere Freude bereitet und 250 Berliner sowie Fruchtkaramellen gespendet. Letztere wurden standesgem\u00e4\u00df f\u00fcr die Kinder bei der Karnevalsfeier geworfen. Die Kinder und Lehrerkr\u00e4fte waren begeistert und bedankten sich herzlich. Diese Aktionen vom F\u00f6rderverein soll dazu beitragen, das Gemeinschaftsgef\u00fchl an der Schule zu st\u00e4rken und den Kindern eine kleine Freude zu bereiten. Lesewettbewerb 2023 Beim schulinternen Lesewettbewerb f\u00fcr die Kinder der 3. und 4. Klasse&#8230;<\/p>\n<p class=\"read-more\"><a class=\"btn btn-default\" href=\"https:\/\/wordpress.nibis.de\/stmichael\/foerderverein-2023\/\">Weiterlesen<span class=\"screen-reader-text\"> Weiterlesen<\/span><\/a><\/p>\n","protected":false},"author":9194482,"featured_media":0,"parent":0,"menu_order":0,"comment_status":"closed","ping_status":"closed","template":"","meta":{"footnotes":""},"class_list":["post-342","page","type-page","status-publish","hentry"],"_links":{"self":[{"href":"https:\/\/wordpress.nibis.de\/stmichael\/wp-json\/wp\/v2\/pages\/342","targetHints":{"allow":["GET"]}}],"collection":[{"href":"https:\/\/wordpress.nibis.de\/stmichael\/wp-json\/wp\/v2\/pages"}],"about":[{"href":"https:\/\/wordpress.nibis.de\/stmichael\/wp-json\/wp\/v2\/types\/page"}],"author":[{"embeddable":true,"href":"https:\/\/wordpress.nibis.de\/stmichael\/wp-json\/wp\/v2\/users\/9194482"}],"replies":[{"embeddable":true,"href":"https:\/\/wordpress.nibis.de\/stmichael\/wp-json\/wp\/v2\/comments?post=342"}],"version-history":[{"count":5,"href":"https:\/\/wordpress.nibis.de\/stmichael\/wp-json\/wp\/v2\/pages\/342\/revisions"}],"predecessor-version":[{"id":478,"href":"https:\/\/wordpress.nibis.de\/stmichael\/wp-json\/wp\/v2\/pages\/342\/revisions\/478"}],"wp:attachment":[{"href":"https:\/\/wordpress.nibis.de\/stmichael\/wp-json\/wp\/v2\/media?parent=342"}],"curies":[{"name":"wp","href":"https:\/\/api.w.org\/{rel}","templated":true}]}}