{"id":360,"date":"2025-02-28T09:29:05","date_gmt":"2025-02-28T08:29:05","guid":{"rendered":"https:\/\/wordpress.nibis.de\/stmichael\/?page_id=360"},"modified":"2025-03-04T11:18:44","modified_gmt":"2025-03-04T10:18:44","slug":"neue-sitzmoeglichkeiten-fuer-unseren-schulhof-dank-an-den-sport-oskar-und-den-schulfoerderverein","status":"publish","type":"page","link":"https:\/\/wordpress.nibis.de\/stmichael\/neue-sitzmoeglichkeiten-fuer-unseren-schulhof-dank-an-den-sport-oskar-und-den-schulfoerderverein\/","title":{"rendered":"F\u00f6rderverein 2024"},"content":{"rendered":"\n<h2 class=\"wp-block-heading\">Neue Sitzm\u00f6glichkeiten f\u00fcr unseren Schulhof \u2013 Dank an den Sport-Oskar und den Schulf\u00f6rderverein<\/h2>\n\n\n\n<p>Dank einer gro\u00dfz\u00fcgigen Spende vom <em>Sport-Oskar<\/em> und der Unterst\u00fctzung unseres <em>Schulf\u00f6rdervereins<\/em> konnten wir unseren Schulhof um wertvolle Sitzm\u00f6glichkeiten erweitern. Eine neue <strong>Sitzgruppe mit Holztisch und zwei Holzb\u00e4nken<\/strong> sowie eine <strong>Freundschaftsbank<\/strong> laden die Kinder nun zum Verweilen, Plaudern und Ausruhen ein.<\/p>\n\n\n\n<p>Besonders in den Hofpausen werden die neuen Sitzpl\u00e4tze gerne genutzt \u2013 sei es f\u00fcr eine kleine Verschnaufpause, zum Spielen oder um gemeinsam mit Freundinnen und Freunden die Zeit zu genie\u00dfen. Die <strong>Freundschaftsbank<\/strong> hat dabei eine ganz besondere Bedeutung: Hier findet jeder einen Platz, der Anschluss sucht oder einfach nicht allein sein m\u00f6chte.<\/p>\n\n\n\n<p>Ein herzliches Dankesch\u00f6n an alle, die diese tolle Bereicherung f\u00fcr unseren Schulhof m\u00f6glich gemacht haben!<\/p>\n\n\n\n<figure class=\"wp-block-gallery has-nested-images columns-default is-cropped is-style-tw-img-rounded wp-block-gallery-1 is-layout-flex wp-block-gallery-is-layout-flex\">\n<figure class=\"wp-block-image size-large\"><img loading=\"lazy\" decoding=\"async\" width=\"1920\" height=\"2560\" data-id=\"323\" src=\"https:\/\/wordpress.nibis.de\/stmichael\/files\/2025\/01\/Freundschaftsbank-2-scaled.jpeg\" alt=\"\" class=\"wp-image-323\" srcset=\"https:\/\/wordpress.nibis.de\/stmichael\/files\/2025\/01\/Freundschaftsbank-2-scaled.jpeg 1920w, https:\/\/wordpress.nibis.de\/stmichael\/files\/2025\/01\/Freundschaftsbank-2-225x300.jpeg 225w, https:\/\/wordpress.nibis.de\/stmichael\/files\/2025\/01\/Freundschaftsbank-2-768x1024.jpeg 768w, https:\/\/wordpress.nibis.de\/stmichael\/files\/2025\/01\/Freundschaftsbank-2-1152x1536.jpeg 1152w, https:\/\/wordpress.nibis.de\/stmichael\/files\/2025\/01\/Freundschaftsbank-2-1536x2048.jpeg 1536w, https:\/\/wordpress.nibis.de\/stmichael\/files\/2025\/01\/Freundschaftsbank-2-203x270.jpeg 203w\" sizes=\"auto, (max-width: 1920px) 100vw, 1920px\" \/><figcaption>Freundschaftsbank<\/figcaption><\/figure>\n\n\n\n<figure class=\"wp-block-image size-large\"><img loading=\"lazy\" decoding=\"async\" width=\"1920\" height=\"2560\" data-id=\"322\" src=\"https:\/\/wordpress.nibis.de\/stmichael\/files\/2025\/01\/Freundschaftsbank-1-scaled.jpeg\" alt=\"Freundschaftsbank mit Kindern\" class=\"wp-image-322\" srcset=\"https:\/\/wordpress.nibis.de\/stmichael\/files\/2025\/01\/Freundschaftsbank-1-scaled.jpeg 1920w, https:\/\/wordpress.nibis.de\/stmichael\/files\/2025\/01\/Freundschaftsbank-1-225x300.jpeg 225w, https:\/\/wordpress.nibis.de\/stmichael\/files\/2025\/01\/Freundschaftsbank-1-768x1024.jpeg 768w, https:\/\/wordpress.nibis.de\/stmichael\/files\/2025\/01\/Freundschaftsbank-1-1152x1536.jpeg 1152w, https:\/\/wordpress.nibis.de\/stmichael\/files\/2025\/01\/Freundschaftsbank-1-1536x2048.jpeg 1536w, https:\/\/wordpress.nibis.de\/stmichael\/files\/2025\/01\/Freundschaftsbank-1-203x270.jpeg 203w\" sizes=\"auto, (max-width: 1920px) 100vw, 1920px\" \/><figcaption>Freundschaftsbank<\/figcaption><\/figure>\n\n\n\n<figure class=\"wp-block-image size-large\"><img loading=\"lazy\" decoding=\"async\" width=\"1920\" height=\"2560\" data-id=\"324\" src=\"https:\/\/wordpress.nibis.de\/stmichael\/files\/2025\/01\/Freundschaftsbank-3-scaled.jpeg\" alt=\"\" class=\"wp-image-324\" srcset=\"https:\/\/wordpress.nibis.de\/stmichael\/files\/2025\/01\/Freundschaftsbank-3-scaled.jpeg 1920w, https:\/\/wordpress.nibis.de\/stmichael\/files\/2025\/01\/Freundschaftsbank-3-225x300.jpeg 225w, https:\/\/wordpress.nibis.de\/stmichael\/files\/2025\/01\/Freundschaftsbank-3-768x1024.jpeg 768w, https:\/\/wordpress.nibis.de\/stmichael\/files\/2025\/01\/Freundschaftsbank-3-1152x1536.jpeg 1152w, https:\/\/wordpress.nibis.de\/stmichael\/files\/2025\/01\/Freundschaftsbank-3-1536x2048.jpeg 1536w, https:\/\/wordpress.nibis.de\/stmichael\/files\/2025\/01\/Freundschaftsbank-3-203x270.jpeg 203w\" sizes=\"auto, (max-width: 1920px) 100vw, 1920px\" \/><figcaption>Freundschaftsbank<\/figcaption><\/figure>\n\n\n\n<figure class=\"wp-block-image size-large\"><img loading=\"lazy\" decoding=\"async\" width=\"1920\" height=\"2560\" data-id=\"325\" src=\"https:\/\/wordpress.nibis.de\/stmichael\/files\/2025\/01\/Sitzgelegenheit-1-scaled.jpeg\" alt=\"\" class=\"wp-image-325\" srcset=\"https:\/\/wordpress.nibis.de\/stmichael\/files\/2025\/01\/Sitzgelegenheit-1-scaled.jpeg 1920w, https:\/\/wordpress.nibis.de\/stmichael\/files\/2025\/01\/Sitzgelegenheit-1-225x300.jpeg 225w, https:\/\/wordpress.nibis.de\/stmichael\/files\/2025\/01\/Sitzgelegenheit-1-768x1024.jpeg 768w, https:\/\/wordpress.nibis.de\/stmichael\/files\/2025\/01\/Sitzgelegenheit-1-1152x1536.jpeg 1152w, https:\/\/wordpress.nibis.de\/stmichael\/files\/2025\/01\/Sitzgelegenheit-1-1536x2048.jpeg 1536w, https:\/\/wordpress.nibis.de\/stmichael\/files\/2025\/01\/Sitzgelegenheit-1-203x270.jpeg 203w\" sizes=\"auto, (max-width: 1920px) 100vw, 1920px\" \/><figcaption>unsere neue Sitzgelegenheit<\/figcaption><\/figure>\n\n\n\n<figure class=\"wp-block-image size-large\"><img loading=\"lazy\" decoding=\"async\" width=\"1920\" height=\"2560\" data-id=\"326\" src=\"https:\/\/wordpress.nibis.de\/stmichael\/files\/2025\/01\/Sitzgelegenheit-2-scaled.jpeg\" alt=\"\" class=\"wp-image-326\" srcset=\"https:\/\/wordpress.nibis.de\/stmichael\/files\/2025\/01\/Sitzgelegenheit-2-scaled.jpeg 1920w, https:\/\/wordpress.nibis.de\/stmichael\/files\/2025\/01\/Sitzgelegenheit-2-225x300.jpeg 225w, https:\/\/wordpress.nibis.de\/stmichael\/files\/2025\/01\/Sitzgelegenheit-2-768x1024.jpeg 768w, https:\/\/wordpress.nibis.de\/stmichael\/files\/2025\/01\/Sitzgelegenheit-2-1152x1536.jpeg 1152w, https:\/\/wordpress.nibis.de\/stmichael\/files\/2025\/01\/Sitzgelegenheit-2-1536x2048.jpeg 1536w, https:\/\/wordpress.nibis.de\/stmichael\/files\/2025\/01\/Sitzgelegenheit-2-203x270.jpeg 203w\" sizes=\"auto, (max-width: 1920px) 100vw, 1920px\" \/><figcaption>Sitzgelegenheit<\/figcaption><\/figure>\n<\/figure>\n","protected":false},"excerpt":{"rendered":"<p>Neue Sitzm\u00f6glichkeiten f\u00fcr unseren Schulhof \u2013 Dank an den Sport-Oskar und den Schulf\u00f6rderverein Dank einer gro\u00dfz\u00fcgigen Spende vom Sport-Oskar und der Unterst\u00fctzung unseres Schulf\u00f6rdervereins konnten wir unseren Schulhof um wertvolle Sitzm\u00f6glichkeiten erweitern. Eine neue Sitzgruppe mit Holztisch und zwei Holzb\u00e4nken sowie eine Freundschaftsbank laden die Kinder nun zum Verweilen, Plaudern und Ausruhen ein. Besonders in den Hofpausen werden die neuen Sitzpl\u00e4tze gerne genutzt \u2013 sei es f\u00fcr eine kleine Verschnaufpause, zum Spielen oder um gemeinsam mit Freundinnen und Freunden die&#8230;<\/p>\n<p class=\"read-more\"><a class=\"btn btn-default\" href=\"https:\/\/wordpress.nibis.de\/stmichael\/neue-sitzmoeglichkeiten-fuer-unseren-schulhof-dank-an-den-sport-oskar-und-den-schulfoerderverein\/\">Weiterlesen<span class=\"screen-reader-text\"> Weiterlesen<\/span><\/a><\/p>\n","protected":false},"author":9194482,"featured_media":0,"parent":0,"menu_order":0,"comment_status":"closed","ping_status":"closed","template":"","meta":{"footnotes":""},"class_list":["post-360","page","type-page","status-publish","hentry"],"_links":{"self":[{"href":"https:\/\/wordpress.nibis.de\/stmichael\/wp-json\/wp\/v2\/pages\/360","targetHints":{"allow":["GET"]}}],"collection":[{"href":"https:\/\/wordpress.nibis.de\/stmichael\/wp-json\/wp\/v2\/pages"}],"about":[{"href":"https:\/\/wordpress.nibis.de\/stmichael\/wp-json\/wp\/v2\/types\/page"}],"author":[{"embeddable":true,"href":"https:\/\/wordpress.nibis.de\/stmichael\/wp-json\/wp\/v2\/users\/9194482"}],"replies":[{"embeddable":true,"href":"https:\/\/wordpress.nibis.de\/stmichael\/wp-json\/wp\/v2\/comments?post=360"}],"version-history":[{"count":3,"href":"https:\/\/wordpress.nibis.de\/stmichael\/wp-json\/wp\/v2\/pages\/360\/revisions"}],"predecessor-version":[{"id":371,"href":"https:\/\/wordpress.nibis.de\/stmichael\/wp-json\/wp\/v2\/pages\/360\/revisions\/371"}],"wp:attachment":[{"href":"https:\/\/wordpress.nibis.de\/stmichael\/wp-json\/wp\/v2\/media?parent=360"}],"curies":[{"name":"wp","href":"https:\/\/api.w.org\/{rel}","templated":true}]}}