{"id":93,"date":"2021-07-22T08:39:58","date_gmt":"2021-07-22T06:39:58","guid":{"rendered":"https:\/\/wordpress.nibis.de\/strompost\/?page_id=93"},"modified":"2026-02-25T05:59:31","modified_gmt":"2026-02-25T04:59:31","slug":"ueber-uns","status":"publish","type":"page","link":"https:\/\/wordpress.nibis.de\/strompost\/ueber-uns\/","title":{"rendered":"\u00dcber uns"},"content":{"rendered":"\n<p>Im 2. Schulhalbjahr 2025\/2026 schreiben wir als Sch\u00fclerreporterinnen und Sch\u00fclerreporter f\u00fcr die &#8222;Strompost&#8220;:<\/p>\n\n\n\n<figure class=\"wp-block-image size-large\"><img loading=\"lazy\" decoding=\"async\" width=\"1200\" height=\"675\" src=\"https:\/\/wordpress.nibis.de\/strompost\/files\/2026\/02\/Schule-8-1200x675.png\" alt=\"\" class=\"wp-image-12726\" srcset=\"https:\/\/wordpress.nibis.de\/strompost\/files\/2026\/02\/Schule-8-1200x675.png 1200w, https:\/\/wordpress.nibis.de\/strompost\/files\/2026\/02\/Schule-8-850x478.png 850w, https:\/\/wordpress.nibis.de\/strompost\/files\/2026\/02\/Schule-8-250x141.png 250w\" sizes=\"auto, (max-width: 1200px) 100vw, 1200px\" \/><\/figure>\n\n\n\n<p>Von links nach rechts: Luisa, Lisa, Sophia, Mattis, Milla, Jonte, Victoria, Bosse, Hannah, Maysam, Lotte und Rena. Nicht zu sehen: Marie, Hannah, Linda, Elisa und Lian.<\/p>\n\n\n\n<p>Geschrieben und fotografiert von Herrn H\u00fcve<\/p>\n","protected":false},"excerpt":{"rendered":"<p>Im 2. Schulhalbjahr 2025\/2026 schreiben wir als Sch\u00fclerreporterinnen und Sch\u00fclerreporter f\u00fcr die &#8222;Strompost&#8220;: Von links nach rechts: Luisa, Lisa, Sophia, Mattis, Milla, Jonte, Victoria, Bosse, Hannah, Maysam, Lotte und Rena. Nicht zu sehen: Marie, Hannah, Linda, Elisa und Lian. Geschrieben&#8230; <a class=\"more-link\" href=\"https:\/\/wordpress.nibis.de\/strompost\/ueber-uns\/\">Weiterlesen &rarr;<\/a><\/p>\n","protected":false},"author":9193842,"featured_media":0,"parent":0,"menu_order":0,"comment_status":"closed","ping_status":"closed","template":"","meta":{"footnotes":""},"class_list":["post-93","page","type-page","status-publish","hentry"],"_links":{"self":[{"href":"https:\/\/wordpress.nibis.de\/strompost\/wp-json\/wp\/v2\/pages\/93","targetHints":{"allow":["GET"]}}],"collection":[{"href":"https:\/\/wordpress.nibis.de\/strompost\/wp-json\/wp\/v2\/pages"}],"about":[{"href":"https:\/\/wordpress.nibis.de\/strompost\/wp-json\/wp\/v2\/types\/page"}],"author":[{"embeddable":true,"href":"https:\/\/wordpress.nibis.de\/strompost\/wp-json\/wp\/v2\/users\/9193842"}],"replies":[{"embeddable":true,"href":"https:\/\/wordpress.nibis.de\/strompost\/wp-json\/wp\/v2\/comments?post=93"}],"version-history":[{"count":110,"href":"https:\/\/wordpress.nibis.de\/strompost\/wp-json\/wp\/v2\/pages\/93\/revisions"}],"predecessor-version":[{"id":12731,"href":"https:\/\/wordpress.nibis.de\/strompost\/wp-json\/wp\/v2\/pages\/93\/revisions\/12731"}],"wp:attachment":[{"href":"https:\/\/wordpress.nibis.de\/strompost\/wp-json\/wp\/v2\/media?parent=93"}],"curies":[{"name":"wp","href":"https:\/\/api.w.org\/{rel}","templated":true}]}}