{"id":2,"date":"2025-03-21T07:08:25","date_gmt":"2025-03-21T06:08:25","guid":{"rendered":"https:\/\/wordpress.nibis.de\/sts-h-ghr1\/?page_id=2"},"modified":"2025-08-06T10:22:19","modified_gmt":"2025-08-06T08:22:19","slug":"beispiel-seite","status":"publish","type":"page","link":"https:\/\/wordpress.nibis.de\/sts-h-ghr1\/","title":{"rendered":"Herzlich willkommen beim Studienseminar Hannover I GHR!"},"content":{"rendered":"\n<p><\/p>\n\n\n\n<p>Wir freuen uns \u00fcber Ihr Interesse an der Lehramtsausbildung oder dem Quereinstieg in den Schuldienst im Grundschul- und SEK I-Bereich.<\/p>\n\n\n\n<p>Auf den folgenden Seiten finden Sie dazu ausf\u00fchrliche Informationen.<\/p>\n\n\n\n<p>Wenn Sie Fragen haben oder weitere Unterst\u00fctzung ben\u00f6tigen, z\u00f6gern Sie bitte nicht, Kontakt mit uns aufzunehmen.<\/p>\n\n\n\n<p><strong>Wir freuen uns darauf, Sie auf Ihrem Weg in den Schuldienst zu begleiten!<\/strong><\/p>\n\n\n\n<p><\/p>\n\n\n\n<p><\/p>\n\n\n\n<p><\/p>\n\n\n\n<p><\/p>\n\n\n\n<p><\/p>\n\n\n\n<p><\/p>\n\n\n\n<p class=\"has-text-align-center has-large-font-size\"><strong>Diese Seite befindet sich im Aufbau!<\/strong><\/p>\n\n\n\n<p><\/p>\n\n\n\n<p><\/p>\n\n\n\n<p><\/p>\n\n\n\n<p><\/p>\n","protected":false},"excerpt":{"rendered":"<p>Wir freuen uns \u00fcber Ihr Interesse an der Lehramtsausbildung oder dem Quereinstieg in den Schuldienst im Grundschul- und SEK I-Bereich. Auf den folgenden Seiten finden Sie dazu ausf\u00fchrliche Informationen. Wenn Sie Fragen haben oder weitere Unterst\u00fctzung ben\u00f6tigen, z\u00f6gern Sie bitte nicht, Kontakt mit uns aufzunehmen. Wir freuen uns darauf, Sie auf Ihrem Weg in den &#8230; <a title=\"Herzlich willkommen beim Studienseminar Hannover I GHR!\" class=\"read-more\" href=\"https:\/\/wordpress.nibis.de\/sts-h-ghr1\/\" aria-label=\"Mehr Informationen \u00fcber Herzlich willkommen beim Studienseminar Hannover I GHR!\">Weiterlesen<\/a><\/p>\n","protected":false},"author":9194597,"featured_media":0,"parent":0,"menu_order":0,"comment_status":"closed","ping_status":"open","template":"","meta":{"footnotes":""},"class_list":["post-2","page","type-page","status-publish"],"_links":{"self":[{"href":"https:\/\/wordpress.nibis.de\/sts-h-ghr1\/wp-json\/wp\/v2\/pages\/2","targetHints":{"allow":["GET"]}}],"collection":[{"href":"https:\/\/wordpress.nibis.de\/sts-h-ghr1\/wp-json\/wp\/v2\/pages"}],"about":[{"href":"https:\/\/wordpress.nibis.de\/sts-h-ghr1\/wp-json\/wp\/v2\/types\/page"}],"author":[{"embeddable":true,"href":"https:\/\/wordpress.nibis.de\/sts-h-ghr1\/wp-json\/wp\/v2\/users\/9194597"}],"replies":[{"embeddable":true,"href":"https:\/\/wordpress.nibis.de\/sts-h-ghr1\/wp-json\/wp\/v2\/comments?post=2"}],"version-history":[{"count":7,"href":"https:\/\/wordpress.nibis.de\/sts-h-ghr1\/wp-json\/wp\/v2\/pages\/2\/revisions"}],"predecessor-version":[{"id":398,"href":"https:\/\/wordpress.nibis.de\/sts-h-ghr1\/wp-json\/wp\/v2\/pages\/2\/revisions\/398"}],"wp:attachment":[{"href":"https:\/\/wordpress.nibis.de\/sts-h-ghr1\/wp-json\/wp\/v2\/media?parent=2"}],"curies":[{"name":"wp","href":"https:\/\/api.w.org\/{rel}","templated":true}]}}