{"id":146,"date":"2022-06-17T10:32:48","date_gmt":"2022-06-17T08:32:48","guid":{"rendered":"https:\/\/wordpress.nibis.de\/sts-h-so\/?page_id=146"},"modified":"2023-12-01T12:25:32","modified_gmt":"2023-12-01T11:25:32","slug":"deutsch","status":"publish","type":"page","link":"https:\/\/wordpress.nibis.de\/sts-h-so\/ausbildung\/fachidaktiken\/deutsch\/","title":{"rendered":"Deutsch"},"content":{"rendered":"\n<p class=\"has-text-align-center\" style=\"font-size:30px\">Fachdidaktik Deutsch<\/p>\n\n\n\n<div class=\"wp-block-image\"><figure class=\"aligncenter size-large is-resized\"><img loading=\"lazy\" decoding=\"async\" src=\"https:\/\/wordpress.nibis.de\/sts-h-so\/files\/2022\/07\/DE-Photo-Tisch-2-1024x518.jpg\" alt=\"\" class=\"wp-image-531\" width=\"768\" height=\"389\" srcset=\"https:\/\/wordpress.nibis.de\/sts-h-so\/files\/2022\/07\/DE-Photo-Tisch-2-1024x518.jpg 1024w, https:\/\/wordpress.nibis.de\/sts-h-so\/files\/2022\/07\/DE-Photo-Tisch-2-300x152.jpg 300w, https:\/\/wordpress.nibis.de\/sts-h-so\/files\/2022\/07\/DE-Photo-Tisch-2-768x389.jpg 768w, https:\/\/wordpress.nibis.de\/sts-h-so\/files\/2022\/07\/DE-Photo-Tisch-2-1536x777.jpg 1536w, https:\/\/wordpress.nibis.de\/sts-h-so\/files\/2022\/07\/DE-Photo-Tisch-2-2048x1036.jpg 2048w\" sizes=\"auto, (max-width: 768px) 100vw, 768px\" \/><\/figure><\/div>\n\n\n\n<p>In den Deutschseminaren behandeln wir ausgew\u00e4hlte Themen aus den vier Kompetenzbereichen des Deutschunterrichts (s. \u00dcbersicht unten). Hierbei geht es vor allem um die praktische Arbeit am Lerngegenstand verkn\u00fcpft mit den theoretischen Grundlagen. In ausgedehnten Praxisphasen werden unterschiedliche methodische Zug\u00e4nge erprobt und M\u00f6glichkeiten der Selbsterfahrung angeboten. Mit dem sonderp\u00e4dagogischen Fokus forschen wir nach m\u00f6glichen und n\u00f6tigen Differenzierungsma\u00dfnahmen und Hilfestellungen und passen damit die Inhalte m\u00f6glichst f\u00fcr alle Klassenstufen, Schulformen und F\u00f6rderschwerpunkte an.<\/p>\n\n\n\n<p>Wir sehen unsere Aufgabe darin, Impulse zu geben f\u00fcr:<\/p>\n\n\n\n<ul class=\"wp-block-list\"><li>die aktive Auseinandersetzung mit den Inhalten,<\/li><li>die \u00dcbertragung der Inhalte auf die spezifische Lehr-\/Lernsituation,<\/li><li>vielf\u00e4ltige methodische Umsetzungen,<\/li><li>die Erweiterung von Planungskompetenzen im didaktisch-methodischen Bereich,<\/li><li>den Austausch untereinander.<\/li><\/ul>\n\n\n\n<div class=\"wp-block-image\"><figure class=\"aligncenter size-full\"><img loading=\"lazy\" decoding=\"async\" width=\"972\" height=\"370\" src=\"https:\/\/wordpress.nibis.de\/sts-h-so\/files\/2023\/09\/DE-FSL-Photo-4.jpg\" alt=\"\" class=\"wp-image-1190\" srcset=\"https:\/\/wordpress.nibis.de\/sts-h-so\/files\/2023\/09\/DE-FSL-Photo-4.jpg 972w, https:\/\/wordpress.nibis.de\/sts-h-so\/files\/2023\/09\/DE-FSL-Photo-4-300x114.jpg 300w, https:\/\/wordpress.nibis.de\/sts-h-so\/files\/2023\/09\/DE-FSL-Photo-4-768x292.jpg 768w\" sizes=\"auto, (max-width: 972px) 100vw, 972px\" \/><\/figure><\/div>\n\n\n\n<p>Es gibt drei Deutschseminare unter der Leitung von <a href=\"&#109;a&#105;l&#116;o&#x3a;u&#x6c;i&#x2e;s&#x69;e&#x6b;m&#x61;n&#x6e;&#64;&#x73;t&#x73;-&#x68;&#45;&#x73;&#111;&#x70;&#46;&#x64;&#101;\" data-type=\"mailto\" data-id=\"mailto: &#x75;&#x6c;&#x69;&#x2e;&#115;&#105;&#101;&#107;man&#x6e;&#x40;&#x73;&#x74;&#x73;&#45;&#104;&#45;sop&#x2e;&#x64;&#x65;\">Uli Siekmann<\/a>, <a href=\"&#x6d;&#x61;&#x69;&#x6c;&#116;&#111;:ae&#x6e;&#x6e;&#x65;&#x2e;&#117;&#108;ric&#x68;&#x40;&#x73;&#x74;&#115;&#45;&#104;-s&#x6f;&#x70;&#x2e;&#x64;&#101;\" data-type=\"mailto\" data-id=\"mailto: &#97;&#x65;&#x6e;&#110;&#x65;&#x2e;u&#x6c;&#x72;i&#99;&#x68;&#64;&#115;&#x74;s&#45;&#x68;-&#115;&#x6f;p&#46;&#x64;&#x65;\">Aenne Ulrich<\/a> und <a href=\"&#x6d;&#x61;&#x69;&#x6c;&#x74;&#x6f;&#x3a;&#x69;&#x6e;&#x61;&#x2e;&#x6b;&#x6f;&#x63;&#x68;&#x40;&#x73;&#x74;&#x73;&#x2d;&#x68;&#x2d;&#x73;&#x6f;&#x70;&#x2e;&#x64;&#x65;\" data-type=\"mailto\" data-id=\"mailto: &#x69;n&#x61;&#46;&#x6b;&#x6f;c&#x68;&#64;&#x73;&#x74;s&#x2d;&#104;&#x2d;&#x73;o&#x70;&#46;&#x64;&#x65;\">Ina Koch<\/a>. Die Seminarzeit ist montags von 10 Uhr bis 13.30 Uhr. Einmal im Halbjahr findet ein Fachdidaktik-Ganztag statt. Insgesamt gibt es ca. sieben Veranstaltungen pro Halbjahr. Bestimmte Themen werden seminar\u00fcbergreifend in Kooperation aller Deutschseminare durchgef\u00fchrt.<\/p>\n\n\n\n<p>Folgende Themen werden im Rahmen der Seminarveranstaltungen bearbeitet:<\/p>\n\n\n\n<ul class=\"wp-block-list\"><li>Sprechen und Zuh\u00f6ren<ul><li>Erz\u00e4hlen und Zuh\u00f6ren<\/li><li>Szenisches Spiel (Ganztag)<\/li><li>Sprachsensibler Deutschunterricht<\/li><\/ul><\/li><li>Lesen \u2013 mit Texten und Medien umgehen<ul><li>Ganztag Lesen (Fertigkeiten \u2013 Gel\u00e4ufigkeit \u2013 Strategien \u2013 Erweiterter Lesebegriff)<\/li><li>Lesediagnostik<\/li><li>Handlungs- und produktionsorientierter Literaturunterricht<\/li><li>Umgang mit Bilderb\u00fcchern<\/li><li>Lyrik<\/li><li>M\u00e4rchen und andere literarische Gattungen<\/li><li>Texterleichterungen<\/li><\/ul><\/li><li>Schreiben<ul><li>Graphomotorik<\/li><li>Rechtschreibung (Ganztag)<\/li><li>Diagnostik (Vorl\u00e4uferfertigkeiten, Bilderlisten)<\/li><li>Texte verfassen \u2013 Texte \u00fcberarbeiten<\/li><li>Kreatives Schreiben<\/li><\/ul><\/li><li>Sprache und Sprachgebrauch untersuchen<ul><li>Syntaxbasierte Didaktik der Gro\u00dfschreibung<\/li><li>W\u00f6rterbuch<\/li><li>Wortarten<\/li><\/ul><\/li><li>Kompetenzbereich\u00fcbergreifende Themen:<ul><li>Anfangsunterricht<\/li><li>Digitaler Deutschunterricht<\/li><li>Gemeinsame Planung von Unterricht mit anschlie\u00dfender Hospitation <\/li><\/ul><\/li><\/ul>\n\n\n\n<div class=\"wp-block-image\"><figure class=\"aligncenter size-large is-resized\"><img loading=\"lazy\" decoding=\"async\" src=\"https:\/\/wordpress.nibis.de\/sts-h-so\/files\/2022\/07\/DE-Photo-Buecher-1024x768.jpg\" alt=\"\" class=\"wp-image-527\" width=\"768\" height=\"576\" srcset=\"https:\/\/wordpress.nibis.de\/sts-h-so\/files\/2022\/07\/DE-Photo-Buecher-1024x768.jpg 1024w, https:\/\/wordpress.nibis.de\/sts-h-so\/files\/2022\/07\/DE-Photo-Buecher-300x225.jpg 300w, https:\/\/wordpress.nibis.de\/sts-h-so\/files\/2022\/07\/DE-Photo-Buecher-768x576.jpg 768w, https:\/\/wordpress.nibis.de\/sts-h-so\/files\/2022\/07\/DE-Photo-Buecher-1536x1152.jpg 1536w, https:\/\/wordpress.nibis.de\/sts-h-so\/files\/2022\/07\/DE-Photo-Buecher-2048x1536.jpg 2048w\" sizes=\"auto, (max-width: 768px) 100vw, 768px\" \/><\/figure><\/div>\n\n\n\n<p><\/p>\n\n\n\n<p class=\"has-text-align-center\">siehe auch<\/p>\n\n\n\n<div class=\"wp-block-buttons is-content-justification-center is-layout-flex wp-container-core-buttons-is-layout-16018d1d wp-block-buttons-is-layout-flex\">\n<div class=\"wp-block-button\"><a class=\"wp-block-button__link\" href=\"https:\/\/wordpress.nibis.de\/sts-h-so\/ausbildung\/fachidaktiken\/kunst\/\">Kunst<\/a><\/div>\n\n\n\n<div class=\"wp-block-button\"><a class=\"wp-block-button__link\" href=\"https:\/\/wordpress.nibis.de\/sts-h-so\/ausbildung\/fachidaktiken\/mathematik\/\">Mathematik<\/a><\/div>\n\n\n\n<div class=\"wp-block-button\"><a class=\"wp-block-button__link\" href=\"https:\/\/wordpress.nibis.de\/sts-h-so\/ausbildung\/fachidaktiken\/musik\/\">Musik<\/a><\/div>\n\n\n\n<div class=\"wp-block-button\"><a class=\"wp-block-button__link\" href=\"https:\/\/wordpress.nibis.de\/sts-h-so\/ausbildung\/fachidaktiken\/fachdidaktik-sachunterricht\/\">Sachunterricht<\/a><\/div>\n\n\n\n<div class=\"wp-block-button\"><a class=\"wp-block-button__link\" href=\"https:\/\/wordpress.nibis.de\/sts-h-so\/ausbildung\/fachidaktiken\/sport\/\">Sport<\/a><\/div>\n\n\n\n<div class=\"wp-block-button\"><a class=\"wp-block-button__link\" href=\"https:\/\/wordpress.nibis.de\/sts-h-so\/ausbildung\/fachidaktiken\/weitere-fachdidaktiken\/\">Weitere Fachdidaktiken<\/a><\/div>\n<\/div>\n\n\n\n<p><\/p>\n\n\n\n<p class=\"has-text-align-center\">zur\u00fcck zu:<\/p>\n\n\n\n<div class=\"wp-block-buttons is-layout-flex wp-block-buttons-is-layout-flex\">\n<div class=\"wp-block-button aligncenter\"><a class=\"wp-block-button__link\" href=\"https:\/\/wordpress.nibis.de\/sts-h-so\/ausbildung\/\">Ausbildung<\/a><\/div>\n<\/div>\n","protected":false},"excerpt":{"rendered":"<p>Fachdidaktik Deutsch In den Deutschseminaren behandeln wir ausgew\u00e4hlte Themen aus den vier Kompetenzbereichen des Deutschunterrichts (s. \u00dcbersicht unten). Hierbei geht es vor allem um die praktische Arbeit am Lerngegenstand verkn\u00fcpft mit den theoretischen Grundlagen. In ausgedehnten Praxisphasen werden unterschiedliche methodische Zug\u00e4nge erprobt und M\u00f6glichkeiten der Selbsterfahrung angeboten. Mit dem sonderp\u00e4dagogischen Fokus forschen wir nach m\u00f6glichen &#8230; <a title=\"Deutsch\" class=\"read-more\" href=\"https:\/\/wordpress.nibis.de\/sts-h-so\/ausbildung\/fachidaktiken\/deutsch\/\" aria-label=\"Mehr Informationen \u00fcber Deutsch\">Weiterlesen<\/a><\/p>\n","protected":false},"author":903,"featured_media":0,"parent":145,"menu_order":0,"comment_status":"closed","ping_status":"closed","template":"","meta":{"footnotes":""},"class_list":["post-146","page","type-page","status-publish"],"_links":{"self":[{"href":"https:\/\/wordpress.nibis.de\/sts-h-so\/wp-json\/wp\/v2\/pages\/146","targetHints":{"allow":["GET"]}}],"collection":[{"href":"https:\/\/wordpress.nibis.de\/sts-h-so\/wp-json\/wp\/v2\/pages"}],"about":[{"href":"https:\/\/wordpress.nibis.de\/sts-h-so\/wp-json\/wp\/v2\/types\/page"}],"author":[{"embeddable":true,"href":"https:\/\/wordpress.nibis.de\/sts-h-so\/wp-json\/wp\/v2\/users\/903"}],"replies":[{"embeddable":true,"href":"https:\/\/wordpress.nibis.de\/sts-h-so\/wp-json\/wp\/v2\/comments?post=146"}],"version-history":[{"count":20,"href":"https:\/\/wordpress.nibis.de\/sts-h-so\/wp-json\/wp\/v2\/pages\/146\/revisions"}],"predecessor-version":[{"id":1382,"href":"https:\/\/wordpress.nibis.de\/sts-h-so\/wp-json\/wp\/v2\/pages\/146\/revisions\/1382"}],"up":[{"embeddable":true,"href":"https:\/\/wordpress.nibis.de\/sts-h-so\/wp-json\/wp\/v2\/pages\/145"}],"wp:attachment":[{"href":"https:\/\/wordpress.nibis.de\/sts-h-so\/wp-json\/wp\/v2\/media?parent=146"}],"curies":[{"name":"wp","href":"https:\/\/api.w.org\/{rel}","templated":true}]}}