{"id":163,"date":"2022-06-17T10:40:47","date_gmt":"2022-06-17T08:40:47","guid":{"rendered":"https:\/\/wordpress.nibis.de\/sts-h-so\/?page_id=163"},"modified":"2025-03-30T20:43:28","modified_gmt":"2025-03-30T18:43:28","slug":"paedagogische-seminare","status":"publish","type":"page","link":"https:\/\/wordpress.nibis.de\/sts-h-so\/ausbildung\/paedagogische-seminare\/","title":{"rendered":"P\u00e4dagogische Seminare"},"content":{"rendered":"\n<p class=\"has-text-align-center\" style=\"font-size:30px\">Die P\u00e4dagogischen Seminare in unserem Studienseminar\u2026 <\/p>\n\n\n\n<div class=\"wp-block-columns is-layout-flex wp-container-core-columns-is-layout-abceabcf wp-block-columns-is-layout-flex\">\n<div class=\"wp-block-column is-layout-flow wp-block-column-is-layout-flow\">\n<div class=\"wp-block-image\"><figure class=\"aligncenter size-large is-resized\"><img decoding=\"async\" src=\"https:\/\/wordpress.nibis.de\/sts-h-so\/files\/2023\/09\/IMG_1536-768x1024.jpeg\" alt=\"\" class=\"wp-image-1199\" width=\"420\" srcset=\"https:\/\/wordpress.nibis.de\/sts-h-so\/files\/2023\/09\/IMG_1536-768x1024.jpeg 768w, https:\/\/wordpress.nibis.de\/sts-h-so\/files\/2023\/09\/IMG_1536-225x300.jpeg 225w, https:\/\/wordpress.nibis.de\/sts-h-so\/files\/2023\/09\/IMG_1536-1152x1536.jpeg 1152w, https:\/\/wordpress.nibis.de\/sts-h-so\/files\/2023\/09\/IMG_1536-1536x2048.jpeg 1536w, https:\/\/wordpress.nibis.de\/sts-h-so\/files\/2023\/09\/IMG_1536-scaled.jpeg 1920w\" sizes=\"(max-width: 768px) 100vw, 768px\" \/><\/figure><\/div>\n<\/div>\n\n\n\n<div class=\"wp-block-column is-layout-flow wp-block-column-is-layout-flow\">\n<div class=\"wp-block-image\"><figure class=\"aligncenter size-large is-resized\"><img decoding=\"async\" src=\"https:\/\/wordpress.nibis.de\/sts-h-so\/files\/2023\/09\/IMG_1540-768x1024.jpeg\" alt=\"\" class=\"wp-image-1201\" width=\"420\" srcset=\"https:\/\/wordpress.nibis.de\/sts-h-so\/files\/2023\/09\/IMG_1540-768x1024.jpeg 768w, https:\/\/wordpress.nibis.de\/sts-h-so\/files\/2023\/09\/IMG_1540-225x300.jpeg 225w, https:\/\/wordpress.nibis.de\/sts-h-so\/files\/2023\/09\/IMG_1540-1152x1536.jpeg 1152w, https:\/\/wordpress.nibis.de\/sts-h-so\/files\/2023\/09\/IMG_1540-1536x2048.jpeg 1536w, https:\/\/wordpress.nibis.de\/sts-h-so\/files\/2023\/09\/IMG_1540-scaled.jpeg 1920w\" sizes=\"(max-width: 768px) 100vw, 768px\" \/><\/figure><\/div>\n<\/div>\n<\/div>\n\n\n\n<p>Jede Lehrkraft im Vorbereitungsdienst (LiVd) ist einem P\u00e4dagogischen Seminar (PS) zugeordnet. F\u00fcr diese meist jahrgangshomogene Gruppe von ca. 18 -20 LiVd hat die P\u00e4dagogische Seminarleitung die Rolle einer Klassenleitung. Sie begleitet den Start (Einf\u00fchrungswoche, Stundenplanerstellung, Startgespr\u00e4che in den Schulen) in den Schulen, unterst\u00fctzt den Einstieg in das Unterrichten und in die Teamarbeit und ist bei Fragen und Schwierigkeiten erste Ansprechpartnerin. W\u00e4hrend der Ausbildung koordiniert die p\u00e4dagogische Seminarleitung den ordnungsgem\u00e4\u00dfen Verlauf nach den Vorgaben der APVO, organisiert z.B. die Gemeinsamen Unterrichtsbesuche und am Ende der Ausbildung den Pr\u00fcfungsablauf. Die Seminarveranstaltungen des PS finden ca. 14-t\u00e4gig am Montagvormittag statt. Es werden unterschiedliche Themengebiete der schulischen Praxis unter Einbeziehung aktueller Situationen und der W\u00fcnsche der LiVd bearbeitet.<\/p>\n\n\n\n<p>Hier einige Beispiele: <\/p>\n\n\n\n<ul class=\"wp-block-list\"><li><em>Was ist GUTER UNTERRICHT?<\/em><\/li><li><em>Classroom-Management<\/em><\/li><li><em>Diagnostik<\/em><\/li><li><em>Unterrichten in heterogenen Lerngruppen \/ Differenzierungsmatrix<\/em><\/li><li><em>Schulrechtliche Grundlagen (z.B. Aufsichtspflicht)<\/em><\/li><li><em>Beratung<\/em><\/li><li><em>Kooperatives Lernen<\/em><\/li><li>&#8230;<\/li><\/ul>\n\n\n\n<p>Ausfl\u00fcge zu au\u00dferschulischen Lernorten, gemeinsame Aktionen, Wanderungen, Picknick oder Opernbesuch und eine Blockveranstaltung zur Pr\u00fcfungsvorbereitung erg\u00e4nzen das Programm im PS.<\/p>\n\n\n\n<p><strong>Die P\u00e4dagogischen Seminarleiter:innen in unserem Seminar<\/strong><\/p>\n\n\n\n<ul class=\"wp-block-list\"><li><a href=\"m&#97;&#x69;&#x6c;t&#111;&#x3a;&#x53;a&#110;&#x64;&#x72;a&#46;&#x42;&#x6f;d&#101;&#x40;&#x73;t&#115;&#45;&#x68;&#x2d;s&#111;&#x70;&#x2e;d&#101;\">Sandra Bode<\/a><\/li><li><a href=\"&#109;&#x61;&#105;&#x6c;&#116;&#x6f;&#58;&#x61;&#102;&#x72;&#97;&#x2e;&#107;&#x69;&#101;&#x68;&#108;&#x2d;&#119;&#x69;&#108;&#x6c;&#64;&#x73;&#116;&#x73;&#45;&#x68;&#45;&#x73;&#111;&#x70;&#46;&#x64;&#101;\" data-type=\"mailto\" data-id=\"mailto: a&#102;&#x72;&#x61;&#46;&#107;&#105;&#x65;&#x68;l&#45;&#119;&#x69;&#x6c;l&#64;&#x73;&#x74;&#x73;-&#104;&#x2d;&#x73;o&#112;&#46;&#x64;&#x65;\">Afra Kiehl-Will<\/a><\/li><li><a href=\"&#x6d;&#x61;&#x69;&#x6c;&#116;&#111;&#58;&#105;na&#46;&#x6b;&#x6f;&#x65;&#x6e;&#x65;&#109;&#97;&#110;n&#64;s&#x74;&#x73;&#x2d;&#x68;&#x2d;&#115;&#111;&#112;&#46;de\" data-type=\"URL\">Ina K\u00f6nemann <\/a><\/li><li><a href=\"&#x6d;a&#x69;&#108;t&#x6f;&#58;&#x54;&#x65;s&#x73;&#97;&#46;&#x4b;&#114;&#x6f;&#108;l&#x40;&#115;t&#x73;&#45;&#x68;&#45;s&#x6f;&#112;&#x2e;&#x64;e\" data-type=\"mailto\" data-id=\"mailto: &#84;&#x65;&#x73;&#115;&#x61;&#x2e;&#75;&#x72;&#x6f;&#108;&#x6c;&#x40;&#115;&#x74;&#x73;&#45;&#x68;&#x2d;&#115;&#x6f;&#x70;&#46;&#x64;&#x65;\">Tessa Kroll<\/a><\/li><li><a href=\"&#109;&#x61;&#105;&#x6c;&#116;&#x6f;:&#x4b;a&#x74;j&#97;&#x2e;&#83;&#x65;&#109;&#x6d;&#101;&#x72;l&#x69;n&#x67;&#64;&#115;&#x74;&#115;&#x2d;&#104;&#x2d;&#115;&#x6f;p&#x2e;d&#x65;\" data-type=\"URL\">Katja Semmerling<\/a><\/li><li><a href=\"&#109;&#97;&#x69;l&#116;&#x6f;&#x3a;S&#105;&#x6c;&#x6b;e&#46;&#x53;t&#97;&#x73;&#x63;h&#101;&#x6e;&#x40;s&#116;&#x73;-&#104;&#x2d;&#x73;o&#112;&#x2e;&#x64;e\" data-type=\"URL\">Silke Staschen<\/a><\/li><\/ul>\n\n\n\n<p><strong>Und das sagen die Auszubildenden<\/strong>: &#8222;P\u00e4dagogisches Seminar ist f\u00fcr mich &#8230;&#8220;<\/p>\n\n\n\n<div class=\"wp-block-columns is-layout-flex wp-container-core-columns-is-layout-abceabcf wp-block-columns-is-layout-flex\">\n<div class=\"wp-block-column is-layout-flow wp-block-column-is-layout-flow\">\n<figure class=\"wp-block-audio\"><audio controls src=\"https:\/\/wordpress.nibis.de\/sts-h-so\/files\/2023\/09\/Stimme1.mp3\"><\/audio><figcaption>Stimme 1<\/figcaption><\/figure>\n<\/div>\n\n\n\n<div class=\"wp-block-column is-layout-flow wp-block-column-is-layout-flow\">\n<figure class=\"wp-block-audio\"><audio controls src=\"https:\/\/wordpress.nibis.de\/sts-h-so\/files\/2023\/09\/Stimme2.mp3\"><\/audio><figcaption>Stimme 2<\/figcaption><\/figure>\n<\/div>\n<\/div>\n\n\n\n<div class=\"wp-block-columns is-layout-flex wp-container-core-columns-is-layout-abceabcf wp-block-columns-is-layout-flex\">\n<div class=\"wp-block-column is-layout-flow wp-block-column-is-layout-flow\">\n<figure class=\"wp-block-audio\"><audio controls src=\"https:\/\/wordpress.nibis.de\/sts-h-so\/files\/2023\/09\/Stimme5.mp3\"><\/audio><figcaption>Stimme 3<\/figcaption><\/figure>\n<\/div>\n\n\n\n<div class=\"wp-block-column is-layout-flow wp-block-column-is-layout-flow\">\n<figure class=\"wp-block-audio\"><audio controls src=\"https:\/\/wordpress.nibis.de\/sts-h-so\/files\/2023\/09\/Stimme6.mp3\"><\/audio><figcaption>Stimme 4<\/figcaption><\/figure>\n<\/div>\n<\/div>\n\n\n\n<p class=\"has-text-align-center\">siehe auch:<\/p>\n\n\n\n<p class=\"has-text-align-center\" style=\"font-size:30px\"><\/p>\n\n\n\n<div class=\"wp-block-buttons is-content-justification-center is-layout-flex wp-container-core-buttons-is-layout-16018d1d wp-block-buttons-is-layout-flex\">\n<div class=\"wp-block-button\"><a class=\"wp-block-button__link\" href=\"https:\/\/wordpress.nibis.de\/sts-h-so\/ausbildung\/uebersicht-ueber-die-ausbildung\/\">Ausbildungsprofil<\/a><\/div>\n<\/div>\n\n\n\n<p><\/p>\n\n\n\n<div class=\"wp-block-buttons is-content-justification-center is-layout-flex wp-container-core-buttons-is-layout-16018d1d wp-block-buttons-is-layout-flex\">\n<div class=\"wp-block-button\"><a class=\"wp-block-button__link\" href=\"https:\/\/wordpress.nibis.de\/sts-h-so\/ausbildung\/sonderpaedagogische-fachrichtungen\/\">Sonderp\u00e4dagogische Fachrichtungen<\/a><\/div>\n\n\n\n<div class=\"wp-block-button\"><a class=\"wp-block-button__link\" href=\"https:\/\/wordpress.nibis.de\/sts-h-so\/ausbildung\/fachidaktiken\/\">Fachdidaktiken<\/a><\/div>\n<\/div>\n\n\n\n<p><\/p>\n\n\n\n<div class=\"wp-block-buttons is-content-justification-center is-layout-flex wp-container-core-buttons-is-layout-16018d1d wp-block-buttons-is-layout-flex\">\n<div class=\"wp-block-button\"><a class=\"wp-block-button__link\" href=\"https:\/\/wordpress.nibis.de\/sts-h-so\/ausbildung\/paedagogische-seminare\/\">Module<\/a><\/div>\n\n\n\n<div class=\"wp-block-button\"><a class=\"wp-block-button__link\" href=\"https:\/\/wordpress.nibis.de\/sts-h-so\/ausbildung\/tellerrand\/\">Tellerrand<\/a><\/div>\n\n\n\n<div class=\"wp-block-button\"><a class=\"wp-block-button__link\" href=\"https:\/\/wordpress.nibis.de\/sts-h-so\/ausbildung\/zusatzqualifikationen\/\">Zusatzqualifikationen<\/a><\/div>\n<\/div>\n\n\n\n<p><\/p>\n\n\n\n<div class=\"wp-block-buttons is-content-justification-center is-layout-flex wp-container-core-buttons-is-layout-16018d1d wp-block-buttons-is-layout-flex\">\n<div class=\"wp-block-button\"><a class=\"wp-block-button__link\" href=\"https:\/\/wordpress.nibis.de\/sts-h-so\/start\/weitere-informationen\/bibliothek\/\">Bibliothek<\/a><\/div>\n\n\n\n<div class=\"wp-block-button\"><a class=\"wp-block-button__link\" href=\"https:\/\/wordpress.nibis.de\/sts-h-so\/bewerbung\/\">Bewerbung<\/a><\/div>\n\n\n\n<div class=\"wp-block-button\"><a class=\"wp-block-button__link\" href=\"https:\/\/wordpress.nibis.de\/sts-h-so\/neue-livd\/\">Neue LiVD<\/a><\/div>\n<\/div>\n\n\n\n<p class=\"has-text-align-center\"><\/p>\n\n\n\n<p><\/p>\n","protected":false},"excerpt":{"rendered":"<p>Die P\u00e4dagogischen Seminare in unserem Studienseminar\u2026 Jede Lehrkraft im Vorbereitungsdienst (LiVd) ist einem P\u00e4dagogischen Seminar (PS) zugeordnet. F\u00fcr diese meist jahrgangshomogene Gruppe von ca. 18 -20 LiVd hat die P\u00e4dagogische Seminarleitung die Rolle einer Klassenleitung. Sie begleitet den Start (Einf\u00fchrungswoche, Stundenplanerstellung, Startgespr\u00e4che in den Schulen) in den Schulen, unterst\u00fctzt den Einstieg in das Unterrichten und &#8230; <a title=\"P\u00e4dagogische Seminare\" class=\"read-more\" href=\"https:\/\/wordpress.nibis.de\/sts-h-so\/ausbildung\/paedagogische-seminare\/\" aria-label=\"Mehr Informationen \u00fcber P\u00e4dagogische Seminare\">Weiterlesen<\/a><\/p>\n","protected":false},"author":907,"featured_media":0,"parent":21,"menu_order":0,"comment_status":"closed","ping_status":"closed","template":"","meta":{"footnotes":""},"class_list":["post-163","page","type-page","status-publish"],"_links":{"self":[{"href":"https:\/\/wordpress.nibis.de\/sts-h-so\/wp-json\/wp\/v2\/pages\/163","targetHints":{"allow":["GET"]}}],"collection":[{"href":"https:\/\/wordpress.nibis.de\/sts-h-so\/wp-json\/wp\/v2\/pages"}],"about":[{"href":"https:\/\/wordpress.nibis.de\/sts-h-so\/wp-json\/wp\/v2\/types\/page"}],"author":[{"embeddable":true,"href":"https:\/\/wordpress.nibis.de\/sts-h-so\/wp-json\/wp\/v2\/users\/907"}],"replies":[{"embeddable":true,"href":"https:\/\/wordpress.nibis.de\/sts-h-so\/wp-json\/wp\/v2\/comments?post=163"}],"version-history":[{"count":45,"href":"https:\/\/wordpress.nibis.de\/sts-h-so\/wp-json\/wp\/v2\/pages\/163\/revisions"}],"predecessor-version":[{"id":1474,"href":"https:\/\/wordpress.nibis.de\/sts-h-so\/wp-json\/wp\/v2\/pages\/163\/revisions\/1474"}],"up":[{"embeddable":true,"href":"https:\/\/wordpress.nibis.de\/sts-h-so\/wp-json\/wp\/v2\/pages\/21"}],"wp:attachment":[{"href":"https:\/\/wordpress.nibis.de\/sts-h-so\/wp-json\/wp\/v2\/media?parent=163"}],"curies":[{"name":"wp","href":"https:\/\/api.w.org\/{rel}","templated":true}]}}