{"id":170,"date":"2022-06-17T10:44:49","date_gmt":"2022-06-17T08:44:49","guid":{"rendered":"https:\/\/wordpress.nibis.de\/sts-h-so\/?page_id=170"},"modified":"2026-01-31T13:31:44","modified_gmt":"2026-01-31T12:31:44","slug":"geistige-entwicklung","status":"publish","type":"page","link":"https:\/\/wordpress.nibis.de\/sts-h-so\/ausbildung\/sonderpaedagogische-fachrichtungen\/geistige-entwicklung\/","title":{"rendered":"Geistige Entwicklung"},"content":{"rendered":"\n<h1 class=\"wp-block-heading alignfull has-text-align-center\" style=\"font-size:30px\">P\u00e4dagogik bei Beeintr\u00e4chtigungen der geistigen Entwicklung<\/h1>\n\n\n\n<p><span dir=\"ltr\">Wir, das sind Gaby Grest, Sebastian Seurig, Peter Schlarmann und Inga Teichmann, w\u00fcrden uns freuen, Sie und Euch schon bald in einem unserer Seminare begr\u00fc\u00dfen zu d\u00fcrfen. Inhaltlich geht es um alle praxisrelevanten Themen des F\u00f6rderschwerpunktes <em>P\u00e4dagogik bei Beeintr\u00e4chtigungen der geistigen Entwicklung.<\/em><\/span><\/p>\n\n\n<div class=\"wp-block-image\">\n<figure class=\"aligncenter size-large\"><img loading=\"lazy\" decoding=\"async\" width=\"1024\" height=\"491\" src=\"https:\/\/wordpress.nibis.de\/sts-h-so\/files\/2026\/01\/Team_gE_sw-1024x491.jpg\" alt=\"\" class=\"wp-image-1535\" srcset=\"https:\/\/wordpress.nibis.de\/sts-h-so\/files\/2026\/01\/Team_gE_sw-1024x491.jpg 1024w, https:\/\/wordpress.nibis.de\/sts-h-so\/files\/2026\/01\/Team_gE_sw-300x144.jpg 300w, https:\/\/wordpress.nibis.de\/sts-h-so\/files\/2026\/01\/Team_gE_sw-768x369.jpg 768w, https:\/\/wordpress.nibis.de\/sts-h-so\/files\/2026\/01\/Team_gE_sw-100x48.jpg 100w, https:\/\/wordpress.nibis.de\/sts-h-so\/files\/2026\/01\/Team_gE_sw-1536x737.jpg 1536w, https:\/\/wordpress.nibis.de\/sts-h-so\/files\/2026\/01\/Team_gE_sw-2048x983.jpg 2048w\" sizes=\"auto, (max-width: 1024px) 100vw, 1024px\" \/><\/figure>\n<\/div>\n\n\n<p class=\"has-text-align-center\"><a href=\"&#109;&#x61;&#105;&#x6c;&#116;&#x6f;&#58;&#x67;&#97;&#x62;&#121;&#x2e;g&#x72;e&#x73;t&#x40;s&#x74;s&#x2d;h&#45;&#x73;&#111;&#x70;&#46;&#x64;&#101;\" data-type=\"URL\">Gaby Grest<\/a><br><a href=\"&#x6d;&#x61;&#x69;&#x6c;&#116;&#111;:se&#x62;&#x61;&#x73;&#x74;&#105;&#97;n&#46;s&#x65;&#x75;&#x72;&#x69;&#103;&#64;&#115;ts&#x2d;&#x68;&#x2d;&#x73;&#111;&#112;&#46;de\" data-type=\"URL\">Sebastian Seurig<\/a><br><a href=\"m&#97;&#105;&#x6c;&#x74;o:&#112;&#101;&#x74;&#x65;r&#46;&#115;&#99;&#x68;&#x6c;ar&#109;&#x61;&#x6e;&#x6e;&#64;&#115;&#116;&#x73;&#x2d;&#x68;-&#115;&#111;&#x70;&#x2e;&#x64;e\" data-type=\"URL\">Peter Schlarmann<\/a><br><a href=\"&#x6d;&#x61;&#x69;&#108;&#116;o:&#x69;&#x6e;&#x67;&#97;&#46;te&#x69;&#x63;&#x68;&#109;&#97;nn&#x40;&#x73;&#x74;&#115;&#45;h-&#x73;&#x6f;&#x70;&#46;&#100;e\" data-type=\"URL\">Inga Teichmann<\/a><\/p>\n\n\n\n<p><span dir=\"ltr\">Die Regel sind 5 Unterrichtsbesuche (UBs), davon ein Gemeinsamer Unterrichtsbesuch (GUB) im F\u00f6rderschwerpunkt Geistige Entwicklung, zu dem die PS-Leitung und wir als FS-Leitung kommen. Hospitationen im Unterricht von uns FSL k\u00f6nnen grunds\u00e4tzlich individuell mit uns vereinbart werden, m\u00fcssen angesichts der aktuellen pandemischen Lage allerdings zur Zeit pausieren.&nbsp; Unterrichtsbesuche an Euren Schulen k\u00f6nnen \u00fcberwiegend in Pr\u00e4senz durchgef\u00fchrt werden. In Abh\u00e4ngigkeit von der aktuellen Infektionslage und den Szenarien in den Schulen sind ebenfalls Beratungen auf Grundlage von Unterrichtsentw\u00fcrfen, Videoteilnahmen oder anderen entsprechend digitalen Formaten m\u00f6glich.<\/span><\/p>\n\n\n\n<p>\u00dcberblick m\u00f6glicher Seminarinhalte:<\/p>\n\n\n\n<ul>\n<li>Bildungsziele der Fachrichtung<\/li>\n<li>Personale Bildung<\/li>\n<li>Elementarisierung<\/li>\n<li>Differenzierung im Unterricht<\/li>\n<li>Inklusive Beschulung<\/li>\n<li>Unterricht f\u00fcr SuS mit hohem Assistenzbedarf<\/li>\n<li>Leichte Sprache<\/li>\n<li>Sensorische Integration<\/li>\n<li>AutismusSpektrumSt\u00f6rungen<\/li>\n<li>TEACCH<\/li>\n<li>Diagnostik und Feststellung des Sonderp\u00e4dagogischen Unterst\u00fctzungsbedarfs in der Geistigen Entwicklung<\/li>\n<li>Entwicklungsorientierte Zug\u00e4nge<\/li>\n<li>Unterst\u00fctzte Kommunikation<\/li>\n<li>Einsatz digitaler Medien im F\u00f6rderschwerpunkt<\/li>\n<li>Individuelle F\u00f6rderplanung<\/li>\n<li>Das Zusammenwirken im multiprofessionellen Team<\/li>\n<li>Wege zum Lernen \u2013 Einblicke in den Unterricht<\/li>\n<li>Musikalisch-rhythmische Zug\u00e4nge im F\u00f6rderschwerpunkt<\/li>\n<li>&#8230;<\/li>\n<\/ul>\n\n\n<div class=\"wp-block-image\">\n<figure class=\"aligncenter size-large is-resized\"><img decoding=\"async\" src=\"https:\/\/wordpress.nibis.de\/stssopaeh\/files\/Zukunftsfaehiger-Unterricht-im-FOeSgE-800x472.jpg\" alt=\"\" class=\"wp-image-2113\" style=\"width:768px\" \/><figcaption class=\"wp-element-caption\">Mentimeterabfrage zum zukunftsf\u00e4higen Unterricht im F\u00d6S gE<\/figcaption><\/figure>\n<\/div>\n\n\n<p class=\"has-text-align-center\" style=\"font-size:30px\">Erste Infos unseres Willkommensseminars zum Download<\/p>\n\n\n\n<div data-wp-interactive=\"core\/file\" class=\"wp-block-file\"><object data-wp-bind--hidden=\"!state.hasPdfPreview\" hidden class=\"wp-block-file__embed\" data=\"https:\/\/wordpress.nibis.de\/sts-h-so\/files\/2026\/01\/Willkommensseminar-im-FOeS-gE-4.pdf\" type=\"application\/pdf\" style=\"width:100%;height:600px\" aria-label=\"Einbettung von Willkommensseminar im F\u00d6S gE.\"><\/object><a id=\"wp-block-file--media-b46c6fce-7280-4676-ac5b-0ca941d97573\" href=\"https:\/\/wordpress.nibis.de\/sts-h-so\/files\/2026\/01\/Willkommensseminar-im-FOeS-gE-4.pdf\">Willkommensseminar im F\u00d6S gE<\/a><a href=\"https:\/\/wordpress.nibis.de\/sts-h-so\/files\/2026\/01\/Willkommensseminar-im-FOeS-gE-4.pdf\" class=\"wp-block-file__button wp-element-button\" download aria-describedby=\"wp-block-file--media-b46c6fce-7280-4676-ac5b-0ca941d97573\">Herunterladen<\/a><\/div>\n\n\n\n<p class=\"has-text-align-center\">siehe auch<\/p>\n\n\n\n<div class=\"wp-block-buttons alignfull is-content-justification-center is-layout-flex wp-container-core-buttons-is-layout-16018d1d wp-block-buttons-is-layout-flex\">\n<div class=\"wp-block-button\"><a class=\"wp-block-button__link wp-element-button\" href=\"https:\/\/wordpress.nibis.de\/sts-h-so\/ausbildung\/sonderpaedagogische-fachrichtungen\/lernen\/\">Lernen<\/a><\/div>\n\n\n\n<div class=\"wp-block-button\"><a class=\"wp-block-button__link wp-element-button\" href=\"https:\/\/wordpress.nibis.de\/sts-h-so\/ausbildung\/sonderpaedagogische-fachrichtungen\/emotional-soziale-entwicklung\/\">Emotionale und soziale Entwicklung<\/a><\/div>\n\n\n\n<div class=\"wp-block-button\"><a class=\"wp-block-button__link wp-element-button\" href=\"https:\/\/wordpress.nibis.de\/sts-h-so\/ausbildung\/sonderpaedagogische-fachrichtungen\/sprache\/\">Sprache<\/a><\/div>\n\n\n\n<div class=\"wp-block-button\"><a class=\"wp-block-button__link wp-element-button\" href=\"https:\/\/wordpress.nibis.de\/sts-h-so\/ausbildung\/sonderpaedagogische-fachrichtungen\/koerperlich-motorische-entwicklung\/\">K\u00f6rperlich-motorische Entwicklung<\/a><\/div>\n<\/div>\n\n\n\n<p><\/p>\n\n\n\n<p class=\"has-text-align-center\">zur\u00fcck zu:<\/p>\n\n\n\n<div class=\"wp-block-buttons is-layout-flex wp-block-buttons-is-layout-flex\">\n<div class=\"wp-block-button aligncenter\"><a class=\"wp-block-button__link wp-element-button\" href=\"https:\/\/wordpress.nibis.de\/sts-h-so\/ausbildung\/\">Ausbildung<\/a><\/div>\n<\/div>\n\n\n","protected":false},"excerpt":{"rendered":"<p>P\u00e4dagogik bei Beeintr\u00e4chtigungen der geistigen Entwicklung Wir, das sind Gaby Grest, Sebastian Seurig, Peter Schlarmann und Inga Teichmann, w\u00fcrden uns freuen, Sie und Euch schon bald in einem unserer Seminare begr\u00fc\u00dfen zu d\u00fcrfen. Inhaltlich geht es um alle praxisrelevanten Themen des F\u00f6rderschwerpunktes P\u00e4dagogik bei Beeintr\u00e4chtigungen der geistigen Entwicklung. Gaby GrestSebastian SeurigPeter SchlarmannInga Teichmann Die Regel &#8230; <a title=\"Geistige Entwicklung\" class=\"read-more\" href=\"https:\/\/wordpress.nibis.de\/sts-h-so\/ausbildung\/sonderpaedagogische-fachrichtungen\/geistige-entwicklung\/\" aria-label=\"Mehr Informationen \u00fcber Geistige Entwicklung\">Weiterlesen<\/a><\/p>\n","protected":false},"author":903,"featured_media":0,"parent":166,"menu_order":0,"comment_status":"closed","ping_status":"closed","template":"","meta":{"footnotes":""},"class_list":["post-170","page","type-page","status-publish"],"_links":{"self":[{"href":"https:\/\/wordpress.nibis.de\/sts-h-so\/wp-json\/wp\/v2\/pages\/170","targetHints":{"allow":["GET"]}}],"collection":[{"href":"https:\/\/wordpress.nibis.de\/sts-h-so\/wp-json\/wp\/v2\/pages"}],"about":[{"href":"https:\/\/wordpress.nibis.de\/sts-h-so\/wp-json\/wp\/v2\/types\/page"}],"author":[{"embeddable":true,"href":"https:\/\/wordpress.nibis.de\/sts-h-so\/wp-json\/wp\/v2\/users\/903"}],"replies":[{"embeddable":true,"href":"https:\/\/wordpress.nibis.de\/sts-h-so\/wp-json\/wp\/v2\/comments?post=170"}],"version-history":[{"count":33,"href":"https:\/\/wordpress.nibis.de\/sts-h-so\/wp-json\/wp\/v2\/pages\/170\/revisions"}],"predecessor-version":[{"id":1543,"href":"https:\/\/wordpress.nibis.de\/sts-h-so\/wp-json\/wp\/v2\/pages\/170\/revisions\/1543"}],"up":[{"embeddable":true,"href":"https:\/\/wordpress.nibis.de\/sts-h-so\/wp-json\/wp\/v2\/pages\/166"}],"wp:attachment":[{"href":"https:\/\/wordpress.nibis.de\/sts-h-so\/wp-json\/wp\/v2\/media?parent=170"}],"curies":[{"name":"wp","href":"https:\/\/api.w.org\/{rel}","templated":true}]}}