{"id":180,"date":"2022-06-17T10:46:33","date_gmt":"2022-06-17T08:46:33","guid":{"rendered":"https:\/\/wordpress.nibis.de\/sts-h-so\/?page_id=180"},"modified":"2023-12-01T12:18:46","modified_gmt":"2023-12-01T11:18:46","slug":"koerperlich-motorische-entwicklung","status":"publish","type":"page","link":"https:\/\/wordpress.nibis.de\/sts-h-so\/ausbildung\/sonderpaedagogische-fachrichtungen\/koerperlich-motorische-entwicklung\/","title":{"rendered":""},"content":{"rendered":"\n<p class=\"has-text-align-center\" style=\"font-size:30px\">P\u00e4dagogik bei Beeintr\u00e4chtigung der k\u00f6rperlich-motorischen Entwicklung<\/p>\n\n\n\n<p>Das Ziel der Seminararbeit im F\u00f6rderschwerpunkt &#8222;K\u00f6rperliche und motorisches Entwicklung&#8220; im Vorbereitungsdienst ist es, Sie auf ihre anspruchsvolle Aufgabe vorzubereiten, Sch\u00fcler:innen mit k\u00f6rperlichen und motorischen Beeintr\u00e4chtigungen optimal in ihrer Entwicklung zu unterst\u00fctzen. Diese Gruppe von Sch\u00fcler:innen stellt sich sehr heterogen dar und wir setzen uns bewusst mit den vielf\u00e4ltigen Bed\u00fcrfnissen und Herausforderungen, die sich daraus f\u00fcr das Lernen in unterschiedlichen schulischen Settings ergeben k\u00f6nnen, auseinander.<\/p>\n\n\n\n<p>Ein tiefgreifendes Interesse an der individuellen Entwicklung von Kindern und Jugendlichen und der Suche nach m\u00f6glichen Unterst\u00fctzungsm\u00f6glichkeiten bildet dabei eine wichtige Grundlage f\u00fcr unsere Arbeit.<\/p>\n\n\n\n<p>Wir treffen uns in einem kleinen, aber feinen Kreis ; ), in der Regel in einem dreiw\u00f6chigem Rhythmus, um uns intensiv mit sonderp\u00e4dagogischen Fragen im Kontext des F\u00f6rderschwerpunkts auseinandersetzen. Gemeinsam erarbeiten wir Werkzeuge und Methoden, um individuelles Lernen in der F\u00f6rderschule und im inklusiven Umfeld realisieren zu k\u00f6nnen. Dabei bilden Ihre in der Universit\u00e4t erworbenen Kompetenzen und praktische Erfahrungen in Schule und Unterricht den Ausgangspunkt f\u00fcr unsere Arbeit.<\/p>\n\n\n\n<p>Unsere Themen umfassen unter anderem die verschiedenen Formen von Beeintr\u00e4chtigungen und deren m\u00f6gliche Auswirkungen auf das Lernen sowie die Teilhabe der Sch\u00fcler:innen. Wir besch\u00e4ftigen uns mit der Planung individualisierten Unterrichts, geeigneten Unterst\u00fctzungsma\u00dfnahmen und Assistenzsystemen, mit entwicklungsorientierter Diagnostik und F\u00f6rderplanung und der Erstellung von F\u00f6rdergutachten. Die Zusammenarbeit im multiprofessionellen Team spielt ebenfalls eine zentrale Rolle. Dar\u00fcber hinaus befassen wir uns mit Aspekten der Beratung z.B. im Rahmen des Mobilen Dienstes und mit spezifischen Fragen im Zusammenhang mit dem F\u00f6rderschwerpunkt (Unterricht mit unterst\u00fctzt kommunizierenden Sch\u00fcler:innen; Sch\u00fcler:innen mit schweren und mehrfachen Beeintr\u00e4chtigungen; der p\u00e4dagogischen Herausforderung der Begleitung von Sch\u00fcler:innen mit progredienten Erkrankungen und anderes mehr).<\/p>\n\n\n\n<p class=\"has-text-align-center\">Ich w\u00fcrde mich sehr freuen, Sie pers\u00f6nlich bei uns kennenzulernen.<\/p>\n\n\n\n<p class=\"has-text-align-center\"><a href=\"&#x6d;&#x61;&#x69;&#x6c;&#116;&#111;:pe&#x74;&#x65;&#x72;&#x2e;&#115;&#99;hla&#x72;&#x6d;&#x61;&#x6e;&#64;&#115;&#116;s-&#x68;&#x2d;&#x73;&#x6f;&#112;&#46;&#100;e\" data-type=\"URL\">Peter Schlarmann<\/a><br><\/p>\n\n\n\n<p><\/p>\n\n\n\n<p><\/p>\n\n\n\n<p class=\"has-text-align-center\">siehe auch<\/p>\n\n\n\n<div class=\"wp-block-buttons is-content-justification-center is-layout-flex wp-container-core-buttons-is-layout-16018d1d wp-block-buttons-is-layout-flex\">\n<div class=\"wp-block-button\"><a class=\"wp-block-button__link\" href=\"https:\/\/wordpress.nibis.de\/sts-h-so\/ausbildung\/sonderpaedagogische-fachrichtungen\/geistige-entwicklung\/\">Geistige Entwicklung<\/a><\/div>\n\n\n\n<div class=\"wp-block-button\"><a class=\"wp-block-button__link\" href=\"https:\/\/wordpress.nibis.de\/sts-h-so\/ausbildung\/sonderpaedagogische-fachrichtungen\/lernen\/\">Lernen<\/a><\/div>\n\n\n\n<div class=\"wp-block-button\"><a class=\"wp-block-button__link\" href=\"https:\/\/wordpress.nibis.de\/sts-h-so\/ausbildung\/sonderpaedagogische-fachrichtungen\/emotional-soziale-entwicklung\/\">Emotionale und soziale Entwicklung<\/a><\/div>\n\n\n\n<div class=\"wp-block-button\"><a class=\"wp-block-button__link\" href=\"https:\/\/wordpress.nibis.de\/sts-h-so\/ausbildung\/sonderpaedagogische-fachrichtungen\/sprache\/\">Sprache<\/a><\/div>\n<\/div>\n\n\n\n<p><\/p>\n\n\n\n<p class=\"has-text-align-center\">zur\u00fcck zu:<\/p>\n\n\n\n<div class=\"wp-block-buttons is-layout-flex wp-block-buttons-is-layout-flex\">\n<div class=\"wp-block-button aligncenter\"><a class=\"wp-block-button__link\" href=\"https:\/\/wordpress.nibis.de\/sts-h-so\/ausbildung\/\">Ausbildung<\/a><\/div>\n<\/div>\n","protected":false},"excerpt":{"rendered":"<p>P\u00e4dagogik bei Beeintr\u00e4chtigung der k\u00f6rperlich-motorischen Entwicklung Das Ziel der Seminararbeit im F\u00f6rderschwerpunkt &#8222;K\u00f6rperliche und motorisches Entwicklung&#8220; im Vorbereitungsdienst ist es, Sie auf ihre anspruchsvolle Aufgabe vorzubereiten, Sch\u00fcler:innen mit k\u00f6rperlichen und motorischen Beeintr\u00e4chtigungen optimal in ihrer Entwicklung zu unterst\u00fctzen. Diese Gruppe von Sch\u00fcler:innen stellt sich sehr heterogen dar und wir setzen uns bewusst mit den vielf\u00e4ltigen &#8230; <a title=\"\" class=\"read-more\" href=\"https:\/\/wordpress.nibis.de\/sts-h-so\/ausbildung\/sonderpaedagogische-fachrichtungen\/koerperlich-motorische-entwicklung\/\" aria-label=\"Mehr Informationen \u00fcber \">Weiterlesen<\/a><\/p>\n","protected":false},"author":903,"featured_media":0,"parent":166,"menu_order":0,"comment_status":"closed","ping_status":"closed","template":"","meta":{"footnotes":""},"class_list":["post-180","page","type-page","status-publish"],"_links":{"self":[{"href":"https:\/\/wordpress.nibis.de\/sts-h-so\/wp-json\/wp\/v2\/pages\/180","targetHints":{"allow":["GET"]}}],"collection":[{"href":"https:\/\/wordpress.nibis.de\/sts-h-so\/wp-json\/wp\/v2\/pages"}],"about":[{"href":"https:\/\/wordpress.nibis.de\/sts-h-so\/wp-json\/wp\/v2\/types\/page"}],"author":[{"embeddable":true,"href":"https:\/\/wordpress.nibis.de\/sts-h-so\/wp-json\/wp\/v2\/users\/903"}],"replies":[{"embeddable":true,"href":"https:\/\/wordpress.nibis.de\/sts-h-so\/wp-json\/wp\/v2\/comments?post=180"}],"version-history":[{"count":14,"href":"https:\/\/wordpress.nibis.de\/sts-h-so\/wp-json\/wp\/v2\/pages\/180\/revisions"}],"predecessor-version":[{"id":1377,"href":"https:\/\/wordpress.nibis.de\/sts-h-so\/wp-json\/wp\/v2\/pages\/180\/revisions\/1377"}],"up":[{"embeddable":true,"href":"https:\/\/wordpress.nibis.de\/sts-h-so\/wp-json\/wp\/v2\/pages\/166"}],"wp:attachment":[{"href":"https:\/\/wordpress.nibis.de\/sts-h-so\/wp-json\/wp\/v2\/media?parent=180"}],"curies":[{"name":"wp","href":"https:\/\/api.w.org\/{rel}","templated":true}]}}