{"id":185,"date":"2022-06-17T10:48:40","date_gmt":"2022-06-17T08:48:40","guid":{"rendered":"https:\/\/wordpress.nibis.de\/sts-h-so\/?page_id=185"},"modified":"2023-11-29T21:51:05","modified_gmt":"2023-11-29T20:51:05","slug":"leitbild","status":"publish","type":"page","link":"https:\/\/wordpress.nibis.de\/sts-h-so\/start\/leitbild\/","title":{"rendered":"Leitbild"},"content":{"rendered":"\n<p class=\"has-text-align-center\" style=\"font-size:30px\">Unsere Leits\u00e4tze <\/p>\n\n\n\n<p>Wir, als Ausbildende im Studienseminar Hannover f\u00fcr das Lehramt f\u00fcr Sonderp\u00e4dagogik, verstehen unseren Bildungsauftrag auf der Basis der demokratischen Grundordnung und den damit verbundenen Wertvorstellungen.&nbsp;<\/p>\n\n\n\n<p>In diesem Rahmen \u2026<\/p>\n\n\n\n<ul class=\"wp-block-list\"><li>unterst\u00fctzen und begleiten wir Lehrkr\u00e4fte im Vorbereitungsdienst dabei, ihre universit\u00e4r erworbenen Kenntnisse und F\u00e4higkeiten in der Praxis zu erproben und weiterzuentwickeln. Den notwendigen Rollenwechsel hin zur Lehrkraft begleiten wir aktiv und lernf\u00f6rderlich.<\/li><\/ul>\n\n\n\n<ul class=\"wp-block-list\"><li>initiieren wir vielf\u00e4ltige Gelegenheiten, die es den LiVD erm\u00f6glichen, eigene Kompetenzen zu erkennen und ressourcenorientiert weiterzuentwickeln. Der Aufbau des individuellen sonderp\u00e4dagogischen Selbstkonzepts nimmt einen besonderen Stellenwert in der Ausbildung ein.<\/li><\/ul>\n\n\n\n<ul class=\"wp-block-list\"><li>tragen wir Verantwortung f\u00fcr eine lernf\u00f6rderliche Atmosph\u00e4re, die von Wertsch\u00e4tzung und Empathie gepr\u00e4gt ist. Den konstruktiven Umgang mit Fehlern in einer angstfreien Umgebung betrachten wir als Voraussetzung f\u00fcr gelingende Lernprozesse.<\/li><\/ul>\n\n\n\n<ul class=\"wp-block-list\"><li>begegnen wir als Ausbildende dem Spannungsfeld von gleichzeitiger Beratung und Bewertung mit Transparenz und Kommunikation. Der F\u00f6rderung des Reflexionsprozesses messen wir besondere Bedeutung zu und gestalten ihn daher aktiv.<\/li><\/ul>\n\n\n\n<p><\/p>\n\n\n\n<p class=\"has-text-align-center\">siehe auch:<\/p>\n\n\n\n<div class=\"wp-block-buttons is-content-justification-center is-layout-flex wp-container-core-buttons-is-layout-16018d1d wp-block-buttons-is-layout-flex\">\n<div class=\"wp-block-button\"><a class=\"wp-block-button__link\" href=\"https:\/\/wordpress.nibis.de\/sts-h-so\/start\/seminarprofil\/\">Unser Seminar<\/a><\/div>\n\n\n\n<div class=\"wp-block-button\"><a class=\"wp-block-button__link\" href=\"https:\/\/wordpress.nibis.de\/sts-h-so\/start\/unser-team\/\">Unser Team<\/a><\/div>\n\n\n\n<div class=\"wp-block-button\"><a class=\"wp-block-button__link\" href=\"https:\/\/wordpress.nibis.de\/sts-h-so\/start\/kontakt\/\">Kontakt \/ Standort<\/a><\/div>\n\n\n\n<div class=\"wp-block-button\"><a class=\"wp-block-button__link\" href=\"https:\/\/wordpress.nibis.de\/sts-h-so\/start\/weitere-informationen\/seminarrat\/\">Seminarrat<\/a><\/div>\n\n\n\n<div class=\"wp-block-button\"><a class=\"wp-block-button__link\" href=\"https:\/\/wordpress.nibis.de\/sts-h-so\/start\/weitere-informationen\/personalrat\/\">Personalr\u00e4te<\/a><\/div>\n<\/div>\n\n\n\n<p><\/p>\n\n\n\n<div class=\"wp-block-buttons is-content-justification-center is-layout-flex wp-container-core-buttons-is-layout-16018d1d wp-block-buttons-is-layout-flex\">\n<div class=\"wp-block-button\"><a class=\"wp-block-button__link\" href=\"https:\/\/wordpress.nibis.de\/sts-h-so\/ausbildung\/\">Informationen zur Ausbildung<\/a><\/div>\n<\/div>\n\n\n\n<p><\/p>\n","protected":false},"excerpt":{"rendered":"<p>Unsere Leits\u00e4tze Wir, als Ausbildende im Studienseminar Hannover f\u00fcr das Lehramt f\u00fcr Sonderp\u00e4dagogik, verstehen unseren Bildungsauftrag auf der Basis der demokratischen Grundordnung und den damit verbundenen Wertvorstellungen.&nbsp; In diesem Rahmen \u2026 unterst\u00fctzen und begleiten wir Lehrkr\u00e4fte im Vorbereitungsdienst dabei, ihre universit\u00e4r erworbenen Kenntnisse und F\u00e4higkeiten in der Praxis zu erproben und weiterzuentwickeln. Den notwendigen Rollenwechsel &#8230; <a title=\"Leitbild\" class=\"read-more\" href=\"https:\/\/wordpress.nibis.de\/sts-h-so\/start\/leitbild\/\" aria-label=\"Mehr Informationen \u00fcber Leitbild\">Weiterlesen<\/a><\/p>\n","protected":false},"author":907,"featured_media":0,"parent":17,"menu_order":0,"comment_status":"closed","ping_status":"closed","template":"","meta":{"footnotes":""},"class_list":["post-185","page","type-page","status-publish"],"_links":{"self":[{"href":"https:\/\/wordpress.nibis.de\/sts-h-so\/wp-json\/wp\/v2\/pages\/185","targetHints":{"allow":["GET"]}}],"collection":[{"href":"https:\/\/wordpress.nibis.de\/sts-h-so\/wp-json\/wp\/v2\/pages"}],"about":[{"href":"https:\/\/wordpress.nibis.de\/sts-h-so\/wp-json\/wp\/v2\/types\/page"}],"author":[{"embeddable":true,"href":"https:\/\/wordpress.nibis.de\/sts-h-so\/wp-json\/wp\/v2\/users\/907"}],"replies":[{"embeddable":true,"href":"https:\/\/wordpress.nibis.de\/sts-h-so\/wp-json\/wp\/v2\/comments?post=185"}],"version-history":[{"count":12,"href":"https:\/\/wordpress.nibis.de\/sts-h-so\/wp-json\/wp\/v2\/pages\/185\/revisions"}],"predecessor-version":[{"id":1365,"href":"https:\/\/wordpress.nibis.de\/sts-h-so\/wp-json\/wp\/v2\/pages\/185\/revisions\/1365"}],"up":[{"embeddable":true,"href":"https:\/\/wordpress.nibis.de\/sts-h-so\/wp-json\/wp\/v2\/pages\/17"}],"wp:attachment":[{"href":"https:\/\/wordpress.nibis.de\/sts-h-so\/wp-json\/wp\/v2\/media?parent=185"}],"curies":[{"name":"wp","href":"https:\/\/api.w.org\/{rel}","templated":true}]}}