{"id":82,"date":"2022-03-20T17:13:49","date_gmt":"2022-03-20T16:13:49","guid":{"rendered":"https:\/\/wordpress.nibis.de\/sts-h-so\/?page_id=82"},"modified":"2023-11-27T12:59:56","modified_gmt":"2023-11-27T11:59:56","slug":"impressum","status":"publish","type":"page","link":"https:\/\/wordpress.nibis.de\/sts-h-so\/impressum\/","title":{"rendered":"Impressum"},"content":{"rendered":"\n<p style=\"font-size:30px\">Impressum<\/p>\n\n\n\n<p><strong>Herausgeber<\/strong><\/p>\n\n\n\n<p>Studienseminar Hannover f\u00fcr das Lehramt f\u00fcr Sonderp\u00e4dagogik,  Wunstorfer Str. 28, 30453 Hannover<\/p>\n\n\n\n<p><strong>Vertretungsberechtigt:<\/strong> Afra Kiel-Will (Seminarrektorin)<\/p>\n\n\n\n<p><strong>Kontakt:<\/strong><\/p>\n\n\n\n<p>Telefon: 0511 \/ 22861651<\/p>\n\n\n\n<p>Telefax: 0511 \/ 22861657<\/p>\n\n\n\n<p>&#112;&#x6f;s&#116;&#x73;t&#101;&#x6c;l&#101;&#x40;s&#116;&#x73;&#45;&#x68;&#x2d;&#115;&#x6f;&#x2e;&#110;&#x69;e&#100;&#x65;r&#115;&#x61;c&#104;&#x73;e&#110;&#x2e;&#100;&#x65;<\/p>\n\n\n\n<p>Verantwortlich f\u00fcr den Inhalt nach \u00a755 Abs. 2 RStV: <\/p>\n\n\n\n<p>Afra Kiel-Will, Seminarrektorin<\/p>\n\n\n\n<p><em>siehe auch: <\/em><a href=\"https:\/\/wordpress.nibis.de\/sts-h-so\/datenschutz\/\" data-type=\"page\" data-id=\"86\"><em>Datenschutz und Haftungsausschlus<\/em>s<\/a><br><\/p>\n","protected":false},"excerpt":{"rendered":"<p>Impressum Herausgeber Studienseminar Hannover f\u00fcr das Lehramt f\u00fcr Sonderp\u00e4dagogik, Wunstorfer Str. 28, 30453 Hannover Vertretungsberechtigt: Afra Kiel-Will (Seminarrektorin) Kontakt: Telefon: 0511 \/ 22861651 Telefax: 0511 \/ 22861657 p&#111;&#115;&#116;&#x73;&#x74;&#x65;ll&#101;&#64;&#x73;&#x74;&#x73;&#x2d;h-&#115;&#111;&#x2e;&#x6e;&#x69;&#x65;d&#101;&#114;&#115;&#x61;&#x63;&#x68;se&#110;&#46;&#100;&#x65; Verantwortlich f\u00fcr den Inhalt nach \u00a755 Abs. 2 RStV: Afra Kiel-Will, Seminarrektorin siehe auch: Datenschutz und Haftungsausschluss<\/p>\n","protected":false},"author":354,"featured_media":0,"parent":0,"menu_order":0,"comment_status":"closed","ping_status":"closed","template":"","meta":{"footnotes":""},"class_list":["post-82","page","type-page","status-publish"],"_links":{"self":[{"href":"https:\/\/wordpress.nibis.de\/sts-h-so\/wp-json\/wp\/v2\/pages\/82","targetHints":{"allow":["GET"]}}],"collection":[{"href":"https:\/\/wordpress.nibis.de\/sts-h-so\/wp-json\/wp\/v2\/pages"}],"about":[{"href":"https:\/\/wordpress.nibis.de\/sts-h-so\/wp-json\/wp\/v2\/types\/page"}],"author":[{"embeddable":true,"href":"https:\/\/wordpress.nibis.de\/sts-h-so\/wp-json\/wp\/v2\/users\/354"}],"replies":[{"embeddable":true,"href":"https:\/\/wordpress.nibis.de\/sts-h-so\/wp-json\/wp\/v2\/comments?post=82"}],"version-history":[{"count":10,"href":"https:\/\/wordpress.nibis.de\/sts-h-so\/wp-json\/wp\/v2\/pages\/82\/revisions"}],"predecessor-version":[{"id":1352,"href":"https:\/\/wordpress.nibis.de\/sts-h-so\/wp-json\/wp\/v2\/pages\/82\/revisions\/1352"}],"wp:attachment":[{"href":"https:\/\/wordpress.nibis.de\/sts-h-so\/wp-json\/wp\/v2\/media?parent=82"}],"curies":[{"name":"wp","href":"https:\/\/api.w.org\/{rel}","templated":true}]}}