{"id":1030,"date":"2024-02-13T14:12:48","date_gmt":"2024-02-13T13:12:48","guid":{"rendered":"https:\/\/wordpress.nibis.de\/stscelle\/?page_id=1030"},"modified":"2024-04-09T22:00:52","modified_gmt":"2024-04-09T20:00:52","slug":"wohlfuehlen-in-celle","status":"publish","type":"page","link":"https:\/\/wordpress.nibis.de\/stscelle\/wohlfuehlen-in-celle\/","title":{"rendered":"Wohlf\u00fchlen in Celle, wo andere Urlaub machen"},"content":{"rendered":"\n<p>Nicht nur Ihre Ausbildung zu eigenverantwortlichen und selbstreflektierenden Lehrerpers\u00f6nlichkeiten ist uns wichtig, sondern auch Ihr Wohlbefinden und eine ausgewogene Lebensqualit\u00e4t.<\/p>\n<p style=\"text-align: justify\">Sowohl die sch\u00f6ne Fachwerkstadt Celle als auch das Celler Land bieten ein Leben zwischen Tradition und Moderne: Neben Kunst und Kultur laden auch die vielf\u00e4ltigen gastronomischen Angebote sowie die zahlreichen Shops und Boutiquen, aber auch die wundersch\u00f6nen Parks und G\u00e4rten und das imposante Welfenschloss der Stadt Celle zu einem erholsamen Ausgleich zum Berufsleben ein. Das Celler Land ist gepr\u00e4gt von der wundersch\u00f6nen L\u00fcneburger Heide mit ihren Heided\u00f6rfern und reetgedeckten H\u00e4usern.<\/p>\n<p>Es ist also f\u00fcr jeden was dabei, ob f\u00fcr Kultur-, Natur- oder Sportliebhaber. Unter <a href=\"https:\/\/www.lueneburger-heide.de\/\">www.lueneburger-heide.de<\/a> finden Sie s\u00e4mtliche Freizeitangebote.<\/p>\n<p>Aber auch die gute Anbindung an Hannover und Hamburg durch den zentral gelegenen Bahnhof sowie den nahegelegenen Autobahnen bieten zahlreiche M\u00f6glichkeiten f\u00fcr eine ausgewogene Balance zwischen Referendariat und <em>Seele baumeln lassen.<\/em><\/p>\n\n\t\t<!-- MasterSlider -->\n\t\t<div id=\"P_MS69d051cce27b9\" class=\"master-slider-parent msl ms-parent-id-5\" style=\"max-width:800px;\">\n\n\t\t\t\n\t\t\t<!-- MasterSlider Main -->\n\t\t\t<div id=\"MS69d051cce27b9\" class=\"master-slider ms-skin-default\" >\n\t\t\t\t \t\t\t\t \n\t\t\t\t<div  class=\"ms-slide\" data-delay=\"3\" data-fill-mode=\"fill\"  >\n\t\t\t\t\t<img decoding=\"async\" src=\"https:\/\/wordpress.nibis.de\/stscelle\/wp-content\/plugins\/master-slider\/public\/assets\/css\/blank.gif\" alt=\"\" title=\"\" data-src=\"https:\/\/wordpress.nibis.de\/stscelle\/files\/2024\/02\/IMG_6441-scaled.jpg\" \/>\n\n\t\t\t\t\t<div class=\"ms-info\"><div style=\"padding-left: 280px;\">Schlosspark des Welfenschlosses in Celle<br \/><span style=\"font-size: 8pt;\">\u00a0 \u00a0 \u00a0 \u00a0 \u00a0 \u00a0 \u00a0 \u00a0 \u00a0 \u00a0 \u00a0 \u00a0 \u00a0 \u00a0 \u00a0 \u00a0 \u00a0 \u00a0 \u00a0 \u00a0 \u00a0 \u00a0 \u00a0Bildquelle: \u00a9 Stadt Celle<\/span><\/div><\/div>\n\n\n\t<div class=\"ms-thumb\" ><div class=\"ms-tab-context\"><div class=\"&quot;ms-tab-context&quot;\"><\/div><\/div>\n<\/div>\n\t\t\t\t<\/div>\n\t\t\t\t<div  class=\"ms-slide\" data-delay=\"3\" data-fill-mode=\"fill\"  >\n\t\t\t\t\t<img decoding=\"async\" src=\"https:\/\/wordpress.nibis.de\/stscelle\/wp-content\/plugins\/master-slider\/public\/assets\/css\/blank.gif\" alt=\"\" title=\"\" data-src=\"https:\/\/wordpress.nibis.de\/stscelle\/files\/2024\/02\/CelleHerbst00097-scaled.jpeg\" \/>\n\n\t\t\t\t\t<div class=\"ms-info\"><div style=\"padding-left: 360px;\">Celler Altstadt<br \/><span style=\"font-size: 8pt;\">Bildquelle: \u00a9 Stadt Celle<\/span><\/div><\/div>\n\n\n\t<div class=\"ms-thumb\" ><div class=\"ms-tab-context\"><div class=\"&quot;ms-tab-context&quot;\"><\/div><\/div>\n<\/div>\n\t\t\t\t<\/div>\n\t\t\t\t<div  class=\"ms-slide\" data-delay=\"3\" data-fill-mode=\"fill\"  >\n\t\t\t\t\t<img decoding=\"async\" src=\"https:\/\/wordpress.nibis.de\/stscelle\/wp-content\/plugins\/master-slider\/public\/assets\/css\/blank.gif\" alt=\"\" title=\"\" data-src=\"https:\/\/wordpress.nibis.de\/stscelle\/files\/2024\/02\/Kunstmuseum_Feuerwerk_Otto_Piene_nach_oben_CC0-scaled.jpg\" \/>\n\n\t\t\t\t\t<div class=\"ms-info\"><div style=\"padding-left: 320px;\">Kunstmuseum <span style=\"font-size: 1.125rem;\">in Celle<br \/><span style=\"font-size: 8pt;\">\u00a0 \u00a0 \u00a0 \u00a0 \u00a0 \u00a0 \u00a0 \u00a0Bildquelle: \u00a9 Stadt Celle<\/span><br \/><\/span><\/div><\/div>\n\n\n\t<div class=\"ms-thumb\" ><div class=\"ms-tab-context\"><div class=\"&quot;ms-tab-context&quot;\"><\/div><\/div>\n<\/div>\n\t\t\t\t<\/div>\n\t\t\t\t<div  class=\"ms-slide\" data-delay=\"3\" data-fill-mode=\"fill\"  >\n\t\t\t\t\t<img decoding=\"async\" src=\"https:\/\/wordpress.nibis.de\/stscelle\/wp-content\/plugins\/master-slider\/public\/assets\/css\/blank.gif\" alt=\"\" title=\"\" data-src=\"https:\/\/wordpress.nibis.de\/stscelle\/files\/2024\/02\/Aelteste_Haus_gegenueber_Blick_Heiliges_Kreuz_CC0-scaled.jpg\" \/>\n\n\t\t\t\t\t<div class=\"ms-info\"><div style=\"padding-left: 280px;\">\u00c4ltestes Fachwerkhaus in Celle<br \/><span style=\"font-size: 8pt;\">\u00a0 \u00a0 \u00a0 \u00a0 \u00a0 \u00a0 \u00a0 \u00a0 \u00a0 \u00a0 \u00a0 \u00a0 \u00a0 \u00a0 Bildquelle: \u00a9 Stadt Celle<\/span><\/div><\/div>\n\n\n\t<div class=\"ms-thumb\" ><div class=\"ms-tab-context\"><div class=\"&quot;ms-tab-context&quot;\"><\/div><\/div>\n<\/div>\n\t\t\t\t<\/div>\n\t\t\t\t<div  class=\"ms-slide\" data-delay=\"3\" data-fill-mode=\"fill\"  >\n\t\t\t\t\t<img decoding=\"async\" src=\"https:\/\/wordpress.nibis.de\/stscelle\/wp-content\/plugins\/master-slider\/public\/assets\/css\/blank.gif\" alt=\"\" title=\"\" data-src=\"https:\/\/wordpress.nibis.de\/stscelle\/files\/2024\/02\/Wietzer-Berg_DSC7625_b-scaled.jpg\" \/>\n\n\t\t\t\t\t<div class=\"ms-info\"><div style=\"padding-left: 240px;\">Hermann L\u00f6ns am Wietzer Berg (M\u00fcden\/\u00d6rtze)<br \/><span style=\"font-size: 8pt;\">\u00a0 \u00a0 \u00a0 \u00a0 \u00a0 \u00a0 \u00a0 \u00a0 \u00a0 \u00a0 \u00a0 \u00a0 \u00a0 \u00a0 \u00a0 \u00a0 \u00a0 \u00a0 \u00a0 \u00a0 \u00a0 Bildquelle: \u00a9 L\u00fcneburger Heide GmbH<\/span><\/div><\/div>\n\n\n\t<div class=\"ms-thumb\" ><div class=\"ms-tab-context\"><div class=\"&quot;ms-tab-context&quot;\"><\/div><\/div>\n<\/div>\n\t\t\t\t<\/div>\n\t\t\t\t<div  class=\"ms-slide\" data-delay=\"3\" data-fill-mode=\"fill\"  >\n\t\t\t\t\t<img decoding=\"async\" src=\"https:\/\/wordpress.nibis.de\/stscelle\/wp-content\/plugins\/master-slider\/public\/assets\/css\/blank.gif\" alt=\"\" title=\"\" data-src=\"https:\/\/wordpress.nibis.de\/stscelle\/files\/2024\/02\/Wienhausen_Wassermuehle_Kulturhaus_Glockenturm_ccbysa_Dominik_Ketz_20220822_521-scaled.jpg\" \/>\n\n\t\t\t\t\t<div class=\"ms-info\"><div style=\"padding-left: 280px;\">Wasserm\u00fchle in Wienhausen<br \/><span style=\"font-size: 8pt;\">\u00a0 \u00a0 \u00a0 \u00a0 \u00a0Bildquelle: \u00a9 L\u00fcneburger Heide GmbH<\/span><\/div><\/div>\n\n\n\t<div class=\"ms-thumb\" ><div class=\"ms-tab-context\"><div class=\"&quot;ms-tab-context&quot;\"><\/div><\/div>\n<\/div>\n\t\t\t\t<\/div>\n\t\t\t\t<div  class=\"ms-slide\" data-delay=\"3\" data-fill-mode=\"fill\"  >\n\t\t\t\t\t<img decoding=\"async\" src=\"https:\/\/wordpress.nibis.de\/stscelle\/wp-content\/plugins\/master-slider\/public\/assets\/css\/blank.gif\" alt=\"\" title=\"\" data-src=\"https:\/\/wordpress.nibis.de\/stscelle\/files\/2024\/02\/schmarbeck_Wacholderwald_drohne_luftbild_heidebluete_ccbysa_tl_20210909-11-scaled.jpg\" \/>\n\n\t\t\t\t\t<div class=\"ms-info\"><div style=\"padding-left: 280px;\">Wacholderwald in Schmarbeck<br \/><span style=\"font-size: 8pt;\">\u00a0 \u00a0 \u00a0 \u00a0 \u00a0 \u00a0 \u00a0Bildquelle: \u00a9 L\u00fcneburger Heide GmbH<\/span><\/div><\/div>\n\n\n\t<div class=\"ms-thumb\" ><div class=\"ms-tab-context\"><div class=\"&quot;ms-tab-context&quot;\"><\/div><\/div>\n<\/div>\n\t\t\t\t<\/div>\n\t\t\t\t<div  class=\"ms-slide\" data-delay=\"3\" data-fill-mode=\"fill\"  >\n\t\t\t\t\t<img decoding=\"async\" src=\"https:\/\/wordpress.nibis.de\/stscelle\/wp-content\/plugins\/master-slider\/public\/assets\/css\/blank.gif\" alt=\"\" title=\"\" data-src=\"https:\/\/wordpress.nibis.de\/stscelle\/files\/2024\/02\/Mueden_Oertze-Sommer_ccbysa_MTiemann_2015_101-scaled.jpg\" \/>\n\n\t\t\t\t\t<div class=\"ms-info\"><div style=\"padding-left: 320px;\">M\u00fchle in M\u00fcden\/\u00d6rtze<br \/><span style=\"font-size: 8pt;\">Bildquelle: \u00a9 L\u00fcneburger Heide GmbH<\/span><\/div><\/div>\n\n\n\t<div class=\"ms-thumb\" ><div class=\"ms-tab-context\"><div class=\"&quot;ms-tab-context&quot;\"><\/div><\/div>\n<\/div>\n\t\t\t\t<\/div>\n\t\t\t\t<div  class=\"ms-slide\" data-delay=\"3\" data-fill-mode=\"fill\"  >\n\t\t\t\t\t<img decoding=\"async\" src=\"https:\/\/wordpress.nibis.de\/stscelle\/wp-content\/plugins\/master-slider\/public\/assets\/css\/blank.gif\" alt=\"\" title=\"\" data-src=\"https:\/\/wordpress.nibis.de\/stscelle\/files\/2024\/02\/Meissendorf_Meissendorfer-Teiche-Wasser-Wolken_CCBYSA_MTiemann_20120829_01-scaled.jpg\" \/>\n\n\t\t\t\t\t<div class=\"ms-info\"><div style=\"padding-left: 320px;\">Meissendorfer Teiche<br \/><span style=\"font-size: 8pt;\">Bildquelle: \u00a9 L\u00fcneburger Heide GmbH<\/span><\/div><\/div>\n\n\n\t<div class=\"ms-thumb\" ><div class=\"ms-tab-context\"><div class=\"&quot;ms-tab-context&quot;\"><\/div><\/div>\n<\/div>\n\t\t\t\t<\/div>\n\t\t\t\t<div  class=\"ms-slide\" data-delay=\"3\" data-fill-mode=\"fill\"  >\n\t\t\t\t\t<img decoding=\"async\" src=\"https:\/\/wordpress.nibis.de\/stscelle\/wp-content\/plugins\/master-slider\/public\/assets\/css\/blank.gif\" alt=\"\" title=\"\" data-src=\"https:\/\/wordpress.nibis.de\/stscelle\/files\/2024\/02\/Schmarbeck_Wacholderheide-Sonnenaufgang_ccbysa_MTiemann_20160811_1-scaled.jpg\" \/>\n\n\t\t\t\t\t<div class=\"ms-info\"><div style=\"padding-left: 280px;\">Wacholderwald in Schmarbeck<br \/><span style=\"font-size: 8pt;\">\u00a0 \u00a0 \u00a0 \u00a0 \u00a0 \u00a0 \u00a0Bildquelle: \u00a9 L\u00fcneburger Heide GmbH<\/span><\/div><\/div>\n\n\n\t<div class=\"ms-thumb\" ><div class=\"ms-tab-context\"><div class=\"&quot;ms-tab-context&quot;\"><\/div><\/div>\n<\/div>\n\t\t\t\t<\/div>\n\t\t\t\t<div  class=\"ms-slide\" data-delay=\"3\" data-fill-mode=\"fill\"  >\n\t\t\t\t\t<img decoding=\"async\" src=\"https:\/\/wordpress.nibis.de\/stscelle\/wp-content\/plugins\/master-slider\/public\/assets\/css\/blank.gif\" alt=\"\" title=\"\" data-src=\"https:\/\/wordpress.nibis.de\/stscelle\/files\/2024\/02\/Mueden_Muellern-Hof-Rhododendron_CCBYSA_MTiemann_20130605_21-scaled.jpg\" \/>\n\n\t\t\t\t\t<div class=\"ms-info\"><div style=\"padding-left: 240px;\">M\u00fcllern Hof im sch\u00f6nen Heidedorf M\u00fcden \/\u00d6rtze<br \/><span style=\"font-size: 8pt;\">\u00a0 \u00a0 \u00a0 \u00a0 \u00a0 \u00a0 \u00a0 \u00a0 \u00a0 \u00a0 \u00a0 \u00a0 \u00a0 \u00a0 \u00a0 \u00a0 \u00a0 \u00a0 \u00a0 \u00a0 Bildquelle: \u00a9 L\u00fcneburger Heide GmbH<\/span><\/div><\/div>\n\n\n\t<div class=\"ms-thumb\" ><div class=\"ms-tab-context\"><div class=\"&quot;ms-tab-context&quot;\"><\/div><\/div>\n<\/div>\n\t\t\t\t<\/div>\n\t\t\t\t<div  class=\"ms-slide\" data-delay=\"3\" data-fill-mode=\"fill\"  >\n\t\t\t\t\t<img decoding=\"async\" src=\"https:\/\/wordpress.nibis.de\/stscelle\/wp-content\/plugins\/master-slider\/public\/assets\/css\/blank.gif\" alt=\"\" title=\"\" data-src=\"https:\/\/wordpress.nibis.de\/stscelle\/files\/2024\/02\/Meissendorf_Meissendorfer-Teiche-Abendlicht-Sommer_CCBYSA_MTiemann_20120829_06-scaled.jpg\" \/>\n\n\t\t\t\t\t<div class=\"ms-info\"><div style=\"padding-left: 200px;\">idyllischer Sonnenuntergang bei den Meissendorfer Teichen<br \/><span style=\"font-size: 8pt;\">\u00a0 \u00a0 \u00a0 \u00a0 \u00a0 \u00a0 \u00a0 \u00a0 \u00a0 \u00a0 \u00a0 \u00a0 \u00a0 \u00a0 \u00a0 \u00a0 \u00a0 \u00a0 \u00a0 \u00a0 \u00a0 \u00a0 \u00a0 \u00a0 \u00a0 \u00a0 \u00a0 \u00a0 \u00a0 \u00a0 \u00a0Bildquelle: \u00a9 L\u00fcneburger Heide GmbH<\/span><\/div><\/div>\n\n\n\t<div class=\"ms-thumb\" ><div class=\"ms-tab-context\"><div class=\"&quot;ms-tab-context&quot;\"><\/div><\/div>\n<\/div>\n\t\t\t\t<\/div>\n\t\t\t\t<div  class=\"ms-slide\" data-delay=\"3\" data-fill-mode=\"fill\"  >\n\t\t\t\t\t<img decoding=\"async\" src=\"https:\/\/wordpress.nibis.de\/stscelle\/wp-content\/plugins\/master-slider\/public\/assets\/css\/blank.gif\" alt=\"\" title=\"\" data-src=\"https:&#x2f;&#x2f;&#x77;&#x6f;&#x72;&#100;&#112;&#114;&#101;ss&#46;&#x6e;&#x69;&#x62;&#x69;&#x73;&#x2e;&#100;&#101;&#47;sts&#x63;&#x65;&#x6c;&#x6c;&#x65;&#x2f;&#102;&#105;&#108;&#101;s\/2&#x30;&#x32;&#x34;&#x2f;&#x30;&#x32;&#47;&#72;&#101;rma&#x6e;&#x6e;&#x73;&#x62;&#x75;&#x72;&#103;&#95;&#77;&#105;sse&#x6c;&#x68;&#x6f;&#x72;&#x6e;&#x65;&#114;&#45;&#72;eid&#x65;&#x2d;&#x48;&#x65;&#x69;&#x64;&#115;&#99;&#104;&#110;uck&#x65;&#x6e;&#x5f;&#x63;&#x63;&#x62;&#121;&#115;&#97;_Ma&#x72;&#x54;&#x69;&#x65;&#x6d;&#x5f;&#50;&#48;&#50;&#49;_19&#x2d;&#x53;&#x46;&#x43;&#x6f;&#x6e;&#102;&#108;&#105;ct-&#x76;&#x64;&#x62;&#x40;&#x6c;&#x75;&#101;&#110;&#101;&#98;urg&#x65;&#x72;&#x2d;&#x68;&#x65;&#x69;&#100;&#101;&#46;de-&#x32;&#x30;&#x32;&#x32;&#x2d;&#x31;&#50;&#45;&#49;&#57;-13&#x2d;&#x31;&#x35;&#x2d;&#x34;&#x35;&#49;&#45;&#115;cal&#x65;&#x64;&#x2e;&#x6a;&#x70;&#x67;\" \/>\n\n\t\t\t\t\t<div class=\"ms-info\"><div style=\"padding-left: 160px;\">Misselhorner Heide bei Hermannsburg mit einer Heidschnuckenherde<br \/><span style=\"font-size: 8pt;\">\u00a0 \u00a0 \u00a0 \u00a0 \u00a0 \u00a0 \u00a0 \u00a0 \u00a0 \u00a0 \u00a0 \u00a0 \u00a0 \u00a0 \u00a0 \u00a0 \u00a0 \u00a0 \u00a0 \u00a0 \u00a0 \u00a0 \u00a0 \u00a0 \u00a0 \u00a0 \u00a0 \u00a0 \u00a0 \u00a0 \u00a0 \u00a0 \u00a0 \u00a0 \u00a0 \u00a0 \u00a0 \u00a0 \u00a0 \u00a0 \u00a0 \u00a0 \u00a0 \u00a0 \u00a0Bildquelle: \u00a9 L\u00fcneburger Heide GmbH<\/span><\/div><\/div>\n\n\n\t<div class=\"ms-thumb\" ><div class=\"ms-tab-context\"><div class=\"&quot;ms-tab-context&quot;\"><\/div><\/div>\n<\/div>\n\t\t\t\t<\/div>\n\n\t\t\t<\/div>\n\t\t\t<!-- END MasterSlider Main -->\n\n\t\t\t \n\t\t<\/div>\n\t\t<!-- END MasterSlider -->\n\n\t\t<script>\n\t\t(function ( $ ) {\n\t\t\t\"use strict\";\n\n\t\t\t$(function () {\n\t\t\t\tvar masterslider_27b9 = new MasterSlider();\n\n\t\t\t\t\/\/ slider controls\n\t\t\t\tmasterslider_27b9.control('arrows'     ,{ autohide:false, overVideo:true  });\n\t\t\t\tmasterslider_27b9.control('slideinfo'  ,{ autohide:false, overVideo:true, dir:'h', align:'bottom',inset:false , margin:10   });\n\t\t\t\t\/\/ slider setup\n\t\t\t\tmasterslider_27b9.setup(\"MS69d051cce27b9\", {\n\t\t\t\t\t\twidth           : 800,\n\t\t\t\t\t\theight          : 480,\n\t\t\t\t\t\tminHeight       : 0,\n\t\t\t\t\t\tspace           : 0,\n\t\t\t\t\t\tstart           : 1,\n\t\t\t\t\t\tgrabCursor      : true,\n\t\t\t\t\t\tswipe           : true,\n\t\t\t\t\t\tmouse           : true,\n\t\t\t\t\t\tlayout          : \"boxed\",\n\t\t\t\t\t\twheel           : false,\n\t\t\t\t\t\tautoplay        : false,\n\t\t\t\t\t\tinstantStartLayers:false,\n\t\t\t\t\t\tloop            : false,\n\t\t\t\t\t\tshuffle         : false,\n\t\t\t\t\t\tpreload         : 0,\n\t\t\t\t\t\theightLimit     : true,\n\t\t\t\t\t\tautoHeight      : false,\n\t\t\t\t\t\tsmoothHeight    : true,\n\t\t\t\t\t\tendPause        : false,\n\t\t\t\t\t\toverPause       : true,\n\t\t\t\t\t\tfillMode        : \"fill\",\n\t\t\t\t\t\tcenterControls  : true,\n\t\t\t\t\t\tstartOnAppear   : false,\n\t\t\t\t\t\tlayersMode      : \"center\",\n\t\t\t\t\t\thideLayers      : false,\n\t\t\t\t\t\tfullscreenMargin: 0,\n\t\t\t\t\t\tspeed           : 2,\n\t\t\t\t\t\tdir             : \"h\",\n\t\t\t\t\t\tparallaxMode    : 'swipe',\n\t\t\t\t\t\tview            : \"basic\"\n\t\t\t\t});\n\n\t\t\t\t\n\t\t\t\twindow.masterslider_instances = window.masterslider_instances || [];\n\t\t\t\twindow.masterslider_instances.push( masterslider_27b9 );\n\t\t\t });\n\n\t\t})(jQuery);\n\t\t<\/script>\n\n\n<p>\u00a0 \u00a0 \u00a0 \u00a0 \u00a0 \u00a0 \u00a0 \u00a0 \u00a0 \u00a0 \u00a0 \u00a0 \u00a0 \u00a0 \u00a0 \u00a0 \u00a0 \u00a0 \u00a0 \u00a0 \u00a0 \u00a0 \u00a0 \u00a0 \u00a0 \u00a0 \u00a0 \u00a0 \u00a0 \u00a0 \u00a0 \u00a0 \u00a0 \u00a0 \u00a0 \u00a0 \u00a0 \u00a0\u00a0<\/p>\n","protected":false},"excerpt":{"rendered":"<p>Nicht nur Ihre Ausbildung zu eigenverantwortlichen und selbstreflektierenden Lehrerpers\u00f6nlichkeiten ist uns wichtig, sondern auch Ihr Wohlbefinden und eine ausgewogene Lebensqualit\u00e4t. Sowohl die sch\u00f6ne Fachwerkstadt Celle &hellip; <\/p>\n","protected":false},"author":9194135,"featured_media":0,"parent":0,"menu_order":0,"comment_status":"closed","ping_status":"closed","template":"","meta":{"footnotes":""},"class_list":["post-1030","page","type-page","status-publish","hentry"],"_links":{"self":[{"href":"https:\/\/wordpress.nibis.de\/stscelle\/wp-json\/wp\/v2\/pages\/1030","targetHints":{"allow":["GET"]}}],"collection":[{"href":"https:\/\/wordpress.nibis.de\/stscelle\/wp-json\/wp\/v2\/pages"}],"about":[{"href":"https:\/\/wordpress.nibis.de\/stscelle\/wp-json\/wp\/v2\/types\/page"}],"author":[{"embeddable":true,"href":"https:\/\/wordpress.nibis.de\/stscelle\/wp-json\/wp\/v2\/users\/9194135"}],"replies":[{"embeddable":true,"href":"https:\/\/wordpress.nibis.de\/stscelle\/wp-json\/wp\/v2\/comments?post=1030"}],"version-history":[{"count":4,"href":"https:\/\/wordpress.nibis.de\/stscelle\/wp-json\/wp\/v2\/pages\/1030\/revisions"}],"predecessor-version":[{"id":1111,"href":"https:\/\/wordpress.nibis.de\/stscelle\/wp-json\/wp\/v2\/pages\/1030\/revisions\/1111"}],"wp:attachment":[{"href":"https:\/\/wordpress.nibis.de\/stscelle\/wp-json\/wp\/v2\/media?parent=1030"}],"curies":[{"name":"wp","href":"https:\/\/api.w.org\/{rel}","templated":true}]}}