{"id":1032,"date":"2024-02-13T14:12:48","date_gmt":"2024-02-13T13:12:48","guid":{"rendered":"https:\/\/wordpress.nibis.de\/stscelle\/?page_id=1032"},"modified":"2024-02-20T13:46:17","modified_gmt":"2024-02-20T12:46:17","slug":"geographischer-ueberblick-unserer-ausbildungsschulen","status":"publish","type":"page","link":"https:\/\/wordpress.nibis.de\/stscelle\/geographischer-ueberblick-unserer-ausbildungsschulen\/","title":{"rendered":"geographischer \u00dcberblick unserer Ausbildungsschulen"},"content":{"rendered":"\n\n\n<figure class=\"wp-block-image size-large\"><a href=\"https:\/\/www.taskcards.de\/#\/board\/c0c50b1e-c827-45bc-b8e7-3711f49f2392\"><img loading=\"lazy\" decoding=\"async\" width=\"1024\" height=\"638\" src=\"https:\/\/wordpress.nibis.de\/stscelle\/files\/2024\/02\/IMG_0090-1-1024x638.jpeg\" alt=\"\" class=\"wp-image-1281\" srcset=\"https:\/\/wordpress.nibis.de\/stscelle\/files\/2024\/02\/IMG_0090-1-1024x638.jpeg 1024w, https:\/\/wordpress.nibis.de\/stscelle\/files\/2024\/02\/IMG_0090-1-300x187.jpeg 300w, https:\/\/wordpress.nibis.de\/stscelle\/files\/2024\/02\/IMG_0090-1-768x478.jpeg 768w, https:\/\/wordpress.nibis.de\/stscelle\/files\/2024\/02\/IMG_0090-1-1536x956.jpeg 1536w, https:\/\/wordpress.nibis.de\/stscelle\/files\/2024\/02\/IMG_0090-1-2048x1275.jpeg 2048w\" sizes=\"auto, (max-width: 1024px) 100vw, 1024px\" \/><\/a><\/figure>\n\n\n\n<p><a href=\"https:\/\/www.taskcards.de\/#\/board\/c0c50b1e-c827-45bc-b8e7-3711f49f2392\">Hier<\/a> k\u00f6nnen Sie sich interaktiv einen \u00dcberblick \u00fcber die Lage unserer Ausbildungsschulen zwischen Hannover und Hamburg verschaffen. Klicken Sie einfach auf ein Symbol und Sie erhalten Informationen \u00fcber wichtige Entfernungen f\u00fcr Beruf und Freizeit sowie die M\u00f6glichkeit, die Homepage der jeweiligen Schulen zu besuchen.<\/p>\n","protected":false},"excerpt":{"rendered":"<p>Hier k\u00f6nnen Sie sich interaktiv einen \u00dcberblick \u00fcber die Lage unserer Ausbildungsschulen zwischen Hannover und Hamburg verschaffen. Klicken Sie einfach auf ein Symbol und Sie &hellip; <\/p>\n","protected":false},"author":9194135,"featured_media":0,"parent":0,"menu_order":0,"comment_status":"closed","ping_status":"closed","template":"","meta":{"footnotes":""},"class_list":["post-1032","page","type-page","status-publish","hentry"],"_links":{"self":[{"href":"https:\/\/wordpress.nibis.de\/stscelle\/wp-json\/wp\/v2\/pages\/1032","targetHints":{"allow":["GET"]}}],"collection":[{"href":"https:\/\/wordpress.nibis.de\/stscelle\/wp-json\/wp\/v2\/pages"}],"about":[{"href":"https:\/\/wordpress.nibis.de\/stscelle\/wp-json\/wp\/v2\/types\/page"}],"author":[{"embeddable":true,"href":"https:\/\/wordpress.nibis.de\/stscelle\/wp-json\/wp\/v2\/users\/9194135"}],"replies":[{"embeddable":true,"href":"https:\/\/wordpress.nibis.de\/stscelle\/wp-json\/wp\/v2\/comments?post=1032"}],"version-history":[{"count":4,"href":"https:\/\/wordpress.nibis.de\/stscelle\/wp-json\/wp\/v2\/pages\/1032\/revisions"}],"predecessor-version":[{"id":1284,"href":"https:\/\/wordpress.nibis.de\/stscelle\/wp-json\/wp\/v2\/pages\/1032\/revisions\/1284"}],"wp:attachment":[{"href":"https:\/\/wordpress.nibis.de\/stscelle\/wp-json\/wp\/v2\/media?parent=1032"}],"curies":[{"name":"wp","href":"https:\/\/api.w.org\/{rel}","templated":true}]}}