{"id":1034,"date":"2024-02-13T14:12:49","date_gmt":"2024-02-13T13:12:49","guid":{"rendered":"https:\/\/wordpress.nibis.de\/stscelle\/?page_id=1034"},"modified":"2024-02-16T21:54:52","modified_gmt":"2024-02-16T20:54:52","slug":"ausbildung-vergeht-wie-flug","status":"publish","type":"page","link":"https:\/\/wordpress.nibis.de\/stscelle\/ausbildung-vergeht-wie-flug\/","title":{"rendered":"Die Ausbildung vergeht wie im Flug&#8230;"},"content":{"rendered":"\n<p>\u2026leichter gesagt als getan.<\/p>\n<p>Aber mit Hilfe der <a href=\"https:\/\/www.taskcards.de\/#\/board\/98a9cbef-a927-46cc-9643-393bd67b88d4\/view\">hier<\/a> zu findenden Darstellung m\u00f6chten wir Ihnen genau das pr\u00e4sentieren.<\/p>\n<p>Kaum hat das erste Ausbildungssemester begonnen \u201efliegen\u201c Sie quasi von Ereignis zu Ereignis, aber immer mit ausreichend M\u00f6glichkeiten Ihre Praxiserfahrungen auszusch\u00e4rfen sowie Ihre St\u00e4rken zu festigen und sich weiter zu professionalisieren.\u00a0<\/p>\n<p>\u00a0<\/p>\n","protected":false},"excerpt":{"rendered":"<p>\u2026leichter gesagt als getan. Aber mit Hilfe der hier zu findenden Darstellung m\u00f6chten wir Ihnen genau das pr\u00e4sentieren. Kaum hat das erste Ausbildungssemester begonnen \u201efliegen\u201c &hellip; <\/p>\n","protected":false},"author":9194135,"featured_media":0,"parent":0,"menu_order":0,"comment_status":"closed","ping_status":"closed","template":"","meta":{"footnotes":""},"class_list":["post-1034","page","type-page","status-publish","hentry"],"_links":{"self":[{"href":"https:\/\/wordpress.nibis.de\/stscelle\/wp-json\/wp\/v2\/pages\/1034","targetHints":{"allow":["GET"]}}],"collection":[{"href":"https:\/\/wordpress.nibis.de\/stscelle\/wp-json\/wp\/v2\/pages"}],"about":[{"href":"https:\/\/wordpress.nibis.de\/stscelle\/wp-json\/wp\/v2\/types\/page"}],"author":[{"embeddable":true,"href":"https:\/\/wordpress.nibis.de\/stscelle\/wp-json\/wp\/v2\/users\/9194135"}],"replies":[{"embeddable":true,"href":"https:\/\/wordpress.nibis.de\/stscelle\/wp-json\/wp\/v2\/comments?post=1034"}],"version-history":[{"count":4,"href":"https:\/\/wordpress.nibis.de\/stscelle\/wp-json\/wp\/v2\/pages\/1034\/revisions"}],"predecessor-version":[{"id":1254,"href":"https:\/\/wordpress.nibis.de\/stscelle\/wp-json\/wp\/v2\/pages\/1034\/revisions\/1254"}],"wp:attachment":[{"href":"https:\/\/wordpress.nibis.de\/stscelle\/wp-json\/wp\/v2\/media?parent=1034"}],"curies":[{"name":"wp","href":"https:\/\/api.w.org\/{rel}","templated":true}]}}