{"id":1141,"date":"2024-02-14T18:02:23","date_gmt":"2024-02-14T17:02:23","guid":{"rendered":"https:\/\/wordpress.nibis.de\/stscelle\/?page_id=1141"},"modified":"2026-02-10T10:45:35","modified_gmt":"2026-02-10T09:45:35","slug":"bibliothek","status":"publish","type":"page","link":"https:\/\/wordpress.nibis.de\/stscelle\/bibliothek\/","title":{"rendered":"Die Bibliothek"},"content":{"rendered":"\n<table style=\"border-collapse: collapse;width: 100%;height: 696px\">\n<tbody>\n<tr style=\"height: 696px\">\n<td style=\"width: 41.5625%;height: 696px\">\n<p style=\"text-align: center\"><img loading=\"lazy\" decoding=\"async\" class=\"alignnone  wp-image-1625\" src=\"https:\/\/wordpress.nibis.de\/stscelle\/files\/2024\/08\/Bewerbungsbild_036-214x300.jpg\" alt=\"\" width=\"259\" height=\"363\" srcset=\"https:\/\/wordpress.nibis.de\/stscelle\/files\/2024\/08\/Bewerbungsbild_036-214x300.jpg 214w, https:\/\/wordpress.nibis.de\/stscelle\/files\/2024\/08\/Bewerbungsbild_036-731x1024.jpg 731w, https:\/\/wordpress.nibis.de\/stscelle\/files\/2024\/08\/Bewerbungsbild_036-768x1075.jpg 768w, https:\/\/wordpress.nibis.de\/stscelle\/files\/2024\/08\/Bewerbungsbild_036.jpg 1000w\" sizes=\"auto, (max-width: 259px) 100vw, 259px\" \/><\/p>\n<p style=\"text-align: center\">Frau Ohlhoff-Sp\u00e4th<\/p>\n<\/td>\n<td style=\"width: 51.6667%;height: 696px\">\n<p style=\"text-align: justify\">Die Seminarb\u00fccherei wird von Frau Ohlhoff-Sp\u00e4th verwaltet. Dieser Ort der Ruhe steht allen am Studienseminar t\u00e4tigen Personen zur Verf\u00fcgung. Hier besteht auch die M\u00f6glichkeit, die hauseigenen Laptops sowie den Kopierer (pro Kopie 5 Cent) zu nutzen.<\/p>\n<p style=\"text-align: justify\">Die Ausleihe und R\u00fcckgabe der entliehenen Medien erfolgt zu den ausgeh\u00e4ngten \u00d6ffnungszeiten der B\u00fccherei. Alle vorhandenen Medien stehen zur Ausleihe frei. Ausnahmen stellen besonders gekennzeichnete Pr\u00e4senzexemplare, die Fachzeitschriften und die Hausarbeiten dar. Die Ausleihfrist betr\u00e4gt in der Regel drei Wochen und kann bei Bedarf verl\u00e4ngert werden. Die Besonderheit unserer Bibliothek ist der <a href=\"https:\/\/www.studienseminar-celle.web-opac.de\/search\">OPAC-Katalog <\/a>und erm\u00f6glicht Ihnen eine Online-Recherche.<\/p>\n<p style=\"text-align: justify\">Frau Ohlhoff-Sp\u00e4th steht Ihnen bei Fragen gerne zur Seite.<\/p>\n<p>Die Bibliothek erreichen Sie unter:<\/p>\n<p><strong>Telefon:<\/strong> \u00a0 \u00a0 +49 5141-9065-15<br \/><strong>Fax:<\/strong> \u00a0 \u00a0 \u00a0 \u00a0 \u00a0 \u00a0 \u00a0+49 5141-9065-20<\/p>\n<\/td>\n<\/tr>\n<\/tbody>\n<\/table>\n\n\n\n<p><strong>\u00d6ffnungszeiten:<\/strong><\/p>\n\n\n\n<p>\u00a0<\/p>\n<table style=\"border-collapse: collapse;width: 100%;height: 193px\">\n<tbody>\n<tr style=\"height: 57px\">\n<td style=\"width: 49.2708%;text-align: center;height: 57px\"><strong>Wochentag<\/strong><\/td>\n<td style=\"width: 25.8333%;text-align: center;height: 57px\"><strong>Uhrzeit<\/strong><\/td>\n<td style=\"width: 24.8958%;text-align: center;height: 57px\"><strong>Anwesenheit Frau Ohlhoff-Sp\u00e4th<\/strong><\/td>\n<\/tr>\n<tr style=\"height: 34px\">\n<td style=\"width: 49.2708%;text-align: center;height: 34px\">Montag<\/td>\n<td style=\"width: 25.8333%;height: 34px;text-align: center\">08.00 bis 17.00 Uhr<\/td>\n<td style=\"width: 24.8958%;height: 34px;text-align: center\">12.00 bis 17.00 Uhr<\/td>\n<\/tr>\n<tr style=\"height: 34px\">\n<td style=\"width: 49.2708%;text-align: center;height: 34px\">Dienstag\u00a0<\/td>\n<td style=\"width: 25.8333%;height: 34px;text-align: center\">07.30 bis 14.00 Uhr<\/td>\n<td style=\"width: 24.8958%;height: 34px;text-align: center\">07.30 bis 11.30 Uhr<\/td>\n<\/tr>\n<tr style=\"height: 34px\">\n<td style=\"width: 49.2708%;text-align: center;height: 34px\">Mittwoch und Freitag\u00a0<\/td>\n<td style=\"width: 25.8333%;height: 34px;text-align: center\">08.00 bis 15.30 Uhr<\/td>\n<td style=\"width: 24.8958%;height: 34px;text-align: center\">11.30 bis 15.30 Uhr\u00a0<\/td>\n<\/tr>\n<tr style=\"height: 34px\">\n<td style=\"width: 49.2708%;height: 34px;text-align: center\">Donnerstag<\/td>\n<td style=\"width: 25.8333%;height: 34px;text-align: center\">08.00 bis 15.30 Uhr<\/td>\n<td style=\"width: 24.8958%;text-align: center;height: 34px\">12.30 bis 15.30 Uhr<\/td>\n<\/tr>\n<\/tbody>\n<\/table>\n\n\n\n\n","protected":false},"excerpt":{"rendered":"<p>Frau Ohlhoff-Sp\u00e4th Die Seminarb\u00fccherei wird von Frau Ohlhoff-Sp\u00e4th verwaltet. Dieser Ort der Ruhe steht allen am Studienseminar t\u00e4tigen Personen zur Verf\u00fcgung. Hier besteht auch die &hellip; <\/p>\n","protected":false},"author":9194135,"featured_media":0,"parent":0,"menu_order":0,"comment_status":"closed","ping_status":"closed","template":"","meta":{"footnotes":""},"class_list":["post-1141","page","type-page","status-publish","hentry"],"_links":{"self":[{"href":"https:\/\/wordpress.nibis.de\/stscelle\/wp-json\/wp\/v2\/pages\/1141","targetHints":{"allow":["GET"]}}],"collection":[{"href":"https:\/\/wordpress.nibis.de\/stscelle\/wp-json\/wp\/v2\/pages"}],"about":[{"href":"https:\/\/wordpress.nibis.de\/stscelle\/wp-json\/wp\/v2\/types\/page"}],"author":[{"embeddable":true,"href":"https:\/\/wordpress.nibis.de\/stscelle\/wp-json\/wp\/v2\/users\/9194135"}],"replies":[{"embeddable":true,"href":"https:\/\/wordpress.nibis.de\/stscelle\/wp-json\/wp\/v2\/comments?post=1141"}],"version-history":[{"count":24,"href":"https:\/\/wordpress.nibis.de\/stscelle\/wp-json\/wp\/v2\/pages\/1141\/revisions"}],"predecessor-version":[{"id":1898,"href":"https:\/\/wordpress.nibis.de\/stscelle\/wp-json\/wp\/v2\/pages\/1141\/revisions\/1898"}],"wp:attachment":[{"href":"https:\/\/wordpress.nibis.de\/stscelle\/wp-json\/wp\/v2\/media?parent=1141"}],"curies":[{"name":"wp","href":"https:\/\/api.w.org\/{rel}","templated":true}]}}