{"id":1196,"date":"2024-02-15T10:58:18","date_gmt":"2024-02-15T09:58:18","guid":{"rendered":"https:\/\/wordpress.nibis.de\/stscelle\/?page_id=1196"},"modified":"2024-04-09T21:44:51","modified_gmt":"2024-04-09T19:44:51","slug":"faecher","status":"publish","type":"page","link":"https:\/\/wordpress.nibis.de\/stscelle\/faecher\/","title":{"rendered":"F\u00e4cher"},"content":{"rendered":"\n<p style=\"text-align: justify\">Die Lehrkr\u00e4fte im Vorbereitungsdienst werden in P\u00e4dagogik und in zwei Unterrichtsf\u00e4chern ausgebildet. Sie nehmen teil an<\/p>\n<ul>\n<li>Veranstaltungen eines p\u00e4dagogischen Seminars und\u00a0<\/li>\n<li style=\"text-align: justify\">Veranstaltungen der fachdidaktischen Seminare f\u00fcr die F\u00e4cher, f\u00fcr die die Lehrkraft im Vorbereitungsdienst zugelassen ist.<\/li>\n<\/ul>\n<p style=\"text-align: justify\">Die Ausbildung in den F\u00e4chern des Studienseminars Celle f\u00fcr das Lehramt an Gymnasien folgt in seiner Konzeption den in der APVO-Lehr grundgelegten Kompetenzbereichen, den aktuellen und konsensf\u00e4higen fachwissenschaftlichen und fachdidaktischen Erkenntnissen und \u00dcberlegungen sowie den derzeit g\u00fcltigen Kerncurricula (KC) und den Bildungsstandards (BiSta) bzw.\u00a0 den Einheitlichen Pr\u00fcfungsanforderungen (EPA) des jeweiligen Faches.<\/p>\n","protected":false},"excerpt":{"rendered":"<p>Die Lehrkr\u00e4fte im Vorbereitungsdienst werden in P\u00e4dagogik und in zwei Unterrichtsf\u00e4chern ausgebildet. Sie nehmen teil an Veranstaltungen eines p\u00e4dagogischen Seminars und\u00a0 Veranstaltungen der fachdidaktischen Seminare &hellip; <\/p>\n","protected":false},"author":9194135,"featured_media":0,"parent":0,"menu_order":0,"comment_status":"closed","ping_status":"closed","template":"","meta":{"footnotes":""},"class_list":["post-1196","page","type-page","status-publish","hentry"],"_links":{"self":[{"href":"https:\/\/wordpress.nibis.de\/stscelle\/wp-json\/wp\/v2\/pages\/1196","targetHints":{"allow":["GET"]}}],"collection":[{"href":"https:\/\/wordpress.nibis.de\/stscelle\/wp-json\/wp\/v2\/pages"}],"about":[{"href":"https:\/\/wordpress.nibis.de\/stscelle\/wp-json\/wp\/v2\/types\/page"}],"author":[{"embeddable":true,"href":"https:\/\/wordpress.nibis.de\/stscelle\/wp-json\/wp\/v2\/users\/9194135"}],"replies":[{"embeddable":true,"href":"https:\/\/wordpress.nibis.de\/stscelle\/wp-json\/wp\/v2\/comments?post=1196"}],"version-history":[{"count":6,"href":"https:\/\/wordpress.nibis.de\/stscelle\/wp-json\/wp\/v2\/pages\/1196\/revisions"}],"predecessor-version":[{"id":1466,"href":"https:\/\/wordpress.nibis.de\/stscelle\/wp-json\/wp\/v2\/pages\/1196\/revisions\/1466"}],"wp:attachment":[{"href":"https:\/\/wordpress.nibis.de\/stscelle\/wp-json\/wp\/v2\/media?parent=1196"}],"curies":[{"name":"wp","href":"https:\/\/api.w.org\/{rel}","templated":true}]}}