{"id":1308,"date":"2024-02-27T20:30:11","date_gmt":"2024-02-27T19:30:11","guid":{"rendered":"https:\/\/wordpress.nibis.de\/stscelle\/?page_id=1308"},"modified":"2024-07-31T15:55:14","modified_gmt":"2024-07-31T13:55:14","slug":"downloads","status":"publish","type":"page","link":"https:\/\/wordpress.nibis.de\/stscelle\/downloads\/","title":{"rendered":"Downloads"},"content":{"rendered":"\n<h2>F\u00fcr Seminarangeh\u00f6rige<\/h2>\n<p>Alle Informationen, Pl\u00e4ne und Formbl\u00e4tter f\u00fcr Seminarangeh\u00f6rige haben wir auf unserer internen Kommunikationsplattform <a href=\"https:\/\/sts-ce.de\/iserv\/auth\/login?_target_path=\/iserv\/auth\/auth?_iserv_app_url%3D%252Fiserv%252F%26client_id%3D2_4hz4q25ztq0w000wo4kockokksc8w8k4g4g404w4w40ccgocog%26nonce%3Dd32cf69a-89b8-44a8-a60d-5958d805f406%26redirect_uri%3Dhttps%253A%252F%252Fsts-ce.de%252Fiserv%252Fapp%252Fauthentication%252Fredirect%26response_type%3Dcode%26scope%3Dopenid%2520uuid%2520iserv%253Asession-id%2520iserv%253Aweb-ui%2520iserv%253A2fa%253Aconfiguration%2520iserv%253Aaccess-groups%26state%3DeyJ0eXAiOiJKV1QiLCJhbGciOiJFUzI1NiIsImtpZCI6IjEifQ.eyJyZWRpcmVjdF91cmkiOiJodHRwczpcL1wvc3RzLWNlLmRlXC9pc2VydlwvIiwibm9uY2UiOiJkMzJjZjY5YS04OWI4LTQ0YTgtYTYwZC01OTU4ZDgwNWY0MDYiLCJhZG1pbiI6ZmFsc2UsImlzcyI6Imh0dHBzOlwvXC9zdHMtY2UuZGVcL2lzZXJ2XC8iLCJleHAiOjE3MTY4MzgzNjMsIm5iZiI6MTcwOTA2MjMwMywiaWF0IjoxNzA5MDYyMzYzLCJzaWQiOiIifQ.qjvY8zgt7QFhl0RYNURgEP_QaauL8TuHF8tZFDK6Xi6y0lOnKnqKkWebKfRKWJNDG5w6zxRwQ31yKrRlLCYjwQ\">IServ<\/a>&nbsp; abgelegt. Mit Ihren Zugangsdaten haben Sie darauf Zugriff.<\/p>\n<h2>F\u00fcr Ausbildungslehrkr\u00e4fte an den Ausbildungsschulen<\/h2>\n<p>In diesem Bereich finden Sie Informationsmaterialien zum Download, welches Sie bei der Ausbildung der Referendarinnen und Referendare an Ihrer Schule unterst\u00fctzen soll. Das Angebot wird stetig aktualisiert.<\/p>\n<p><a href=\"https:\/\/wordpress.nibis.de\/stscelle\/files\/2024\/02\/Handbuch-Schulleitende_2023-2.pdf\" target=\"_blank\" rel=\"noopener\"><strong><img loading=\"lazy\" decoding=\"async\" class=\"\" src=\"https:\/\/th.bing.com\/th\/id\/OIP.bop-xhgVlxODuUfw8e70UQHaHa?pid=ImgDet&amp;w=180&amp;h=180&amp;c=7&amp;dpr=1,3\" alt=\"Press Corner | Cannes Corporate Media &amp; TV Awards\" width=\"52\" height=\"52\">&nbsp; &nbsp; &nbsp;Handreichung f\u00fcr Schulleitende und Ausbildungsbeauftragte der Ausbildungsschulen <\/strong><\/a><\/p>\n<p><strong><a href=\"http:\/\/www.schure.de\/20411\/apvo-lehr.htm\" target=\"_blank\" rel=\"noopener\">Ausbildungs- und Pr\u00fcfungsverordnung (APVO-Lehr)<\/a><\/strong><\/p>\n<p><strong><a href=\"http:\/\/www.schure.de\/20411\/35-84110-413.htm\" target=\"_blank\" rel=\"noopener\">Durchf\u00fchrungsbestimmungen zur Ausbildungs- und&nbsp; Pr\u00fcfungsverordnung (APVO-Lehr)<\/a><\/strong><\/p>\n\n\n\n<h2 class=\"wp-block-heading\">F\u00fcr Studienreferendarinnen und Studienreferendare sowie f\u00fcr Lehrkr\u00e4fte im Quereinstieg<\/h2>\n\n\n\n<p>Hier finden Sie Informationsmaterial zum Download sowie weitere Informationsquellen, die Ihnen zur Orientierung im Referendariat behilflich sein sollen.<\/p>\n\n\n\n<p><a href=\"https:\/\/wordpress.nibis.de\/stscelle\/files\/2024\/07\/Leitfaden-ReferendariatCE-0824.pdf\" target=\"_blank\" rel=\"noopener\"><strong><img loading=\"lazy\" decoding=\"async\" class=\"\" src=\"https:\/\/th.bing.com\/th\/id\/OIP.bop-xhgVlxODuUfw8e70UQHaHa?pid=ImgDet&amp;w=180&amp;h=180&amp;c=7&amp;dpr=1,3\" alt=\"Press Corner | Cannes Corporate Media &amp; TV Awards\" width=\"52\" height=\"52\" \/>\u00a0 \u00a0 \u00a0 Handreichung f\u00fcr Studienreferendarinnen und Studienreferendare sowie Lehrkr\u00e4fte im Quereinstieg\u00a0<\/strong><\/a><\/p>\n<p>Informationen und weitere Downloads des <strong><a href=\"https:\/\/www.mk.niedersachsen.de\/startseite\/schule\/lehrkrafte_und_nichtlehrendes_personal\/wege_in_den_schuldienst\/einstellung_in_den_vorbereitungsdienst\/vorbereitungsdienst_fur_lehramter_an_allgemein_bildenden_schulen\/vorbereitungsdienst-fuer-lehraemter-an-allgemein-bildenden-schulen-167438.html\">Nieders\u00e4chsischen Kultusministeriums<\/a><\/strong><\/p>\n\n\n\n<div class=\"wp-block-media-text alignwide is-stacked-on-mobile\"><figure class=\"wp-block-media-text__media\"><\/figure><div class=\"wp-block-media-text__content\">\n<p class=\"has-large-font-size\"><\/p>\n<\/div><\/div>\n","protected":false},"excerpt":{"rendered":"<p>F\u00fcr Seminarangeh\u00f6rige Alle Informationen, Pl\u00e4ne und Formbl\u00e4tter f\u00fcr Seminarangeh\u00f6rige haben wir auf unserer internen Kommunikationsplattform IServ&nbsp; abgelegt. Mit Ihren Zugangsdaten haben Sie darauf Zugriff. F\u00fcr &hellip; <\/p>\n","protected":false},"author":9194135,"featured_media":0,"parent":0,"menu_order":0,"comment_status":"closed","ping_status":"closed","template":"","meta":{"footnotes":""},"class_list":["post-1308","page","type-page","status-publish","hentry"],"_links":{"self":[{"href":"https:\/\/wordpress.nibis.de\/stscelle\/wp-json\/wp\/v2\/pages\/1308","targetHints":{"allow":["GET"]}}],"collection":[{"href":"https:\/\/wordpress.nibis.de\/stscelle\/wp-json\/wp\/v2\/pages"}],"about":[{"href":"https:\/\/wordpress.nibis.de\/stscelle\/wp-json\/wp\/v2\/types\/page"}],"author":[{"embeddable":true,"href":"https:\/\/wordpress.nibis.de\/stscelle\/wp-json\/wp\/v2\/users\/9194135"}],"replies":[{"embeddable":true,"href":"https:\/\/wordpress.nibis.de\/stscelle\/wp-json\/wp\/v2\/comments?post=1308"}],"version-history":[{"count":12,"href":"https:\/\/wordpress.nibis.de\/stscelle\/wp-json\/wp\/v2\/pages\/1308\/revisions"}],"predecessor-version":[{"id":1614,"href":"https:\/\/wordpress.nibis.de\/stscelle\/wp-json\/wp\/v2\/pages\/1308\/revisions\/1614"}],"wp:attachment":[{"href":"https:\/\/wordpress.nibis.de\/stscelle\/wp-json\/wp\/v2\/media?parent=1308"}],"curies":[{"name":"wp","href":"https:\/\/api.w.org\/{rel}","templated":true}]}}