{"id":151,"date":"2017-08-07T12:53:29","date_gmt":"2017-08-07T10:53:29","guid":{"rendered":"http:\/\/wordpress.nibis.de\/stscelle\/?page_id=151"},"modified":"2024-02-13T14:21:45","modified_gmt":"2024-02-13T13:21:45","slug":"livd","status":"publish","type":"page","link":"https:\/\/wordpress.nibis.de\/stscelle\/livd\/","title":{"rendered":"Von LiVD zu LiVD (LehrerIn im Vorbereitungsdienst)"},"content":{"rendered":"<p><strong>Kleiner Leitfaden f\u00fcr Organisatorisches <\/strong><strong>vom Personalrat der LiVD<\/strong>: <strong>Woran ihr denken solltet, bevor es losgeht&#8230;<\/strong><\/p>\n<p><strong>Seid ihr gut versichert?<\/strong><\/p>\n<p>Ihr k\u00f6nnt euch entscheiden zwischen einer \u00fcblichen, aber etwas teureren gesetzlichen Krankenversicherung (GKV) oder einer privaten Versicherung (PKV). Letztere bietet spezielle Tarife f\u00fcr die Beihilfe zur Krankenversicherung durch das Land Niedersachsen an, auf die ihr Anspr\u00fcche habt. Hier sind die Verfahren (Bezahlung beim Arzt und Rechnungsbetr\u00e4ge bei PKV und Dienststelle zur\u00fcckfordern) etwas komplizierter. Ein Vergleich lohnt sich. Eine Amts- oder Diensthaftpflicht ist auf jeden Fall notwendig. Einige Schulen fordern ggf. f\u00fcr ihre Schl\u00fcssel eine Erweiterung der Diensthaftpflichtspolice \u00fcber eine Schl\u00fcsselversicherung.<\/p>\n<p><strong>Wo wollt ihr wohnen?<\/strong><\/p>\n<p>Am Schulort oder am Seminarort &#8211; beides bietet Vor- und Nachteile. Zu bedenken sind vor allem Fahrtzeiten und Kosten (erstattet werden Fahrtkosten vom Schulort zu Seminarveranstaltungen; allerdings besteht die M\u00f6glichkeit, wenn man lieber am Seminarort wohnen m\u00f6chte, sich einen Teil der Fahrtkosten \u00fcber den Lohnsteuerjahresausgleich zur\u00fcckzuholen). Die Fahrtzeiten von Celle zu den einzelnen Schulen betragen zwischen 30 und 60 Minuten.<\/p>\n<p><strong>Kurz vor oder nach dem Umzug &#8230;\u00a0<\/strong><\/p>\n<p>Kontoverlegung, Nachsendeantrag bei der Post und privaten Zustelldiensten, Anmelden beim Einwohnermeldeamt, Ummelden des Autos, Telefonanschluss, Internetanschluss, Strom- und ggf. Gasversorger. Die Meldebeh\u00f6rden sind im neuen Rathaus (Neues Rathaus, Am Franz\u00f6sischen Garten 1, 29221\u00a0Celle; Tel: (05141) 12 0<\/p>\n<p>Der \u00f6rtliche Grundversorger f\u00fcr Gas, Wasser und Strom ist die SVO (SVO Vertrieb GmbH, Sprengerstra\u00dfe 2, 29223 Celle; Tel: 05141 2196-5000)<\/p>\n","protected":false},"excerpt":{"rendered":"<p>Kleiner Leitfaden f\u00fcr Organisatorisches vom Personalrat der LiVD: Woran ihr denken solltet, bevor es losgeht&#8230; Seid ihr gut versichert? Ihr k\u00f6nnt euch entscheiden zwischen einer &hellip; <\/p>\n","protected":false},"author":9192192,"featured_media":0,"parent":0,"menu_order":0,"comment_status":"closed","ping_status":"closed","template":"","meta":{"footnotes":""},"class_list":["post-151","page","type-page","status-publish","hentry"],"_links":{"self":[{"href":"https:\/\/wordpress.nibis.de\/stscelle\/wp-json\/wp\/v2\/pages\/151","targetHints":{"allow":["GET"]}}],"collection":[{"href":"https:\/\/wordpress.nibis.de\/stscelle\/wp-json\/wp\/v2\/pages"}],"about":[{"href":"https:\/\/wordpress.nibis.de\/stscelle\/wp-json\/wp\/v2\/types\/page"}],"author":[{"embeddable":true,"href":"https:\/\/wordpress.nibis.de\/stscelle\/wp-json\/wp\/v2\/users\/9192192"}],"replies":[{"embeddable":true,"href":"https:\/\/wordpress.nibis.de\/stscelle\/wp-json\/wp\/v2\/comments?post=151"}],"version-history":[{"count":5,"href":"https:\/\/wordpress.nibis.de\/stscelle\/wp-json\/wp\/v2\/pages\/151\/revisions"}],"predecessor-version":[{"id":1044,"href":"https:\/\/wordpress.nibis.de\/stscelle\/wp-json\/wp\/v2\/pages\/151\/revisions\/1044"}],"wp:attachment":[{"href":"https:\/\/wordpress.nibis.de\/stscelle\/wp-json\/wp\/v2\/media?parent=151"}],"curies":[{"name":"wp","href":"https:\/\/api.w.org\/{rel}","templated":true}]}}