{"id":257,"date":"2017-08-21T10:40:31","date_gmt":"2017-08-21T08:40:31","guid":{"rendered":"http:\/\/wordpress.nibis.de\/stscelle\/?page_id=257"},"modified":"2024-02-15T15:12:21","modified_gmt":"2024-02-15T14:12:21","slug":"franzoesisch-2","status":"publish","type":"page","link":"https:\/\/wordpress.nibis.de\/stscelle\/franzoesisch-2\/","title":{"rendered":"Franz\u00f6sisch"},"content":{"rendered":"<p>\u00a0<\/p>\n<p><strong>Ausbildende:<\/strong> Frau StD\u00b4 Dr. Imke Wellmann<\/p>\n<p><strong>Zielsetzung der Ausbildung im Fach:<\/strong><\/p>\n<p>Die auf Progression ausgerichtete Ausbildung im Studienseminar soll auf der Grundlage des im Studium erworbenen Fachwissens und einer fundierten Fremdsprachenkompetenz dazu bef\u00e4higen, einen modernen kommunikativen Franz\u00f6sischunterricht zu planen, durchzuf\u00fchren und zu reflektieren. Ziel ist es, die Lehrkr\u00e4fte im Vorbereitungsdienst bestm\u00f6glich auf die vielf\u00e4ltigen Anforderungen des kompetenzorientierten Franz\u00f6sischunterrichts vorzubereiten. Vermittelt werden sollen Sicherheit im schulischen Alltag und Professionalit\u00e4t sowohl bei der Arbeit mit dem Lehrwerk als auch beim Einsatz authentischer und adaptierter Texte im Sinne des erweiterten Textbegriffs.<\/p>\n<p><strong>Organisation der Ausbildung:<\/strong><\/p>\n<p>Die Ausbildung gliedert sich in drei Teile: Unterrichtsbesuche, Fachseminare und Hospitationen.<\/p>\n<p>Die <u>Unterrichtsbesuche<\/u> und die anschlie\u00dfenden Auswertungsgespr\u00e4che schaffen die Gelegenheit zu individueller Beratung und R\u00fcckmeldung. Die regelm\u00e4\u00dfig stattfindenden Besuche im eigenverantwortlichen und im betreuten Unterricht dienen der Beratung, der R\u00fcckmeldung und der Hilfestellung. Es werden gemeinsam St\u00e4rken- und Entwicklungsfelder der Stunden herausgearbeitet und Alternativen sowie Verbesserungsm\u00f6glichkeiten f\u00fcr zuk\u00fcnftige Franz\u00f6sischstunden entwickelt, um die Lehrerinnen und Lehrer im Vorbereitungsdienst bei der Qualit\u00e4tsentwicklung des eigenen Unterrichts zu unterst\u00fctzen.<\/p>\n<p>Die dreist\u00fcndigen <u>Fachseminarsitzungen<\/u> finden alle vierzehn Tage statt. Die Fachseminarthemen orientieren sich an den curricularen und praktischen Anforderungen des modernen Franz\u00f6sischunterrichts mit dem Ziel, den aktuellen fachdidaktischen Kenntnis- und Diskussionsstand mit praktischen M\u00f6glichkeiten der Planung, Durchf\u00fchrung und Evaluation von Unterricht zu verkn\u00fcpfen. Das Fachseminar Franz\u00f6sisch besteht aus einer Gruppe von Referendarinnen und Referendaren der verschiedenen Semester sowie ggf. Quereinsteigern. Auf diese Weise kommt es zu einem effektiven Erfahrungsaustausch zwischen den erfahreneren und den neuen Lehrkr\u00e4ften im Vorbereitungsdienst.<\/p>\n<p>Au\u00dferdem finden w\u00e4hrend der 18-monatigen Ausbildung drei Blockseminare statt, in denen einzelne Unterrichtsstunden konkret geplant und dann im Rahmen von Gruppenhospitationen ausgewertet werden.<\/p>\n<p><u>Hospitationen<\/u> im Unterricht anderer Lehrerinnen und Lehrer im Vorbereitungsdienst oder bei der Fachleiterin erm\u00f6glichen einen Blick von au\u00dfen. Die gemeinsame Reflexion der beobachteten Stunden tr\u00e4gt ebenfalls zur professionellen Entwicklung bei.<\/p>\n\n\n<p><\/p>\n","protected":false},"excerpt":{"rendered":"<p>\u00a0 Ausbildende: Frau StD\u00b4 Dr. Imke Wellmann Zielsetzung der Ausbildung im Fach: Die auf Progression ausgerichtete Ausbildung im Studienseminar soll auf der Grundlage des im &hellip; <\/p>\n","protected":false},"author":9192192,"featured_media":0,"parent":0,"menu_order":0,"comment_status":"closed","ping_status":"closed","template":"","meta":{"footnotes":""},"class_list":["post-257","page","type-page","status-publish","hentry"],"_links":{"self":[{"href":"https:\/\/wordpress.nibis.de\/stscelle\/wp-json\/wp\/v2\/pages\/257","targetHints":{"allow":["GET"]}}],"collection":[{"href":"https:\/\/wordpress.nibis.de\/stscelle\/wp-json\/wp\/v2\/pages"}],"about":[{"href":"https:\/\/wordpress.nibis.de\/stscelle\/wp-json\/wp\/v2\/types\/page"}],"author":[{"embeddable":true,"href":"https:\/\/wordpress.nibis.de\/stscelle\/wp-json\/wp\/v2\/users\/9192192"}],"replies":[{"embeddable":true,"href":"https:\/\/wordpress.nibis.de\/stscelle\/wp-json\/wp\/v2\/comments?post=257"}],"version-history":[{"count":7,"href":"https:\/\/wordpress.nibis.de\/stscelle\/wp-json\/wp\/v2\/pages\/257\/revisions"}],"predecessor-version":[{"id":1231,"href":"https:\/\/wordpress.nibis.de\/stscelle\/wp-json\/wp\/v2\/pages\/257\/revisions\/1231"}],"wp:attachment":[{"href":"https:\/\/wordpress.nibis.de\/stscelle\/wp-json\/wp\/v2\/media?parent=257"}],"curies":[{"name":"wp","href":"https:\/\/api.w.org\/{rel}","templated":true}]}}

Französisch

<p> </p>
<p><strong>Ausbildende:</strong> Frau StD´ Dr. Imke Wellmann</p>
<p><strong>Zielsetzung der Ausbildung im Fach:</strong></p>
<p>Die auf Progression ausgerichtete Ausbildung im Studienseminar soll auf der Grundlage des im Studium erworbenen Fachwissens und einer fundierten Fremdsprachenkompetenz dazu befähigen, einen modernen kommunikativen Französischunterricht zu planen, durchzuführen und zu reflektieren. Ziel ist es, die Lehrkräfte im Vorbereitungsdienst bestmöglich auf die vielfältigen Anforderungen des kompetenzorientierten Französischunterrichts vorzubereiten. Vermittelt werden sollen Sicherheit im schulischen Alltag und Professionalität sowohl bei der Arbeit mit dem Lehrwerk als auch beim Einsatz authentischer und adaptierter Texte im Sinne des erweiterten Textbegriffs.</p>
<p><strong>Organisation der Ausbildung:</strong></p>
<p>Die Ausbildung gliedert sich in drei Teile: Unterrichtsbesuche, Fachseminare und Hospitationen.</p>
<p>Die <u>Unterrichtsbesuche</u> und die anschließenden Auswertungsgespräche schaffen die Gelegenheit zu individueller Beratung und Rückmeldung. Die regelmäßig stattfindenden Besuche im eigenverantwortlichen und im betreuten Unterricht dienen der Beratung, der Rückmeldung und der Hilfestellung. Es werden gemeinsam Stärken- und Entwicklungsfelder der Stunden herausgearbeitet und Alternativen sowie Verbesserungsmöglichkeiten für zukünftige Französischstunden entwickelt, um die Lehrerinnen und Lehrer im Vorbereitungsdienst bei der Qualitätsentwicklung des eigenen Unterrichts zu unterstützen.</p>
<p>Die dreistündigen <u>Fachseminarsitzungen</u> finden alle vierzehn Tage statt. Die Fachseminarthemen orientieren sich an den curricularen und praktischen Anforderungen des modernen Französischunterrichts mit dem Ziel, den aktuellen fachdidaktischen Kenntnis- und Diskussionsstand mit praktischen Möglichkeiten der Planung, Durchführung und Evaluation von Unterricht zu verknüpfen. Das Fachseminar Französisch besteht aus einer Gruppe von Referendarinnen und Referendaren der verschiedenen Semester sowie ggf. Quereinsteigern. Auf diese Weise kommt es zu einem effektiven Erfahrungsaustausch zwischen den erfahreneren und den neuen Lehrkräften im Vorbereitungsdienst.</p>
<p>Außerdem finden während der 18-monatigen Ausbildung drei Blockseminare statt, in denen einzelne Unterrichtsstunden konkret geplant und dann im Rahmen von Gruppenhospitationen ausgewertet werden.</p>
<p><u>Hospitationen</u> im Unterricht anderer Lehrerinnen und Lehrer im Vorbereitungsdienst oder bei der Fachleiterin ermöglichen einen Blick von außen. Die gemeinsame Reflexion der beobachteten Stunden trägt ebenfalls zur professionellen Entwicklung bei.</p>


<p></p>
