{"id":263,"date":"2017-08-21T10:42:01","date_gmt":"2017-08-21T08:42:01","guid":{"rendered":"http:\/\/wordpress.nibis.de\/stscelle\/?page_id=263"},"modified":"2024-11-07T11:45:50","modified_gmt":"2024-11-07T10:45:50","slug":"musik","status":"publish","type":"page","link":"https:\/\/wordpress.nibis.de\/stscelle\/musik\/","title":{"rendered":"Musik"},"content":{"rendered":"<p><strong>Ausbildender:\u00a0<\/strong> Herr OStR Seyberth<\/p>\n<p><strong>Zielstellung der Ausbildung im Fach:<\/strong><\/p>\n<p>Die Ausbildung zielt darauf ab, die im Studium erworbenen Kenntnisse sicherzustellen und zu erweitern sowie im Hinblick auf die Anforderungen in der schulischen Unterrichtsgestaltung im Sinne einer Vernetzung von Theorie und Praxis weiterzuentwickeln. Angestrebt wird die im KC formulierte und im Kern des Kompetenzmodells stehende Kompetenz <strong>Musik erfahrend erschlie\u00dfen<\/strong> allen Bereichen der Planung, Durchf\u00fchrung und Reflexion von Musikunterricht mit Inhalt zu f\u00fcllen.<\/p>\n<p><strong>Organisation der Ausbildung:<\/strong><\/p>\n<p>Die Ausbildung im Studienseminar findet im Rahmen von vierzehnt\u00e4gig stattfindenden dreist\u00fcndigen Fachseminarsitzungen statt. Hinzu kommt eine Blockveranstaltung in der Einf\u00fchrungswoche zur Vorbereitung auf den eigenverantwortlichen Unterricht sowie fachliche Fortbildungsveranstaltungen, zum Teil an externen Standorten. Die Themen des Fachseminars werden in ihrer Abfolge so strukturiert, dass die Kompetenzbereiche Planen, Durchf\u00fchren und Reflexion von Fachunterricht mit Bezug zu den Ausbildungsanforderungen behandelt werden.<\/p>\n<p>An den Ausbildungsschulen im Raum Celle gibt es viele Musik interessierte und begeisterte Sch\u00fclerinnen und Sch\u00fcler, was sich insbesondere an Aktivit\u00e4ten au\u00dferhalb des Unterrichts (Ch\u00f6re, Bigbands, Orchester, Bands, \u2026) mit regelm\u00e4\u00dfigen Konzerten in und au\u00dferhalb der Schulen zeigt. Celle bietet dar\u00fcber hinaus viele M\u00f6glichkeiten, sich musikalisch einzubringen: die Bandbreite reicht von Ch\u00f6ren \u00fcber Kammerorchester, sinfonisches Blasorchester und Bigband bis zu diversen Bands, von Kammermusikverein \u00fcber Kirchen und Musikschulen bis zu Jazz- und Rockmusik-Initiativen.<\/p>\n<p>Ich freue mich darauf, Sie am Studienseminar in Celle begr\u00fc\u00dfen zu d\u00fcrfen!<\/p>\n<p>Philipp Seyberth<\/p>\n","protected":false},"excerpt":{"rendered":"<p>Ausbildender:\u00a0 Herr OStR Seyberth Zielstellung der Ausbildung im Fach: Die Ausbildung zielt darauf ab, die im Studium erworbenen Kenntnisse sicherzustellen und zu erweitern sowie im &hellip; <\/p>\n","protected":false},"author":9192192,"featured_media":0,"parent":0,"menu_order":0,"comment_status":"closed","ping_status":"closed","template":"","meta":{"footnotes":""},"class_list":["post-263","page","type-page","status-publish","hentry"],"_links":{"self":[{"href":"https:\/\/wordpress.nibis.de\/stscelle\/wp-json\/wp\/v2\/pages\/263","targetHints":{"allow":["GET"]}}],"collection":[{"href":"https:\/\/wordpress.nibis.de\/stscelle\/wp-json\/wp\/v2\/pages"}],"about":[{"href":"https:\/\/wordpress.nibis.de\/stscelle\/wp-json\/wp\/v2\/types\/page"}],"author":[{"embeddable":true,"href":"https:\/\/wordpress.nibis.de\/stscelle\/wp-json\/wp\/v2\/users\/9192192"}],"replies":[{"embeddable":true,"href":"https:\/\/wordpress.nibis.de\/stscelle\/wp-json\/wp\/v2\/comments?post=263"}],"version-history":[{"count":5,"href":"https:\/\/wordpress.nibis.de\/stscelle\/wp-json\/wp\/v2\/pages\/263\/revisions"}],"predecessor-version":[{"id":1681,"href":"https:\/\/wordpress.nibis.de\/stscelle\/wp-json\/wp\/v2\/pages\/263\/revisions\/1681"}],"wp:attachment":[{"href":"https:\/\/wordpress.nibis.de\/stscelle\/wp-json\/wp\/v2\/media?parent=263"}],"curies":[{"name":"wp","href":"https:\/\/api.w.org\/{rel}","templated":true}]}}

<p><strong>Ausbildender: </strong> Herr OStR Seyberth</p>
<p><strong>Zielstellung der Ausbildung im Fach:</strong></p>
<p>Die Ausbildung zielt darauf ab, die im Studium erworbenen Kenntnisse sicherzustellen und zu erweitern sowie im Hinblick auf die Anforderungen in der schulischen Unterrichtsgestaltung im Sinne einer Vernetzung von Theorie und Praxis weiterzuentwickeln. Angestrebt wird die im KC formulierte und im Kern des Kompetenzmodells stehende Kompetenz <strong>Musik erfahrend erschließen</strong> allen Bereichen der Planung, Durchführung und Reflexion von Musikunterricht mit Inhalt zu füllen.</p>
<p><strong>Organisation der Ausbildung:</strong></p>
<p>Die Ausbildung im Studienseminar findet im Rahmen von vierzehntägig stattfindenden dreistündigen Fachseminarsitzungen statt. Hinzu kommt eine Blockveranstaltung in der Einführungswoche zur Vorbereitung auf den eigenverantwortlichen Unterricht sowie fachliche Fortbildungsveranstaltungen, zum Teil an externen Standorten. Die Themen des Fachseminars werden in ihrer Abfolge so strukturiert, dass die Kompetenzbereiche Planen, Durchführen und Reflexion von Fachunterricht mit Bezug zu den Ausbildungsanforderungen behandelt werden.</p>
<p>An den Ausbildungsschulen im Raum Celle gibt es viele Musik interessierte und begeisterte Schülerinnen und Schüler, was sich insbesondere an Aktivitäten außerhalb des Unterrichts (Chöre, Bigbands, Orchester, Bands, …) mit regelmäßigen Konzerten in und außerhalb der Schulen zeigt. Celle bietet darüber hinaus viele Möglichkeiten, sich musikalisch einzubringen: die Bandbreite reicht von Chören über Kammerorchester, sinfonisches Blasorchester und Bigband bis zu diversen Bands, von Kammermusikverein über Kirchen und Musikschulen bis zu Jazz- und Rockmusik-Initiativen.</p>
<p>Ich freue mich darauf, Sie am Studienseminar in Celle begrüßen zu dürfen!</p>
<p>Philipp Seyberth</p>
