{"id":271,"date":"2017-08-21T10:43:54","date_gmt":"2017-08-21T08:43:54","guid":{"rendered":"http:\/\/wordpress.nibis.de\/stscelle\/?page_id=271"},"modified":"2024-02-15T15:12:42","modified_gmt":"2024-02-15T14:12:42","slug":"spanisch-2","status":"publish","type":"page","link":"https:\/\/wordpress.nibis.de\/stscelle\/spanisch-2\/","title":{"rendered":"Spanisch"},"content":{"rendered":"<p><strong>Ausbildende:<\/strong> Frau StR\u00b4Rudolf<\/p>\n<p><strong>Zielsetzung der Ausbildung im Fach:<\/strong><\/p>\n<p>Die auf Progression ausgerichtete Ausbildung im Studienseminar soll auf der Grundlage des im Studium erworbenen Fachwissens und einer fundierten Fremdsprachenkompetenz dazu bef\u00e4higen, einen modernen kommunikativen Spanischunterricht zu planen, durchzuf\u00fchren und zu reflektieren. Ziel ist es, die Lehrkr\u00e4fte im Vorbereitungsdienst bestm\u00f6glich auf die vielf\u00e4ltigen Anforderungen des kompetenzorientierten Spanischunterrichts vorzubereiten. Vermittelt werden sollen Sicherheit im schulischen Alltag und Professionalit\u00e4t sowohl bei der Arbeit mit dem Lehrwerk als auch beim Einsatz authentischer und adaptierter Texte im Sinne des erweiterten Textbegriffs.<\/p>\n<p><strong>Organisation der Ausbildung:<\/strong><\/p>\n<p>Die Ausbildung gliedert sich in drei Teile: Unterrichtsbesuche, Fachseminare und Hospitationen.<\/p>\n<p><u>Unterrichtsbesuche<\/u> und anschlie\u00dfende Auswertungsgespr\u00e4che schaffen die Gelegenheit zu individueller Beratung und R\u00fcckmeldung. Die regelm\u00e4\u00dfig stattfinden Besuche im eigenverantwortlichen und im betreuten Unterricht dienen der Beratung, der R\u00fcckmeldung und der Hilfestellung. Es werden gemeinsam St\u00e4rken- und Entwicklungsfelder der Stunden herausgearbeitet und Alternativen sowie Verbesserungsm\u00f6glichkeiten f\u00fcr zuk\u00fcnftige Spanischstunden entwickelt, um die Qualit\u00e4tsentwicklung des eigenen Unterrichts zu unterst\u00fctzen.<\/p>\n<p>Die dreist\u00fcndigen <u>Fachseminarsitzungen<\/u> finden alle vierzehn Tage statt. Die Fachseminarthemen orientieren sich an den curricularen und praktischen Anforderungen des modernen Spanischunterrichts mit dem Ziel, den aktuellen fachdidaktischen Kenntnis- und Diskussionsstand mit praktischen M\u00f6glichkeiten der Planung, Durchf\u00fchrung und Evaluation von Unterricht zu verkn\u00fcpfen. Das Fachseminar Spanisch besteht aus einer Gruppe von Referendaren der verschiedenen Semester und ggf. aus Quereinsteigern. Auf diese Weise kommt es zu einem effektiven Erfahrungsaustausch zwischen den erfahreneren und den neuen Lehrkr\u00e4ften im Vorbereitungsdienst.<\/p>\n<p>Au\u00dferdem finden w\u00e4hrend der 18-monatigen Ausbildung drei Blockseminare statt, in denen einzelne Unterrichtsstunden konkret geplant werden, die dann im Rahmen von Gruppenhospitationen ausgewertet werden.<\/p>\n<p><u>Hospitationen<\/u> im Unterricht anderer Lehrerinnen und Lehrer im Vorbereitungsdienst oder bei der Fachleiterin erm\u00f6glichen einen Blick von au\u00dfen. Die gemeinsame Reflexion der beobachteten Stunden tr\u00e4gt ebenfalls zur professionellen Entwicklung bei.<\/p>\n","protected":false},"excerpt":{"rendered":"<p>Ausbildende: Frau StR\u00b4Rudolf Zielsetzung der Ausbildung im Fach: Die auf Progression ausgerichtete Ausbildung im Studienseminar soll auf der Grundlage des im Studium erworbenen Fachwissens und &hellip; <\/p>\n","protected":false},"author":9192192,"featured_media":0,"parent":0,"menu_order":0,"comment_status":"closed","ping_status":"closed","template":"","meta":{"footnotes":""},"class_list":["post-271","page","type-page","status-publish","hentry"],"_links":{"self":[{"href":"https:\/\/wordpress.nibis.de\/stscelle\/wp-json\/wp\/v2\/pages\/271","targetHints":{"allow":["GET"]}}],"collection":[{"href":"https:\/\/wordpress.nibis.de\/stscelle\/wp-json\/wp\/v2\/pages"}],"about":[{"href":"https:\/\/wordpress.nibis.de\/stscelle\/wp-json\/wp\/v2\/types\/page"}],"author":[{"embeddable":true,"href":"https:\/\/wordpress.nibis.de\/stscelle\/wp-json\/wp\/v2\/users\/9192192"}],"replies":[{"embeddable":true,"href":"https:\/\/wordpress.nibis.de\/stscelle\/wp-json\/wp\/v2\/comments?post=271"}],"version-history":[{"count":6,"href":"https:\/\/wordpress.nibis.de\/stscelle\/wp-json\/wp\/v2\/pages\/271\/revisions"}],"predecessor-version":[{"id":1232,"href":"https:\/\/wordpress.nibis.de\/stscelle\/wp-json\/wp\/v2\/pages\/271\/revisions\/1232"}],"wp:attachment":[{"href":"https:\/\/wordpress.nibis.de\/stscelle\/wp-json\/wp\/v2\/media?parent=271"}],"curies":[{"name":"wp","href":"https:\/\/api.w.org\/{rel}","templated":true}]}}