{"id":41,"date":"2022-06-04T15:23:28","date_gmt":"2022-06-04T13:23:28","guid":{"rendered":"https:\/\/wordpress.nibis.de\/stsghrlg\/?page_id=41"},"modified":"2024-12-12T21:20:18","modified_gmt":"2024-12-12T20:20:18","slug":"studienseminar","status":"publish","type":"page","link":"https:\/\/wordpress.nibis.de\/stsghrlg\/studienseminar\/","title":{"rendered":"Leitung und Verwaltung"},"content":{"rendered":"\n<p><strong>SEMINARLEITUNG<\/strong><\/p>\n\n\n\n<figure class=\"wp-block-table\">\n<table style=\"border-style: none\">\n<tbody>\n<tr>\n<td class=\"has-text-align-left\" data-align=\"left\"><img loading=\"lazy\" decoding=\"async\" width=\"150\" height=\"200\" class=\"wp-image-128\" style=\"width: 150px\" src=\"https:\/\/wordpress.nibis.de\/stsghrlg\/files\/2022\/06\/Antje-Rothe.jpg\" alt=\"\"><\/td>\n<td class=\"has-text-align-left\" data-align=\"left\"><img loading=\"lazy\" decoding=\"async\" class=\"alignnone  wp-image-936\" src=\"https:\/\/wordpress.nibis.de\/stsghrlg\/files\/2024\/12\/Kai-Runge-2-scaled-e1733942022839.jpg\" alt=\"\" width=\"150\" height=\"200\"><\/td>\n<\/tr>\n<tr>\n<td class=\"has-text-align-left\" data-align=\"left\"><strong>ANTJE ROTHE<\/strong><br>Seminarrektorin<\/td>\n<td class=\"has-text-align-left\" data-align=\"left\"><strong>KAI RUNGE<\/strong><br>Seminarkonrektor<\/td>\n<\/tr>\n<\/tbody>\n<\/table>\n<\/figure>\n\n\n\n<p>Seit 2017 verbindet uns eine gemeinsame Vorstellung von Ausbildungsqualit\u00e4t, Seminarkultur und mitarbeiterorientierter F\u00fchrung und pr\u00e4gt seither unsere harmonische und zielgerichtete Zusammenarbeit im Leitungsteam.<\/p>\n\n\n\n<p><\/p>\n\n\n\n<p><strong>VERWALTUNG<\/strong><\/p>\n\n\n\n<figure class=\"wp-block-table\">\n<table style=\"border-style: none;width: 100%;height: 288px\">\n<tbody>\n<tr style=\"height: 227px\">\n<td class=\"has-text-align-left\" style=\"height: 227px\" data-align=\"left\"><img loading=\"lazy\" decoding=\"async\" width=\"443\" height=\"600\" class=\"wp-image-131\" style=\"width: 150px\" src=\"https:\/\/wordpress.nibis.de\/stsghrlg\/files\/2022\/06\/Anja-Schurig.jpg\" alt=\"\" srcset=\"https:\/\/wordpress.nibis.de\/stsghrlg\/files\/2022\/06\/Anja-Schurig.jpg 443w, https:\/\/wordpress.nibis.de\/stsghrlg\/files\/2022\/06\/Anja-Schurig-222x300.jpg 222w\" sizes=\"auto, (max-width: 443px) 100vw, 443px\" \/><\/td>\n<td class=\"has-text-align-left\" style=\"height: 227px\" data-align=\"left\"><strong>(zurzeit nicht im Dienst)<\/strong><\/td>\n<\/tr>\n<tr style=\"height: 61px\">\n<td class=\"has-text-align-left\" style=\"height: 61px\" data-align=\"left\"><strong>ANJA SCHURIG<\/strong><br \/>Tel.: 04131 &#8211; 7599780<\/td>\n<td class=\"has-text-align-left\" style=\"height: 61px\" data-align=\"left\"><strong>AMELY G\u00d6RLITZ<\/strong><br \/>Tel.: 04131 \u2013 7599780<\/td>\n<\/tr>\n<\/tbody>\n<\/table>\n<figcaption><a href=\"&#109;&#x61;&#x69;l&#116;&#x6f;&#x3a;p&#111;&#x73;t&#115;&#x74;&#x65;l&#108;&#x65;&#64;&#115;&#x65;&#x6d;i&#110;&#x61;&#x72;&#45;&#x6c;&#x67;-&#103;&#x68;&#x72;s&#46;&#x6e;i&#101;&#x64;&#x65;r&#115;&#x61;c&#104;&#x73;&#x65;n&#46;&#x64;&#x65;\">&#x70;&#111;s&#x74;&#x73;&#116;e&#x6c;&#x6c;&#101;&#64;&#x73;&#x65;&#109;i&#x6e;&#x61;&#114;-&#x6c;&#103;&#45;g&#x68;&#114;s&#x2e;&#x6e;&#105;e&#x64;&#x65;&#114;s&#x61;&#x63;&#104;s&#x65;&#x6e;&#46;d&#x65;<\/a><\/figcaption>\n<\/figure>\n\n\n\n<p>Frau Schurig bearbeitet zuverl\u00e4ssig alle Verwaltungsabl\u00e4ufe, unterst\u00fctzt im Hintergrund die reibungslose Organisation von Seminarveranstaltungen und ist f\u00fcr Sie zugewandte Ansprechpartnerin in Verwaltungsangelegenheiten.<\/p>\n\n\n\n<p><\/p>\n\n\n\n<p><strong>BIBLIOTHEK<\/strong><\/p>\n\n\n\n<p><strong>INA SCHLICHT<\/strong><\/p>\n\n\n\n<p>F\u00fcr die Bibliothek ist w\u00e4hrend der \u00d6ffnungszeiten Frau Schlicht Ihre Ansprechpartnerin.<\/p>\n\n\n\n<p><\/p>\n","protected":false},"excerpt":{"rendered":"<p>SEMINARLEITUNG ANTJE ROTHESeminarrektorin KAI RUNGESeminarkonrektor Seit 2017 verbindet uns eine gemeinsame Vorstellung von Ausbildungsqualit\u00e4t, Seminarkultur und mitarbeiterorientierter F\u00fchrung und pr\u00e4gt seither unsere harmonische und zielgerichtete Zusammenarbeit im Leitungsteam. VERWALTUNG (zurzeit <a class=\"more-link\" href=\"https:\/\/wordpress.nibis.de\/stsghrlg\/studienseminar\/\">weiter lesen \u2192<\/a><\/p>\n","protected":false},"author":9194005,"featured_media":0,"parent":0,"menu_order":0,"comment_status":"closed","ping_status":"closed","template":"","meta":{"footnotes":""},"class_list":["post-41","page","type-page","status-publish","hentry"],"_links":{"self":[{"href":"https:\/\/wordpress.nibis.de\/stsghrlg\/wp-json\/wp\/v2\/pages\/41","targetHints":{"allow":["GET"]}}],"collection":[{"href":"https:\/\/wordpress.nibis.de\/stsghrlg\/wp-json\/wp\/v2\/pages"}],"about":[{"href":"https:\/\/wordpress.nibis.de\/stsghrlg\/wp-json\/wp\/v2\/types\/page"}],"author":[{"embeddable":true,"href":"https:\/\/wordpress.nibis.de\/stsghrlg\/wp-json\/wp\/v2\/users\/9194005"}],"replies":[{"embeddable":true,"href":"https:\/\/wordpress.nibis.de\/stsghrlg\/wp-json\/wp\/v2\/comments?post=41"}],"version-history":[{"count":30,"href":"https:\/\/wordpress.nibis.de\/stsghrlg\/wp-json\/wp\/v2\/pages\/41\/revisions"}],"predecessor-version":[{"id":1004,"href":"https:\/\/wordpress.nibis.de\/stsghrlg\/wp-json\/wp\/v2\/pages\/41\/revisions\/1004"}],"wp:attachment":[{"href":"https:\/\/wordpress.nibis.de\/stsghrlg\/wp-json\/wp\/v2\/media?parent=41"}],"curies":[{"name":"wp","href":"https:\/\/api.w.org\/{rel}","templated":true}]}}