{"id":64,"date":"2022-06-04T15:51:34","date_gmt":"2022-06-04T13:51:34","guid":{"rendered":"https:\/\/wordpress.nibis.de\/stsghrlg\/?page_id=64"},"modified":"2024-12-11T21:31:49","modified_gmt":"2024-12-11T20:31:49","slug":"paedagogikseminare","status":"publish","type":"page","link":"https:\/\/wordpress.nibis.de\/stsghrlg\/paedagogikseminare\/","title":{"rendered":"P\u00e4dagogikseminare"},"content":{"rendered":"\n<p>An unserem Studienseminar gibt es derzeit acht P\u00e4dagogikseminare mit unterschiedlicher Teilnehmendenzahl.<\/p>\n\n\n\n<p>Unsere P\u00e4dagogikseminarleiter*innen koordinieren gemeinsam mit Ihnen und Ihren Fach-seminarleiter*innen Ihren Ausbildungsprozess im Vorbereitungsdienst.<\/p>\n\n\n\n<p>Dabei stehen sie Ihnen \u00fcber die Seminarveranstaltungen hinaus f\u00fcr Fragen, Sorgen und Anregungen zur Verf\u00fcgung und sind in vielen Belangen Ihre ersten Ansprechpartner*innen.<\/p>\n\n\n\n<p>Ihre PS-Leitung l\u00e4dt Sie mindestens einmal w\u00e4hrend Ihres Vorbereitungsdienstes zur Hospitation in ihren eigenen Unterricht ein. Am Pr\u00fcfungstag ist Ihre PS-Leitung das vorsitzende Mitglied der Pr\u00fcfungskommission.<\/p>\n\n\n\n<p><\/p>\n\n\n\n<figure class=\"wp-block-table aligncenter is-style-regular\">\n<table style=\"border-color: #000000;border-style: none\">\n<tbody>\n<tr>\n<td class=\"has-text-align-center\" data-align=\"center\"><br \/><br \/><\/td>\n<td class=\"has-text-align-center\" data-align=\"center\"><img loading=\"lazy\" decoding=\"async\" width=\"150\" height=\"150\" class=\"wp-image-141\" style=\"width: 150px\" src=\"https:\/\/wordpress.nibis.de\/stsghrlg\/files\/2022\/06\/Antje-Rothe-150x150-1.jpg\" alt=\"\" \/><br \/>Antje Rothe<\/td>\n<td class=\"has-text-align-center\" data-align=\"center\"><img loading=\"lazy\" decoding=\"async\" class=\"alignnone size-full wp-image-940\" src=\"https:\/\/wordpress.nibis.de\/stsghrlg\/files\/2024\/12\/Kai-Runge-PS-scaled-e1733942554406.jpg\" alt=\"\" width=\"150\" height=\"150\" \/><br \/>Kai Runge<\/td>\n<\/tr>\n<tr>\n<td class=\"has-text-align-center\" data-align=\"center\"><img loading=\"lazy\" decoding=\"async\" width=\"150\" height=\"150\" class=\"wp-image-143\" style=\"width: 150px\" src=\"https:\/\/wordpress.nibis.de\/stsghrlg\/files\/2022\/06\/Feo-Obbelode.jpg\" alt=\"\" \/><br \/>Feo Obbelode<\/td>\n<td class=\"has-text-align-center\" data-align=\"center\"><img loading=\"lazy\" decoding=\"async\" width=\"150\" height=\"150\" class=\"wp-image-146\" style=\"width: 150px\" src=\"https:\/\/wordpress.nibis.de\/stsghrlg\/files\/2022\/06\/Katrin-Baschwitz.jpg\" alt=\"\" \/><br \/>Katrin Baschwitz<\/td>\n<td class=\"has-text-align-center\" data-align=\"center\"><img loading=\"lazy\" decoding=\"async\" width=\"150\" height=\"150\" class=\"wp-image-147\" style=\"width: 150px\" src=\"https:\/\/wordpress.nibis.de\/stsghrlg\/files\/2022\/06\/Oliver-Schulz.jpg\" alt=\"\" \/><br \/>Oliver Schulz<\/td>\n<\/tr>\n<tr>\n<td class=\"has-text-align-center\" data-align=\"center\"><img decoding=\"async\" class=\"wp-image-516\" style=\"width: 150px\" src=\"https:\/\/wordpress.nibis.de\/stsghrlg\/files\/2022\/06\/Christian-Flessner.jpg\" alt=\"\" \/><br \/>Christian Fle\u00dfner<\/td>\n<td class=\"has-text-align-center\" data-align=\"center\"><img decoding=\"async\" src=\"https:\/\/wordpress.nibis.de\/stsghrlg\/files\/2022\/06\/Barbara-Riebandt.jpg\" alt=\"\" \/><br \/>Barbara Riebandt<\/td>\n<td class=\"has-text-align-center\" data-align=\"center\"><img decoding=\"async\" src=\"https:\/\/wordpress.nibis.de\/stsghrlg\/files\/2022\/06\/Heidi-von-Mansberg.png\" alt=\"\" \/><br \/>Heidi von Mansberg<\/td>\n<\/tr>\n<\/tbody>\n<\/table>\n<\/figure>\n","protected":false},"excerpt":{"rendered":"<p>An unserem Studienseminar gibt es derzeit acht P\u00e4dagogikseminare mit unterschiedlicher Teilnehmendenzahl. Unsere P\u00e4dagogikseminarleiter*innen koordinieren gemeinsam mit Ihnen und Ihren Fach-seminarleiter*innen Ihren Ausbildungsprozess im Vorbereitungsdienst. Dabei stehen sie Ihnen \u00fcber die <a class=\"more-link\" href=\"https:\/\/wordpress.nibis.de\/stsghrlg\/paedagogikseminare\/\">weiter lesen \u2192<\/a><\/p>\n","protected":false},"author":9194005,"featured_media":0,"parent":0,"menu_order":0,"comment_status":"closed","ping_status":"closed","template":"","meta":{"footnotes":""},"class_list":["post-64","page","type-page","status-publish","hentry"],"_links":{"self":[{"href":"https:\/\/wordpress.nibis.de\/stsghrlg\/wp-json\/wp\/v2\/pages\/64","targetHints":{"allow":["GET"]}}],"collection":[{"href":"https:\/\/wordpress.nibis.de\/stsghrlg\/wp-json\/wp\/v2\/pages"}],"about":[{"href":"https:\/\/wordpress.nibis.de\/stsghrlg\/wp-json\/wp\/v2\/types\/page"}],"author":[{"embeddable":true,"href":"https:\/\/wordpress.nibis.de\/stsghrlg\/wp-json\/wp\/v2\/users\/9194005"}],"replies":[{"embeddable":true,"href":"https:\/\/wordpress.nibis.de\/stsghrlg\/wp-json\/wp\/v2\/comments?post=64"}],"version-history":[{"count":30,"href":"https:\/\/wordpress.nibis.de\/stsghrlg\/wp-json\/wp\/v2\/pages\/64\/revisions"}],"predecessor-version":[{"id":978,"href":"https:\/\/wordpress.nibis.de\/stsghrlg\/wp-json\/wp\/v2\/pages\/64\/revisions\/978"}],"wp:attachment":[{"href":"https:\/\/wordpress.nibis.de\/stsghrlg\/wp-json\/wp\/v2\/media?parent=64"}],"curies":[{"name":"wp","href":"https:\/\/api.w.org\/{rel}","templated":true}]}}