{"id":74,"date":"2022-06-04T15:51:34","date_gmt":"2022-06-04T13:51:34","guid":{"rendered":"https:\/\/wordpress.nibis.de\/stsghrlg\/?page_id=74"},"modified":"2022-06-23T15:07:23","modified_gmt":"2022-06-23T13:07:23","slug":"formulare","status":"publish","type":"page","link":"https:\/\/wordpress.nibis.de\/stsghrlg\/formulare\/","title":{"rendered":"Formulare"},"content":{"rendered":"\n<p><\/p>\n\n\n\n<div class=\"wp-block-image\"><figure class=\"alignright size-full\"><img loading=\"lazy\" decoding=\"async\" width=\"150\" height=\"150\" src=\"https:\/\/wordpress.nibis.de\/stsghrlg\/files\/2022\/06\/formulare-150x150-1.jpg\" alt=\"\" class=\"wp-image-505\" \/><\/figure><\/div>\n\n\n\n<ul class=\"wp-block-list\"><li><a href=\"https:\/\/www.extra.formularservice.niedersachsen.de\/cdmextra\/cfs\/eject\/pdf\/148.pdf?MANDANTID=5&amp;FORMUID=030_039\">Antrag auf Teilzeit\/Elternzeit<\/a><\/li><li><a href=\"https:\/\/www.extra.formularservice.niedersachsen.de\/cdmextra\/cfs\/eject\/pdf\/155.pdf?MANDANTID=5&amp;FORMUID=030_061\">Merkblatt Elternzeit<\/a><\/li><li>Formularservice Niedersachsen:<br><a href=\"https:\/\/e-forms.niedersachsen.de\/startseite\/\">https:\/\/e-forms.niedersachsen.de\/startseite\/<\/a><\/li><\/ul>\n\n\n\n<p><\/p>\n\n\n\n<p>Alle weiteren w\u00e4hrend des Vorbereitungsdienstes erforderlichen Formulare werden Ihnen mit Dienstantritt \u00fcber die seminarinterne Kommunikationsplattform IServ zur Verf\u00fcgung gestellt.<\/p>\n","protected":false},"excerpt":{"rendered":"<p>Antrag auf Teilzeit\/Elternzeit Merkblatt Elternzeit Formularservice Niedersachsen:https:\/\/e-forms.niedersachsen.de\/startseite\/ Alle weiteren w\u00e4hrend des Vorbereitungsdienstes erforderlichen Formulare werden Ihnen mit Dienstantritt \u00fcber die seminarinterne Kommunikationsplattform IServ zur Verf\u00fcgung gestellt.<\/p>\n","protected":false},"author":9194005,"featured_media":0,"parent":0,"menu_order":0,"comment_status":"closed","ping_status":"closed","template":"","meta":{"footnotes":""},"class_list":["post-74","page","type-page","status-publish","hentry"],"_links":{"self":[{"href":"https:\/\/wordpress.nibis.de\/stsghrlg\/wp-json\/wp\/v2\/pages\/74","targetHints":{"allow":["GET"]}}],"collection":[{"href":"https:\/\/wordpress.nibis.de\/stsghrlg\/wp-json\/wp\/v2\/pages"}],"about":[{"href":"https:\/\/wordpress.nibis.de\/stsghrlg\/wp-json\/wp\/v2\/types\/page"}],"author":[{"embeddable":true,"href":"https:\/\/wordpress.nibis.de\/stsghrlg\/wp-json\/wp\/v2\/users\/9194005"}],"replies":[{"embeddable":true,"href":"https:\/\/wordpress.nibis.de\/stsghrlg\/wp-json\/wp\/v2\/comments?post=74"}],"version-history":[{"count":11,"href":"https:\/\/wordpress.nibis.de\/stsghrlg\/wp-json\/wp\/v2\/pages\/74\/revisions"}],"predecessor-version":[{"id":569,"href":"https:\/\/wordpress.nibis.de\/stsghrlg\/wp-json\/wp\/v2\/pages\/74\/revisions\/569"}],"wp:attachment":[{"href":"https:\/\/wordpress.nibis.de\/stsghrlg\/wp-json\/wp\/v2\/media?parent=74"}],"curies":[{"name":"wp","href":"https:\/\/api.w.org\/{rel}","templated":true}]}}