{"id":759,"date":"2023-10-15T13:52:14","date_gmt":"2023-10-15T11:52:14","guid":{"rendered":"https:\/\/wordpress.nibis.de\/stsghrlg\/?page_id=759"},"modified":"2024-01-26T19:05:02","modified_gmt":"2024-01-26T18:05:02","slug":"iuk-medienkompetenz","status":"publish","type":"page","link":"https:\/\/wordpress.nibis.de\/stsghrlg\/iuk-medienkompetenz\/","title":{"rendered":"IuK \/ Medienkompetenz"},"content":{"rendered":"\n<figure class=\"wp-block-image size-full\"><img loading=\"lazy\" decoding=\"async\" width=\"150\" height=\"150\" src=\"https:\/\/wordpress.nibis.de\/stsghrlg\/files\/2022\/06\/Hoppe-Englisch-1.jpg\" alt=\"\" class=\"wp-image-180\" \/><\/figure>\n\n\n\n<p>Marco Hoppe, Fachseminarleiter Englisch<\/p>\n\n\n\n<p>ZUSATZQUALIFIKATION<\/p>\n\n\n\n<p><strong>IuK (Informations- und Kommunikationstechnologie) \/ Medienkompetenz<\/strong><\/p>\n\n\n\n<p>Seit dem Schuljahr 2023\/2024 haben Sie die M\u00f6glichkeit, an unserem Studienseminar die<br>Zusatzqualifikation &#8222;IuK (Informations- und Kommunikationstechnologie) \/ Medienkompetenz&#8220; zu<br>erwerben.<br>Auf Grundlage vieler unterrichtspraktischer Beispiele sollen dabei unter anderem folgende Themen<br>im Mittelpunkt stehen:<\/p>\n\n\n\n<ul class=\"wp-block-list\" id=\"block-125f5da6-07cb-41d9-a7e6-86d74cfdd613\"><li>die Nutzung von IuK zur Optimierung der Unterrichtsqualit\u00e4t (z.B. digitale Tafeln, Lern- und Arbeitsplattformen, digitale Endger\u00e4te, Lernsoftware etc.)<\/li><li>die damit verbundene Effizienz von Lehr- und Lernprozessen;<\/li><li>der Einsatz von IuK zur Optimierung der Selbstorganisation, Kooperation und Kommunikation im Rahmen von Ausbildung und Schule;<\/li><li>die kompetente Auswahl und Nutzung digitaler Medien;<\/li><li>die Kritische Reflexion der unterrichtlichen Nutzung digitaler Medien.<\/li><\/ul>\n\n\n\n<p><br>Wir werden digitale Medien konkret erproben und kritisch reflektieren. Wir wollen uns die<br>Ausstattungen an verschiedenen Schulen (u.a. an meiner Schule, der GS Scharnebeck) vor Ort<br>anschauen, \u00fcber Nutzungsm\u00f6glichkeiten sprechen und so Einblicke in die<br>unterrichtlichen M\u00f6glichkeiten bekommen.<br>Der Zeitumfang von insgesamt 20 Stunden wird sich in der Regel auf  4-5 Veranstaltungen aufteilen. Die Termine werden sich nicht mit anderen Seminarveranstaltungen \u00fcberschneiden.<br>Die Bescheinigung \u00fcber die Zusatzqualifikation erfolgt nach erfolgreicher Teilnahme an allen<br>Veranstaltungen sowie dem Nachweis der Ausbildungsinhalte in einem 20-min\u00fctigen Kolloquium.<\/p>\n\n\n\n<p>Das vollst\u00e4ndige Konzept finden Sie <a href=\"https:\/\/wordpress.nibis.de\/stsghrlg\/files\/2024\/01\/Konzept-Zusatzqualifikation-IuK-Medienkompetenz.pdf\">hier.<\/a><\/p>\n\n\n\n<p><\/p>\n","protected":false},"excerpt":{"rendered":"<p>Marco Hoppe, Fachseminarleiter Englisch ZUSATZQUALIFIKATION IuK (Informations- und Kommunikationstechnologie) \/ Medienkompetenz Seit dem Schuljahr 2023\/2024 haben Sie die M\u00f6glichkeit, an unserem Studienseminar dieZusatzqualifikation &#8222;IuK (Informations- und Kommunikationstechnologie) \/ Medienkompetenz&#8220; zuerwerben.Auf <a class=\"more-link\" href=\"https:\/\/wordpress.nibis.de\/stsghrlg\/iuk-medienkompetenz\/\">weiter lesen \u2192<\/a><\/p>\n","protected":false},"author":9194005,"featured_media":0,"parent":0,"menu_order":0,"comment_status":"closed","ping_status":"closed","template":"","meta":{"footnotes":""},"class_list":["post-759","page","type-page","status-publish","hentry"],"_links":{"self":[{"href":"https:\/\/wordpress.nibis.de\/stsghrlg\/wp-json\/wp\/v2\/pages\/759","targetHints":{"allow":["GET"]}}],"collection":[{"href":"https:\/\/wordpress.nibis.de\/stsghrlg\/wp-json\/wp\/v2\/pages"}],"about":[{"href":"https:\/\/wordpress.nibis.de\/stsghrlg\/wp-json\/wp\/v2\/types\/page"}],"author":[{"embeddable":true,"href":"https:\/\/wordpress.nibis.de\/stsghrlg\/wp-json\/wp\/v2\/users\/9194005"}],"replies":[{"embeddable":true,"href":"https:\/\/wordpress.nibis.de\/stsghrlg\/wp-json\/wp\/v2\/comments?post=759"}],"version-history":[{"count":9,"href":"https:\/\/wordpress.nibis.de\/stsghrlg\/wp-json\/wp\/v2\/pages\/759\/revisions"}],"predecessor-version":[{"id":780,"href":"https:\/\/wordpress.nibis.de\/stsghrlg\/wp-json\/wp\/v2\/pages\/759\/revisions\/780"}],"wp:attachment":[{"href":"https:\/\/wordpress.nibis.de\/stsghrlg\/wp-json\/wp\/v2\/media?parent=759"}],"curies":[{"name":"wp","href":"https:\/\/api.w.org\/{rel}","templated":true}]}}

<figure class="wp-block-image size-full"><img loading="lazy" decoding="async" width="150" height="150" src="https://wordpress.nibis.de/stsghrlg/files/2022/06/Hoppe-Englisch-1.jpg" alt="" class="wp-image-180" /></figure>



<p>Marco Hoppe, Fachseminarleiter Englisch</p>



<p>ZUSATZQUALIFIKATION</p>



<p><strong>IuK (Informations- und Kommunikationstechnologie) / Medienkompetenz</strong></p>



<p>Seit dem Schuljahr 2023/2024 haben Sie die Möglichkeit, an unserem Studienseminar die<br>Zusatzqualifikation &#8222;IuK (Informations- und Kommunikationstechnologie) / Medienkompetenz&#8220; zu<br>erwerben.<br>Auf Grundlage vieler unterrichtspraktischer Beispiele sollen dabei unter anderem folgende Themen<br>im Mittelpunkt stehen:</p>



<ul class="wp-block-list" id="block-125f5da6-07cb-41d9-a7e6-86d74cfdd613"><li>die Nutzung von IuK zur Optimierung der Unterrichtsqualität (z.B. digitale Tafeln, Lern- und Arbeitsplattformen, digitale Endgeräte, Lernsoftware etc.)</li><li>die damit verbundene Effizienz von Lehr- und Lernprozessen;</li><li>der Einsatz von IuK zur Optimierung der Selbstorganisation, Kooperation und Kommunikation im Rahmen von Ausbildung und Schule;</li><li>die kompetente Auswahl und Nutzung digitaler Medien;</li><li>die Kritische Reflexion der unterrichtlichen Nutzung digitaler Medien.</li></ul>



<p><br>Wir werden digitale Medien konkret erproben und kritisch reflektieren. Wir wollen uns die<br>Ausstattungen an verschiedenen Schulen (u.a. an meiner Schule, der GS Scharnebeck) vor Ort<br>anschauen, über Nutzungsmöglichkeiten sprechen und so Einblicke in die<br>unterrichtlichen Möglichkeiten bekommen.<br>Der Zeitumfang von insgesamt 20 Stunden wird sich in der Regel auf  4-5 Veranstaltungen aufteilen. Die Termine werden sich nicht mit anderen Seminarveranstaltungen überschneiden.<br>Die Bescheinigung über die Zusatzqualifikation erfolgt nach erfolgreicher Teilnahme an allen<br>Veranstaltungen sowie dem Nachweis der Ausbildungsinhalte in einem 20-minütigen Kolloquium.</p>



<p>Das vollständige Konzept finden Sie <a href="https://wordpress.nibis.de/stsghrlg/files/2024/01/Konzept-Zusatzqualifikation-IuK-Medienkompetenz.pdf">hier.</a></p>



<p></p>

<p>Marco Hoppe, Fachseminarleiter Englisch ZUSATZQUALIFIKATION IuK (Informations- und Kommunikationstechnologie) / Medienkompetenz Seit dem Schuljahr 2023/2024 haben Sie die Möglichkeit, an unserem Studienseminar dieZusatzqualifikation &#8222;IuK (Informations- und Kommunikationstechnologie) / Medienkompetenz&#8220; zuerwerben.Auf <a class="more-link" href="https://wordpress.nibis.de/stsghrlg/iuk-medienkompetenz/">weiter lesen →</a></p>
