{"id":101,"date":"2019-04-15T14:50:39","date_gmt":"2019-04-15T12:50:39","guid":{"rendered":"https:\/\/wordpress.nibis.de\/stsghrver\/?page_id=101"},"modified":"2026-07-03T09:33:54","modified_gmt":"2026-07-03T07:33:54","slug":"auszubildendenpersonalrat","status":"publish","type":"page","link":"https:\/\/wordpress.nibis.de\/stsghrver\/auszubildendenpersonalrat\/","title":{"rendered":"Personalrat"},"content":{"rendered":"\n<h2 class=\"wp-block-heading\">f\u00fcr Anw\u00e4rterinnen und Anw\u00e4rter<\/h2>\n\n\n\n<p class=\"has-text-align-center wp-block-paragraph\"><strong>&#x70;&#101;r&#x73;&#111;n&#x61;&#108;r&#x61;&#x74;&#46;&#x6c;&#x69;&#118;d&#x2e;&#103;h&#x72;&#64;s&#x74;&#x73;&#45;&#x76;&#x65;&#114;&#46;&#x64;&#101;<\/strong> <\/p>\n\n\n\n<p class=\"has-text-align-center wp-block-paragraph\"><strong><em>Sprecht uns an!<\/em>&nbsp; <\/strong><\/p>\n\n\n\n<p><img loading=\"lazy\" decoding=\"async\" class=\"wp-image-1060 aligncenter\" src=\"https:\/\/wordpress.nibis.de\/stsghrver\/files\/2025\/08\/Personalrat-Symbol.png\" alt=\"\" width=\"296\" height=\"57\" \/><\/p>\n\n\n\n<figure class=\"wp-block-table\"><table><tbody><tr><td><strong>Jana Eileen Benike<\/strong><br>Schule: Grundschule Jahnschule Verden<br>Seminare: P\u00e4dagogik 6, Deutsch 1, Mathematik 3<\/td><\/tr><tr><td><strong>Esther Buchhop<\/strong><br>Schule: Grundschule Vorbr\u00fcck (Walsrode)<br>Seminare: P\u00e4dagogik 7, Deutsch 1, Sachunterricht 2<\/td><\/tr><tr><td><strong>Kaya-Marie M\u00fcller<\/strong><br>Schule: Gudewill-Schule, Oberschule Thedinghausen<br>Seminare: P\u00e4dagogik 1, Englisch, Textiles Gestalten<\/td><\/tr><tr><td><strong>N.N.<\/strong><br>Schule: <br>Seminare: <\/td><\/tr><tr><td><strong>N.N.<\/strong><br>Schule:<br>Seminare: <\/td><\/tr><\/tbody><\/table><\/figure>\n\n\n\n\n\n\n","protected":false},"excerpt":{"rendered":"<p>f\u00fcr Anw\u00e4rterinnen und Anw\u00e4rter pe&#114;&#115;&#111;&#x6e;&#x61;&#x6c;&#x72;at&#46;&#108;&#105;&#x76;&#x64;&#x2e;&#x67;hr&#64;&#115;&#116;&#x73;&#x2d;&#x76;&#x65;r&#46;&#100;&#101; Sprecht uns an!&nbsp; Jana Eileen BenikeSchule: Grundschule Jahnschule VerdenSeminare: P\u00e4dagogik 6, Deutsch 1, Mathematik 3 Esther BuchhopSchule: Grundschule Vorbr\u00fcck (Walsrode)Seminare: P\u00e4dagogik 7, Deutsch 1, Sachunterricht 2 Kaya-Marie M\u00fcllerSchule: Gudewill-Schule, Oberschule ThedinghausenSeminare: P\u00e4dagogik 1, Englisch, Textiles Gestalten N.N.Schule: Seminare: N.N.Schule:Seminare:<\/p>\n","protected":false},"author":9192830,"featured_media":0,"parent":0,"menu_order":0,"comment_status":"closed","ping_status":"closed","template":"","meta":{"footnotes":""},"class_list":["post-101","page","type-page","status-publish","hentry"],"_links":{"self":[{"href":"https:\/\/wordpress.nibis.de\/stsghrver\/wp-json\/wp\/v2\/pages\/101","targetHints":{"allow":["GET"]}}],"collection":[{"href":"https:\/\/wordpress.nibis.de\/stsghrver\/wp-json\/wp\/v2\/pages"}],"about":[{"href":"https:\/\/wordpress.nibis.de\/stsghrver\/wp-json\/wp\/v2\/types\/page"}],"author":[{"embeddable":true,"href":"https:\/\/wordpress.nibis.de\/stsghrver\/wp-json\/wp\/v2\/users\/9192830"}],"replies":[{"embeddable":true,"href":"https:\/\/wordpress.nibis.de\/stsghrver\/wp-json\/wp\/v2\/comments?post=101"}],"version-history":[{"count":41,"href":"https:\/\/wordpress.nibis.de\/stsghrver\/wp-json\/wp\/v2\/pages\/101\/revisions"}],"predecessor-version":[{"id":1238,"href":"https:\/\/wordpress.nibis.de\/stsghrver\/wp-json\/wp\/v2\/pages\/101\/revisions\/1238"}],"wp:attachment":[{"href":"https:\/\/wordpress.nibis.de\/stsghrver\/wp-json\/wp\/v2\/media?parent=101"}],"curies":[{"name":"wp","href":"https:\/\/api.w.org\/{rel}","templated":true}]}}

<h2 class="wp-block-heading">für Anwärterinnen und Anwärter</h2>



<p class="has-text-align-center wp-block-paragraph"><strong>&#x70;&#101;r&#x73;&#111;n&#x61;&#108;r&#x61;&#x74;&#46;&#x6c;&#x69;&#118;d&#x2e;&#103;h&#x72;&#64;s&#x74;&#x73;&#45;&#x76;&#x65;&#114;&#46;&#x64;&#101;</strong> </p>



<p class="has-text-align-center wp-block-paragraph"><strong><em>Sprecht uns an!</em>&nbsp; </strong></p>



<p><img loading="lazy" decoding="async" class="wp-image-1060 aligncenter" src="https://wordpress.nibis.de/stsghrver/files/2025/08/Personalrat-Symbol.png" alt="" width="296" height="57" /></p>



<figure class="wp-block-table"><table><tbody><tr><td><strong>Jana Eileen Benike</strong><br>Schule: Grundschule Jahnschule Verden<br>Seminare: Pädagogik 6, Deutsch 1, Mathematik 3</td></tr><tr><td><strong>Esther Buchhop</strong><br>Schule: Grundschule Vorbrück (Walsrode)<br>Seminare: Pädagogik 7, Deutsch 1, Sachunterricht 2</td></tr><tr><td><strong>Kaya-Marie Müller</strong><br>Schule: Gudewill-Schule, Oberschule Thedinghausen<br>Seminare: Pädagogik 1, Englisch, Textiles Gestalten</td></tr><tr><td><strong>N.N.</strong><br>Schule: <br>Seminare: </td></tr><tr><td><strong>N.N.</strong><br>Schule:<br>Seminare: </td></tr></tbody></table></figure>

<p>für Anwärterinnen und Anwärter pe&#114;&#115;&#111;&#x6e;&#x61;&#x6c;&#x72;at&#46;&#108;&#105;&#x76;&#x64;&#x2e;&#x67;hr&#64;&#115;&#116;&#x73;&#x2d;&#x76;&#x65;r&#46;&#100;&#101; Sprecht uns an!&nbsp; Jana Eileen BenikeSchule: Grundschule Jahnschule VerdenSeminare: Pädagogik 6, Deutsch 1, Mathematik 3 Esther BuchhopSchule: Grundschule Vorbrück (Walsrode)Seminare: Pädagogik 7, Deutsch 1, Sachunterricht 2 Kaya-Marie MüllerSchule: Gudewill-Schule, Oberschule ThedinghausenSeminare: Pädagogik 1, Englisch, Textiles Gestalten N.N.Schule: Seminare: N.N.Schule:Seminare:</p>
