{"id":123,"date":"2019-05-08T15:01:06","date_gmt":"2019-05-08T13:01:06","guid":{"rendered":"https:\/\/wordpress.nibis.de\/stsghrver\/?page_id=123"},"modified":"2023-10-20T08:30:20","modified_gmt":"2023-10-20T06:30:20","slug":"biologie","status":"publish","type":"page","link":"https:\/\/wordpress.nibis.de\/stsghrver\/biologie\/","title":{"rendered":"Biologie"},"content":{"rendered":"\n<p>Anke Aufdermauer<\/p>\n\n\n\n<p>E-Mail: <a href=\"mai&#108;&#116;&#111;&#x3a;&#x41;&#x6e;&#x6b;&#x65;&#x2e;Auf&#100;&#101;&#114;&#109;&#x61;&#x75;&#x65;&#x72;&#x40;&#x73;ts-&#118;&#101;&#114;&#x2e;&#x64;&#x65;\">An&#107;&#101;&#46;&#65;&#x75;&#x66;&#x64;&#x65;&#x72;ma&#117;&#101;&#114;&#64;&#x73;&#x74;&#x73;&#x2d;&#x76;er&#46;&#100;&#101;<\/a><\/p>\n\n\n\n<p>Seminarvorstellung:<\/p>\n\n\n\n<p><\/p>\n\n\n\n<p>Herzlich Willkommen auf der Seite des Fachseminars Biologie<\/p>\n\n\n\n<p><strong><em>Ein Element des Erfolges,<\/em><\/strong><\/p>\n\n\n\n<p><strong><em>egal in welchem Beruf,<\/em><\/strong><\/p>\n\n\n\n<p><strong><em>ist die Lust am Handwerk.<\/em><\/strong><\/p>\n\n\n\n<p><em>(Ir\u00e8ne Joliot-Curie)<\/em><\/p>\n\n\n\n<p>In diesem Sinne freue ich mich, dass Sie sich entschieden haben, Biologie unterrichten zu wollen. Ich werde Sie auf der letzten Etappe ins Berufsleben begleiten und Ihnen beratend und unterst\u00fctzend zur Verf\u00fcgung stehen. Das Ziel der Ausbildung im Fachseminar ist es, dass Sie am Ende \u00fcber das erforderliche \u201eHandwerkszeug\u201c verf\u00fcgen, um einen motivierenden, aktuellen, lebendigen, kompetenzorientierten und nachhaltigen Biologieunterricht planen, durchf\u00fchren und reflektieren zu k\u00f6nnen.<\/p>\n\n\n\n<p>Die Ausbildung im Fachseminar umfasst Unterrichtsbesuche und Beratungen sowie regelm\u00e4\u00dfige Seminarveranstaltungen. Neben einer angenehmen und konstruktiven Seminaratmosph\u00e4re ist mir wichtig, dass Sie Ihre Ausbildung aktiv und mitverantwortlich gestalten, indem Sie z. B. Ideen, Erfahrungen und Fragen, die sich aus Ihrer unterrichtlichen Praxis ergeben, ins Seminar einbringen. Schwerpunkt der Fachseminarsitzungen ist grunds\u00e4tzlich die schulische Praxis. Dabei ist es im Rahmen der Mitbestimmung m\u00f6glich, Einfluss auf die Auswahl der Themen zu nehmen.<\/p>\n\n\n\n<p>Inhaltliche Schwerpunkte des Biologieseminars sind:<\/p>\n\n\n\n<ul class=\"wp-block-list\"><li>kompetenzorientierte Planung des Biologieunterrichts<\/li><li>Sicherheitsbestimmungen<\/li><li>Pr\u00e4konzepte<\/li><li>fachspezifische Arbeitsweisen<\/li><li>Sexualerziehung<\/li><li>Gesundheitserziehung<\/li><li>F\u00f6rderung der Bewertungskompetenz<\/li><li>sprachsensibler Biologieunterricht<\/li><li>Differenzierungsma\u00dfnahmen<\/li><li>Au\u00dferschulische Lernorte<\/li><li>Leistungsbeurteilung und -bewertung<\/li><\/ul>\n","protected":false},"excerpt":{"rendered":"<p>Anke Aufdermauer E-Mail: &#x41;&#110;k&#x65;&#46;&#65;&#x75;&#x66;&#100;e&#x72;&#109;a&#x75;&#x65;&#114;&#64;&#x73;&#116;s&#x2d;&#x76;&#101;r&#x2e;&#100;e Seminarvorstellung: Herzlich Willkommen auf der Seite des Fachseminars Biologie Ein Element des Erfolges, egal in welchem Beruf, ist die Lust am Handwerk. (Ir\u00e8ne Joliot-Curie) In diesem Sinne freue ich mich, dass Sie sich entschieden haben, Biologie unterrichten zu wollen. Ich werde Sie auf der letzten Etappe ins Berufsleben begleiten und Ihnen [&hellip;]<\/p>\n","protected":false},"author":9192830,"featured_media":0,"parent":0,"menu_order":0,"comment_status":"closed","ping_status":"closed","template":"","meta":{"footnotes":""},"class_list":["post-123","page","type-page","status-publish","hentry"],"_links":{"self":[{"href":"https:\/\/wordpress.nibis.de\/stsghrver\/wp-json\/wp\/v2\/pages\/123","targetHints":{"allow":["GET"]}}],"collection":[{"href":"https:\/\/wordpress.nibis.de\/stsghrver\/wp-json\/wp\/v2\/pages"}],"about":[{"href":"https:\/\/wordpress.nibis.de\/stsghrver\/wp-json\/wp\/v2\/types\/page"}],"author":[{"embeddable":true,"href":"https:\/\/wordpress.nibis.de\/stsghrver\/wp-json\/wp\/v2\/users\/9192830"}],"replies":[{"embeddable":true,"href":"https:\/\/wordpress.nibis.de\/stsghrver\/wp-json\/wp\/v2\/comments?post=123"}],"version-history":[{"count":6,"href":"https:\/\/wordpress.nibis.de\/stsghrver\/wp-json\/wp\/v2\/pages\/123\/revisions"}],"predecessor-version":[{"id":660,"href":"https:\/\/wordpress.nibis.de\/stsghrver\/wp-json\/wp\/v2\/pages\/123\/revisions\/660"}],"wp:attachment":[{"href":"https:\/\/wordpress.nibis.de\/stsghrver\/wp-json\/wp\/v2\/media?parent=123"}],"curies":[{"name":"wp","href":"https:\/\/api.w.org\/{rel}","templated":true}]}}