{"id":148,"date":"2019-05-08T15:25:11","date_gmt":"2019-05-08T13:25:11","guid":{"rendered":"https:\/\/wordpress.nibis.de\/stsghrver\/?page_id=148"},"modified":"2024-08-13T11:13:29","modified_gmt":"2024-08-13T09:13:29","slug":"physik","status":"publish","type":"page","link":"https:\/\/wordpress.nibis.de\/stsghrver\/physik\/","title":{"rendered":"Musik"},"content":{"rendered":"\n<p> Anja Cohrs<\/p>\n\n\n\n<p>E-Mail: <a href=\"&#x6d;&#97;i&#x6c;&#116;o&#x3a;&#65;n&#x6a;&#97;&#46;&#x43;&#111;h&#x72;&#115;&#64;&#x73;&#116;s&#x2d;&#118;e&#x72;&#46;d&#x65;\">&#x41;&#x6e;&#x6a;&#x61;&#x2e;&#x43;&#x6f;&#x68;&#x72;&#x73;&#x40;&#x73;&#x74;&#x73;&#45;&#118;&#101;&#114;&#46;&#100;&#101;<\/a><\/p>\n\n\n\n<p><\/p>\n\n\n\n<p><em>Musik allein ist die Weltsprache und braucht nicht <\/em><em>\u00fcbersetzt zu werden; <\/em><em>da spricht Seele zu Seele.<\/em><\/p>\n<p>Berthold Auerbach<\/p>\n<p><strong>Musikunterricht<\/strong> in der Schule f\u00f6rdert die Pers\u00f6nlichkeitsentwicklung, indem er kreatives Denken, emotionale Ausdrucksf\u00e4higkeit und soziale Kompetenzen st\u00e4rkt. Er unterst\u00fctzt die Selbstwahrnehmung, steigert das Selbstbewusstsein und f\u00f6rdert die Zusammenarbeit, was wesentliche Elemente f\u00fcr die Bildung und Entwicklung eines Kindes und Jugendlichen sind.<\/p>\n<p>Auf dieser Grundlage ist die ganzheitliche und praxisbezogene <strong>Ausbildung von Musiklehrer*innen<\/strong> von entscheidender Bedeutung, da sie die Verantwortung tragen, diese wertvollen Pers\u00f6nlichkeitsentwicklungen bei Sch\u00fclerinnen und Sch\u00fclern zu f\u00f6rdern. Dabei sind die p\u00e4dagogische Expertise der Musiklehrer*innen und ihr Einf\u00fchlungsverm\u00f6gen zentrale Elemente, um eine Lernumgebung zu schaffen, in der Musik als kraftvolles Werkzeug zur umf\u00e4nglichen Entwicklung eingesetzt werden kann.<\/p>\n<p>Somit ist es mir im <strong>Musikseminar des Studienseminars Verden<\/strong> Motivation und Anspruch, angehende Musiklehrer*innen auf ihrem Weg zu ausgebildeten Fachlehrer*innen zu begleiten, die nicht nur musikalische F\u00e4higkeiten und musikalisch-praktische Fertigkeiten vermitteln k\u00f6nnen, sondern auch die kreativen, emotionalen und sozialen Kompetenzen der Sch\u00fcler innen und Sch\u00fcler gezielt st\u00e4rken.<\/p>\n<p>\u00a0<\/p>\n","protected":false},"excerpt":{"rendered":"<p>Anja Cohrs E-Mail: &#x41;&#x6e;&#x6a;&#x61;&#46;&#67;ohr&#x73;&#x40;&#x73;&#x74;&#115;&#45;ver&#x2e;&#x64;&#x65; Musik allein ist die Weltsprache und braucht nicht \u00fcbersetzt zu werden; da spricht Seele zu Seele. Berthold Auerbach Musikunterricht in der Schule f\u00f6rdert die Pers\u00f6nlichkeitsentwicklung, indem er kreatives Denken, emotionale Ausdrucksf\u00e4higkeit und soziale Kompetenzen st\u00e4rkt. Er unterst\u00fctzt die Selbstwahrnehmung, steigert das Selbstbewusstsein und f\u00f6rdert die Zusammenarbeit, was wesentliche Elemente f\u00fcr die [&hellip;]<\/p>\n","protected":false},"author":9192830,"featured_media":0,"parent":0,"menu_order":0,"comment_status":"closed","ping_status":"closed","template":"","meta":{"footnotes":""},"class_list":["post-148","page","type-page","status-publish","hentry"],"_links":{"self":[{"href":"https:\/\/wordpress.nibis.de\/stsghrver\/wp-json\/wp\/v2\/pages\/148","targetHints":{"allow":["GET"]}}],"collection":[{"href":"https:\/\/wordpress.nibis.de\/stsghrver\/wp-json\/wp\/v2\/pages"}],"about":[{"href":"https:\/\/wordpress.nibis.de\/stsghrver\/wp-json\/wp\/v2\/types\/page"}],"author":[{"embeddable":true,"href":"https:\/\/wordpress.nibis.de\/stsghrver\/wp-json\/wp\/v2\/users\/9192830"}],"replies":[{"embeddable":true,"href":"https:\/\/wordpress.nibis.de\/stsghrver\/wp-json\/wp\/v2\/comments?post=148"}],"version-history":[{"count":7,"href":"https:\/\/wordpress.nibis.de\/stsghrver\/wp-json\/wp\/v2\/pages\/148\/revisions"}],"predecessor-version":[{"id":764,"href":"https:\/\/wordpress.nibis.de\/stsghrver\/wp-json\/wp\/v2\/pages\/148\/revisions\/764"}],"wp:attachment":[{"href":"https:\/\/wordpress.nibis.de\/stsghrver\/wp-json\/wp\/v2\/media?parent=148"}],"curies":[{"name":"wp","href":"https:\/\/api.w.org\/{rel}","templated":true}]}}