{"id":335,"date":"2020-08-17T14:01:23","date_gmt":"2020-08-17T12:01:23","guid":{"rendered":"https:\/\/wordpress.nibis.de\/stsghrver\/?page_id=335"},"modified":"2026-02-13T12:22:04","modified_gmt":"2026-02-13T11:22:04","slug":"zusatzqualifikation-erweiterte-medienkompetenz","status":"publish","type":"page","link":"https:\/\/wordpress.nibis.de\/stsghrver\/zusatzqualifikation-erweiterte-medienkompetenz\/","title":{"rendered":"Zusatzqualifikation Erweiterte Medienkompetenz"},"content":{"rendered":"\n<p><strong>Zusatzqualifikation <em>Erweiterte<\/em>\nMedienkompetenz<\/strong><\/p>\n\n\n\n<p><em>\u201eDas Lernen im digitalen Wandel zu gestalten, ist eine der gro\u00dfen Herausforderungen der Zukunft. Wenn sich Technologien und Gesellschaft ver\u00e4ndern, m\u00fcssen sich auch Schule und Bildung ver\u00e4ndern. <br> Stillstand w\u00e4re ein R\u00fcckschritt. <br> Hier gilt es mutig zu sein und Ver\u00e4nderungen aktiv zu gestalten. Aus diesem Grund wird in unseren Schulen dem digitalen Wandel eine hohe Bedeutung beigemessen.\u201c <br> <br>Kultusminister Grant Hendrik Tonne, Orientierungsrahmen Medienbildung in der allgemein bildenden Schule, 2020<\/em><\/p>\n\n\n\n<p><strong>Zielsetzung<\/strong><\/p>\n\n\n\n<p>Digitale Medien und die damit verbundene Digitalisierung\nver\u00e4ndern in einem immer rasanteren Tempo unser Leben. Besonders ist dieses bei\nSch\u00fclerinnen und Sch\u00fclern festzustellen, die die neuen Technologien in ihrem\nAlltag nutzen. Aber auch wir Erwachsenen nutzen die neuen Medien. Wir\nrecherchieren mit ihnen, wir kommunizieren, konsumieren und produzieren. Wie\nwichtig es ist, medienkompetent auszubilden, zeigt die aktuelle Corona-Krise,\nin der wir auf digitale Medien angewiesen sind. &nbsp;Ziel der Zusatzqualifikation ist es daher, Teilnehmerinnen\nund Teilnehmer in einen kompetenten Umgang mit digital vernetzten Technologien\neinzuf\u00fchren, der zu einer Verbesserung der Qualit\u00e4t von Unterricht und zur\nErh\u00f6hung der Effizienz von Lehr- und Lernprozessen f\u00fchrt. Im Strategiepapier\nder KMK (S. 15 ff) werden diese Kompetenzen explizit aufgef\u00fchrt.<\/p>\n\n\n\n<p>Au\u00dferdem folgt dieses Konzept der Forderung der\nLandesregierung Niedersachsen \u201eMedienkompetenz in Niedersachsen &#8211; Ziellinie\n2020\u201c vom Juli 2016, dem \u201eOrientierungsrahmen Medienbildung\u201c vom Februar 2020\nund dem Europ\u00e4ischer Rahmen f\u00fcr die Digitale Kompetenz von Lehrenden. &nbsp;Die Zusatzqualifikation soll eine\nImplementierung der digitalen Bildung in die Seminarcurricula aller F\u00e4cher anbahnen\nund eine Grundlage f\u00fcr ein Medienkonzept schaffen.<\/p>\n\n\n\n<p><strong>Grundlagen<\/strong><\/p>\n\n\n\n<p>Diese Zusatzqualifikation orientiert sich dabei an den\nAusbildungsinhalten der APVO-Lehr unter Ber\u00fccksichtigung der Kompetenzstandards\nf\u00fcr die Medienbildung der Lehrkr\u00e4fte.<\/p>\n\n\n\n<p>Die Betonung liegt auf dem mobilen Lernen mit digitalen\nEndger\u00e4ten.<\/p>\n\n\n\n<p>Grundlage f\u00fcr die Bescheinigung der Zusatzqualifikation\nbilden folgende Mindestvoraussetzungen:<\/p>\n\n\n\n<ul class=\"wp-block-list\">\n<li>Teilnahme an allen sechs Modulen (20<br>Stunden)<\/li>\n\n\n\n<li>Erprobung im Ausbildungsunterricht<br>und Durchf\u00fchrung einer Unterrichtsstunde mit dem \u201eMedienkompetenz\u201c auf der<br>Grundlage eines schriftlichen Unterrichtsentwurfs<\/li>\n\n\n\n<li>Kolloquium von mindestens 20 Minuten<br>Dauer \u00fcber die Ausbildungsinhalte<\/li>\n<\/ul>\n\n\n\n<p>Die gezeigten Leistungen m\u00fcssen mindestens den Anforderungen\neiner ausreichenden Leistung entsprechen. <\/p>\n\n\n\n<p>Die Zusatzqualifikation \u201eInformations- und\nKommunikationstechnologien (IKT)\u201c ist offen f\u00fcr Anw\u00e4rterinnen und Anw\u00e4rter\naller F\u00e4cher des Studienseminars GHRS.<\/p>\n\n\n\n<p><strong>Durchf\u00fchrung<\/strong><\/p>\n\n\n\n<p>Basiert auf den Vorgaben f\u00fcr zus\u00e4tzliche Qualifikationen\n(siehe Grundlagen), macht das Studienseminar Verden ein Angebot von f\u00fcnf\ndreist\u00fcndigen und einer f\u00fcnfst\u00fcndigen Veranstaltung pro Schuljahr und f\u00fchrt ein\n20-min\u00fctiges Kolloquium f\u00fcr jeden Teilnehmer durch. <\/p>\n\n\n\n<p>Das Angebot wendet sich an Anw\u00e4rterinnen und Anw\u00e4rter des\nStudienseminars Verden f\u00fcr Grund-, Haupt- und Realschulen.<\/p>\n\n\n\n<p>Veranstaltungsort ist das Studienseminar Verden. Die\nTeilnehmerzahl pro Durchgang ist begrenzt auf 16 Personen. Bei \u00dcberhang\nentscheidet das Losverfahren.<\/p>\n\n\n\n<p>Grundlage f\u00fcr die Bescheinigung der Zusatzqualifikation\nbildet die vom durchf\u00fchrenden Ausbilder durch Unterschrift best\u00e4tigte\nerfolgreiche Teilnahme der Anw\u00e4rterinnen und Anw\u00e4rter an allen\nVeranstaltungsterminen und dem Kolloquium. <\/p>\n\n\n\n<p><\/p>\n","protected":false},"excerpt":{"rendered":"<p>Zusatzqualifikation Erweiterte Medienkompetenz \u201eDas Lernen im digitalen Wandel zu gestalten, ist eine der gro\u00dfen Herausforderungen der Zukunft. Wenn sich Technologien und Gesellschaft ver\u00e4ndern, m\u00fcssen sich auch Schule und Bildung ver\u00e4ndern. Stillstand w\u00e4re ein R\u00fcckschritt. Hier gilt es mutig zu sein und Ver\u00e4nderungen aktiv zu gestalten. Aus diesem Grund wird in unseren Schulen dem digitalen Wandel [&hellip;]<\/p>\n","protected":false},"author":9192830,"featured_media":0,"parent":0,"menu_order":0,"comment_status":"closed","ping_status":"closed","template":"","meta":{"footnotes":""},"class_list":["post-335","page","type-page","status-publish","hentry"],"_links":{"self":[{"href":"https:\/\/wordpress.nibis.de\/stsghrver\/wp-json\/wp\/v2\/pages\/335","targetHints":{"allow":["GET"]}}],"collection":[{"href":"https:\/\/wordpress.nibis.de\/stsghrver\/wp-json\/wp\/v2\/pages"}],"about":[{"href":"https:\/\/wordpress.nibis.de\/stsghrver\/wp-json\/wp\/v2\/types\/page"}],"author":[{"embeddable":true,"href":"https:\/\/wordpress.nibis.de\/stsghrver\/wp-json\/wp\/v2\/users\/9192830"}],"replies":[{"embeddable":true,"href":"https:\/\/wordpress.nibis.de\/stsghrver\/wp-json\/wp\/v2\/comments?post=335"}],"version-history":[{"count":3,"href":"https:\/\/wordpress.nibis.de\/stsghrver\/wp-json\/wp\/v2\/pages\/335\/revisions"}],"predecessor-version":[{"id":1191,"href":"https:\/\/wordpress.nibis.de\/stsghrver\/wp-json\/wp\/v2\/pages\/335\/revisions\/1191"}],"wp:attachment":[{"href":"https:\/\/wordpress.nibis.de\/stsghrver\/wp-json\/wp\/v2\/media?parent=335"}],"curies":[{"name":"wp","href":"https:\/\/api.w.org\/{rel}","templated":true}]}}