{"id":61,"date":"2019-04-15T13:36:36","date_gmt":"2019-04-15T11:36:36","guid":{"rendered":"https:\/\/wordpress.nibis.de\/stsghrver\/?page_id=61"},"modified":"2019-05-08T11:52:11","modified_gmt":"2019-05-08T09:52:11","slug":"impressum","status":"publish","type":"page","link":"https:\/\/wordpress.nibis.de\/stsghrver\/impressum\/","title":{"rendered":"Impressum"},"content":{"rendered":"\n<p>Angaben gem\u00e4\u00df \u00a7 5 TMG<\/p>\n\n\n\n<h3 class=\"wp-block-heading\">Name und Anschrift des Verantwortlichen:<\/h3>\n\n\n\n<table class=\"wp-block-table\"><tbody><tr><td>\n\t\t\t\t\tStudienseminar Verden f\u00fcr die Lehr\u00e4mter an Grund-, Haupt- \n\t\t\t\t\tund Realschulen<br>\n\t\t\t\t\tOliver Steffens<br>\n\t\t\t\t\tAndreasstra\u00dfe 17<br>\n\t\t\t\t\t27283 Verden (Aller)<br>\n\t\t\t\t\tTelefon: 04231 676712<br>\n\t\t\t\t\tE-Mail: &#x6f;&#x6c;&#x69;&#x76;&#x65;&#x72;&#x2e;&#x73;&#x74;&#x65;&#x66;&#x66;&#x65;&#x6e;&#x73;&#x40;&#x73;&#x65;&#x6d;&#x69;&#x6e;&#x61;&#x72;&#x2d;&#x76;&#x65;&#x72;&#x2d;&#x67;&#x68;&#x72;&#x73;&#x2e;&#x6e;&#x69;&#x65;&#x64;&#x65;&#x72;&#x73;&#x61;&#x63;&#x68;&#x73;&#x65;&#x6e;&#x2e;&#x64;&#x65;<\/td><\/tr><\/tbody><\/table>\n\n\n\n<h3 class=\"wp-block-heading\">Haftungsausschluss:<\/h3>\n\n\n\n<p><strong>Haftung f\u00fcr Inhalte<\/strong><\/p>\n\n\n\n<p>Die Inhalte unserer Seiten wurden mit gr\u00f6\u00dfter Sorgfalt erstellt. \n\t\t\tF\u00fcr die Richtigkeit, Vollst\u00e4ndigkeit und Aktualit\u00e4t der Inhalte \n\t\t\tk\u00f6nnen wir jedoch keine Gew\u00e4hr \u00fcbernehmen. Als Diensteanbieter sind \n\t\t\twir gem\u00e4\u00df \u00a7 7 Abs.1 TMG f\u00fcr eigene Inhalte auf diesen Seiten nach \n\t\t\tden allgemeinen Gesetzen verantwortlich. Nach \u00a7\u00a7 8 bis 10 TMG sind \n\t\t\twir als Diensteanbieter jedoch nicht verpflichtet, \u00fcbermittelte oder \n\t\t\tgespeicherte fremde Informationen zu \u00fcberwachen oder nach Umst\u00e4nden \n\t\t\tzu forschen, die auf eine rechtswidrige T\u00e4tigkeit hinweisen. \n\t\t\tVerpflichtungen zur Entfernung oder Sperrung der Nutzung von \n\t\t\tInformationen nach den allgemeinen Gesetzen bleiben hiervon \n\t\t\tunber\u00fchrt. Eine diesbez\u00fcgliche Haftung ist jedoch erst ab dem \n\t\t\tZeitpunkt der Kenntnis einer konkreten Rechtsverletzung m\u00f6glich. Bei \n\t\t\tBekanntwerden von entsprechenden Rechtsverletzungen werden wir diese \n\t\t\tInhalte umgehend entfernen.<\/p>\n\n\n\n<p><strong>Haftung f\u00fcr Links<\/strong><\/p>\n\n\n\n<p>Unser Angebot enth\u00e4lt Links zu externen Webseiten Dritter, auf \n\t\t\tderen Inhalte wir keinen Einfluss haben. Deshalb k\u00f6nnen wir f\u00fcr \n\t\t\tdiese fremden Inhalte auch keine Gew\u00e4hr \u00fcbernehmen. F\u00fcr die Inhalte \n\t\t\tder verlinkten Seiten ist stets der jeweilige Anbieter oder \n\t\t\tBetreiber der Seiten verantwortlich. Die verlinkten Seiten wurden \n\t\t\tzum Zeitpunkt der Verlinkung auf m\u00f6gliche Rechtsverst\u00f6\u00dfe \u00fcberpr\u00fcft. \n\t\t\tRechtswidrige Inhalte waren zum Zeitpunkt der Verlinkung nicht \n\t\t\terkennbar. Eine permanente inhaltliche Kontrolle der verlinkten \n\t\t\tSeiten ist jedoch ohne konkrete Anhaltspunkte einer Rechtsverletzung \n\t\t\tnicht zumutbar. Bei Bekanntwerden von Rechtsverletzungen werden wir \n\t\t\tderartige Links umgehend entfernen.<\/p>\n\n\n\n<p><strong>Urheberrecht<\/strong><\/p>\n\n\n\n<p>Die durch die Seitenbetreiber erstellten Inhalte und Werke auf \n\t\t\tdiesen Seiten unterliegen dem deutschen Urheberrecht. Die \n\t\t\tVervielf\u00e4ltigung, Bearbeitung, Verbreitung und jede Art der \n\t\t\tVerwertung au\u00dferhalb der Grenzen des Urheberrechtes bed\u00fcrfen der \n\t\t\tschriftlichen Zustimmung des jeweiligen Autors bzw. Erstellers. \n\t\t\tDownloads und Kopien dieser Seite sind nur f\u00fcr den privaten, nicht \n\t\t\tkommerziellen Gebrauch gestattet. Soweit die Inhalte auf dieser \n\t\t\tSeite nicht vom Betreiber erstellt wurden, werden die Urheberrechte \n\t\t\tDritter beachtet. Insbesondere werden Inhalte Dritter als solche \n\t\t\tgekennzeichnet. Sollten Sie trotzdem auf eine \n\t\t\tUrheberrechtsverletzung aufmerksam werden, bitten wir um einen \n\t\t\tentsprechenden Hinweis. Bei Bekanntwerden von Rechtsverletzungen \n\t\t\twerden wir derartige Inhalte umgehend entfernen.<\/p>\n\n\n\n<p><strong>Datenschutz<\/strong><\/p>\n\n\n\n<p><strong>I.\nName und Anschrift des Verantwortlichen:<\/strong><\/p>\n\n\n\n<p>Studienseminar\nVerden f\u00fcr die Lehr\u00e4mter an Grund-, Haupt- und Realschulen<br>\nAndreasstra\u00dfe 17<br>\n27283 Verden<br>\nTelefon: 04231\/676710<br>\nE-Mail: poststelle [at] seminar-ver-ghrs.niedersachsen.de<\/p>\n\n\n\n<p><strong>III.\nName und Anschrift unseres Host-Providers<br>\n<\/strong>Nieders\u00e4chsisches Landesinstitut f\u00fcr schulische\nQualit\u00e4tsentwicklung (NLQ)<br>\nvertreten durch die Pr\u00e4sidentin Frau Dr. Elke Richlick<br>\nKe\u00dflerstra\u00dfe 52<br>\n31134 Hildesheim<\/p>\n\n\n\n<p><strong>IV.\nBereitstellung der Website und Erstellung von Logfiles<br>\n<\/strong>Bei jedem Aufruf unserer Internetseite erfasst unser\nSystem automatisiert Daten und Informationen vom Computersystem des aufrufenden\nRechners. Folgende Daten werden hierbei erhoben:<\/p>\n\n\n\n<p>(1)\nDatum und Uhrzeit des Zugriffes<br>\n(2) Vom System protokollierte Fehler beim Aufruf unserer Seiten<br>\n(3) Die IP-Adresse des Nutzers<br>\n(4) Die Betriebssystemversion des Nutzers<br>\n(5) Der Browsertyp des Nutzers<br>\n(6) Die vom Nutzer aufgerufene Seite<br>\n(7) Die Weiterleitung auf eine externe Seite<\/p>\n\n\n\n<p>Die\nDaten werden in den Logfiles gespeichert. Eine Speicherung dieser Daten\nzusammen mit anderen personenbezogenen Daten des Nutzers findet nicht statt.\nZweck der Datenspeicherung ist technische Optimierung unserer Internetseite.\nRechtsgrundlage f\u00fcr die vor\u00fcbergehende Speicherung der Daten ist Art. 6 Abs.1\nlit.f DSGVO.<\/p>\n\n\n\n<p>Die\nDaten werden f\u00fcr 52 Wochen gespeichert, sie werden lediglich statistisch\nausgewertet. Danach werden sie gel\u00f6scht.<\/p>\n\n\n\n<p><strong>V.\nVerwendung von Cookies<br>\n<\/strong>Beim Anmelden in WordPress werden Cookies\neingerichtet, um die Anmeldeinformationen und Anzeigeoptionen zu speichern.\nAnmelde-Cookies verfallen nach zwei Tagen und Cookies f\u00fcr die Anzeigeoptionen\nnach einem Jahr. Falls Sie bei der Anmeldung \u201eAngemeldet bleiben\u201c ausgew\u00e4hlt\nhaben, wird Ihre Anmeldung zwei Wochen lang aufrechterhalten. Mit der Abmeldung\naus Ihrem Konto werden die Anmelde-Cookies gel\u00f6scht.<\/p>\n\n\n\n<p><strong>VI.\nSpeicherung personenbezogener Daten bei Kontaktaufnahme<br>\n<\/strong>Sofern Sie per E-Mail den Kontakt mit uns aufnehmen,\nwerden die von Ihnen \u00fcbermittelten personenbezogenen Daten automatisch\ngespeichert. Diese Daten werden f\u00fcr Zwecke der Bearbeitung Ihres Anliegens und\nder Kontaktaufnahme mit Ihnen gespeichert.<\/p>\n\n\n\n<p>Wenn\nSie Gebrauch von unserem Kontaktformular machen, werden die folgenden\npersonenbezogenen Daten von Ihnen gespeichert: Ihr Name, Ihre Anschrift, Ihre\nE-Mail-Adresse.<\/p>\n\n\n\n<p>Die\nL\u00f6schung der Daten erfolgt, sobald deren Speicherung f\u00fcr die Bearbeitung Ihres\nAnliegens nicht mehr erforderlich ist.<\/p>\n\n\n\n<p><strong>VII.\nKontaktformulare<br>\n<\/strong>Wenn Sie einen Kommentar auf unserer Website\nschreiben, kann das eine Einwilligung sein, Ihren Namen, E-Mailadresse und\nWebsite in Cookies zu speichern. Dies ist eine Komfortfunktion, damit Sie\nnicht, wenn Sie einen weiteren Kommentar schreiben, all diese Daten erneut\neingeben m\u00fcssen. Diese Cookies werden ein Jahr lang gespeichert.<\/p>\n\n\n\n<p><strong>VIII.\nMedien<br>\n<\/strong>Wenn Sie ein registrierter Benutzer sind und Fotos auf\ndiese Website laden, sollten Sie vermeiden Fotos mit einer EXIF-GPS-Standort\nhochzuladen. Besucher dieser Website k\u00f6nnten Fotos, die auf dieser Website\ngespeichert sind, herunterladen und deren Standort-Informationen extrahieren.<\/p>\n\n\n\n<p><strong>IX.\nEingebettete Inhalte von anderen Websites<br>\n<\/strong>Beitr\u00e4ge auf dieser Website k\u00f6nnen eingebettete\nInhalte beinhalten (z. B. Videos, Bilder, Beitr\u00e4ge etc.). Eingebettete Inhalte\nvon anderen Websites verhalten sich exakt so, als ob der Besucher die andere\nWebsite besucht h\u00e4tte.<br>\nDiese Websites k\u00f6nnen Daten \u00fcber Sie sammeln, Cookies benutzen, zus\u00e4tzliche\nTracking-Dienste von Dritten einbetten und Ihre Interaktion mit diesem\neingebetteten Inhalt aufzeichnen, inklusive Ihrer Interaktion mit dem\neingebetteten Inhalt, falls Sie ein Konto haben und auf dieser Website\nangemeldet sind.\u201c<\/p>\n\n\n\n<p><strong>X.\nBetroffenenrechte<br>\n<\/strong>Sie k\u00f6nnen folgende Rechte geltend machen:<\/p>\n\n\n\n<p><em>\u2022\nAuskunft\/ Akteneinsicht<\/em><br>\nGem. Art. 15 DSGVO haben Sie das Recht, Auskunft bzw. Akteneinsicht \u00fcber die\nvon uns verarbeiteten personenbezogenen Daten zu erhalten.<\/p>\n\n\n\n<p><em>\u2022\nBerichtigung<\/em><br>\nSind bei uns gespeicherte personenbezogene Daten unrichtig oder unvollst\u00e4ndig,\nhaben Sie gem. Art. 16 DSGVO das Recht, diese berichtigen bzw. vervollst\u00e4ndigen\nzu lassen.<\/p>\n\n\n\n<p><em>\u2022\nL\u00f6schung<\/em><br>\nArt. 17 DSGVO normiert das Recht auf L\u00f6schung personenbezogener Daten. Dieses\nRecht steht Ihnen insbesondere dann zu, wenn die Speicherung der\npersonenbezogenen Daten zur Erf\u00fcllung unserer gesetzlichen Aufgaben nicht mehr\nerforderlich ist oder Sie Ihre Einwilligung zur Datenverarbeitung mit Wirkung\nf\u00fcr die Zukunft widerrufen haben.<\/p>\n\n\n\n<p><em>\u2022\nEinschr\u00e4nkung der Verarbeitung<\/em><br>\nGem. Art. 18 DSGVO k\u00f6nnen Sie die Einschr\u00e4nkung der personenbezogenen Daten\nverlangen, wenn<br>\n\u2013 die Richtigkeit der Daten von Ihnen bestritten wird<br>\n\u2013 die Verarbeitung unrechtm\u00e4\u00dfig ist, Sie aber deren L\u00f6schung ablehnen<br>\n\u2013 wir die Daten nicht mehr ben\u00f6tigen, Sie jedoch diese zur Geltendmachung,\nAus\u00fcbung oder Verteidigung von Rechtsanspr\u00fcchen ben\u00f6tigen<br>\n\u2013 oder Sie gem\u00e4\u00df Art. 21 DSGVO Widerspruch gegen die Verarbeitung eingelegt\nhaben<\/p>\n\n\n\n<p><em>\u2022\nWiderspruch<\/em><br>\nSie k\u00f6nnen bei Gr\u00fcnden, die sich aus Ihrer besonderen Situation ergeben, ein\nWiderspruchsrecht geltend machen. Gem. Art. 21 DSGVO ist jedoch zu ber\u00fccksichtigten,\nob schutzw\u00fcrdige Gr\u00fcnde f\u00fcr die Verarbeitung vorliegen oder die Verarbeitung\nder Geltendmachung, Aus\u00fcbung oder Verteidigung von Rechtsanspr\u00fcchen dient.<\/p>\n\n\n\n<p><em>\u2022\nDaten\u00fcbertragbarkeit<\/em><br>\nIst die Verarbeitung Ihrer Daten mit Hilfe eines automatisierten Verfahrens\nerfolgt, haben Sie gem. Art. 20 DSGVO das Recht, die Daten in einem g\u00e4ngigen\nund maschinenlesbaren Format zu erhalten und an eine andere Schule zu\n\u00fcbermitteln bzw. durch uns \u00fcbermitteln zu lassen.<\/p>\n\n\n\n<p><em>\u2022\nWiderruf der Einwilligung<\/em><br>\nSie haben gem. Art. 7 Absatz 3 DSGVO das Recht, uns erteilte Einwilligungen\njederzeit mit Wirkung f\u00fcr die Zukunft zu widerrufen.<\/p>\n\n\n\n<p><em>\u2022 Beschwerde<\/em><br>\nArt. 77 DSGVO normiert ein Beschwerderecht bei der Aufsichtsbeh\u00f6rde. Die f\u00fcr\nuns zust\u00e4ndige Aufsichtsbeh\u00f6rde ist die Landesbeauftragte f\u00fcr den Datenschutz\nNiedersachsen, Prinzenstra\u00dfe 5, 30159 Hannover. E-Mail:\npo&#115;&#116;&#x73;&#x74;&#x65;&#x6c;le&#64;&#108;&#x66;&#x64;&#x2e;&#x6e;ie&#100;&#101;&#114;&#x73;&#x61;&#x63;&#x68;se&#110;&#46;&#x64;&#x65;<\/p>\n","protected":false},"excerpt":{"rendered":"<p>Angaben gem\u00e4\u00df \u00a7 5 TMG Name und Anschrift des Verantwortlichen: Studienseminar Verden f\u00fcr die Lehr\u00e4mter an Grund-, Haupt- und Realschulen Oliver Steffens Andreasstra\u00dfe 17 27283 Verden (Aller) Telefon: 04231 676712 E-Mail: &#x6f;&#x6c;&#x69;&#118;&#101;r&#46;&#x73;&#x74;&#x65;&#x66;&#102;&#101;ns&#x40;&#x73;&#x65;&#109;&#105;&#110;ar&#x2d;&#x76;&#x65;&#114;&#45;gh&#x72;&#x73;&#x2e;&#x6e;&#105;&#101;de&#x72;&#x73;&#x61;&#99;&#104;&#115;en&#x2e;&#x64;&#x65; Haftungsausschluss: Haftung f\u00fcr Inhalte Die Inhalte unserer Seiten wurden mit gr\u00f6\u00dfter Sorgfalt erstellt. F\u00fcr die Richtigkeit, Vollst\u00e4ndigkeit und Aktualit\u00e4t der Inhalte k\u00f6nnen wir [&hellip;]<\/p>\n","protected":false},"author":9192830,"featured_media":0,"parent":0,"menu_order":0,"comment_status":"closed","ping_status":"closed","template":"","meta":{"footnotes":""},"class_list":["post-61","page","type-page","status-publish","hentry"],"_links":{"self":[{"href":"https:\/\/wordpress.nibis.de\/stsghrver\/wp-json\/wp\/v2\/pages\/61","targetHints":{"allow":["GET"]}}],"collection":[{"href":"https:\/\/wordpress.nibis.de\/stsghrver\/wp-json\/wp\/v2\/pages"}],"about":[{"href":"https:\/\/wordpress.nibis.de\/stsghrver\/wp-json\/wp\/v2\/types\/page"}],"author":[{"embeddable":true,"href":"https:\/\/wordpress.nibis.de\/stsghrver\/wp-json\/wp\/v2\/users\/9192830"}],"replies":[{"embeddable":true,"href":"https:\/\/wordpress.nibis.de\/stsghrver\/wp-json\/wp\/v2\/comments?post=61"}],"version-history":[{"count":2,"href":"https:\/\/wordpress.nibis.de\/stsghrver\/wp-json\/wp\/v2\/pages\/61\/revisions"}],"predecessor-version":[{"id":120,"href":"https:\/\/wordpress.nibis.de\/stsghrver\/wp-json\/wp\/v2\/pages\/61\/revisions\/120"}],"wp:attachment":[{"href":"https:\/\/wordpress.nibis.de\/stsghrver\/wp-json\/wp\/v2\/media?parent=61"}],"curies":[{"name":"wp","href":"https:\/\/api.w.org\/{rel}","templated":true}]}}