{"id":1480,"date":"2023-05-02T11:52:21","date_gmt":"2023-05-02T09:52:21","guid":{"rendered":"https:\/\/wordpress.nibis.de\/stsgoegy\/?page_id=1480"},"modified":"2024-07-24T08:53:25","modified_gmt":"2024-07-24T06:53:25","slug":"ausbildung-paedagogik","status":"publish","type":"page","link":"https:\/\/wordpress.nibis.de\/stsgoegy\/ausbildung-paedagogik\/","title":{"rendered":"Ausbildung P\u00e4dagogik"},"content":{"rendered":"\n<h2>Unsere Basiskonzepte im Fach P\u00e4dagogik<\/h2>\n<p>Die P\u00e4dagogikseminare bestehen aus Kernmodulen und Wahlmodulen. Im ersten Ausbildungsquartal ist der Crashkurs als erstes verpflichtendes Kernmodul zu belegen. Er hat das Ziel, den eigenverantwortlichen Unterricht zu begleiten und wesentliche Grundlagen zu erarbeiten. Auf den Craskhkurs folgen vier weitere Kernmodule, diese sind auf vier Quartale kalkuliert und bilden das Kerncurriculum im Bereich P\u00e4dagogik laut APVO-Lehr ab. Folgende weitere verpflichtende Kernmodule sind nach dem Crashkurs im Laufe der Ausbildung zu absolvieren:<\/p>\n<ul>\n<li>Unterrichten<\/li>\n<li>P\u00e4dagogische Beziehungen professionell gestalten<\/li>\n<li>Mit Diversit\u00e4t umgehen<\/li>\n<li>Diagnostizieren und individuell f\u00f6rdern<\/li>\n<\/ul>\n<p><a href=\"https:\/\/wordpress.nibis.de\/stsgoegy\/files\/Paedagogische-Basiskonzepte-Stand-29.04.2023_2.pdf\" target=\"_blank\" rel=\"noopener\"><img loading=\"lazy\" decoding=\"async\" class=\"aligncenter  wp-image-1483\" src=\"https:\/\/wordpress.nibis.de\/stsgoegy\/files\/Basiskonzepte23.png\" alt=\"\" width=\"365\" height=\"260\" srcset=\"https:\/\/wordpress.nibis.de\/stsgoegy\/files\/Basiskonzepte23.png 670w, https:\/\/wordpress.nibis.de\/stsgoegy\/files\/Basiskonzepte23-198x141.png 198w\" sizes=\"auto, (max-width: 365px) 100vw, 365px\" \/><\/a><\/p>\n<p style=\"text-align: center\"><a href=\"https:\/\/wordpress.nibis.de\/stsgoegy\/files\/Paedagogische-Basiskonzepte-Stand-29.04.2023_2.pdf\" target=\"_blank\" rel=\"noopener\">P\u00e4dagogische Basiskonzepte<\/a><\/p>\n<p>Die Kernmodule sowie auch die Wahlmodule erfassen die Grundqualifikationen f\u00fcr die in der APVO-Lehr ausgewiesenen f\u00fcnf Kompetenzbereiche: \u201e1. Unterrichten; 2. Erziehen; 3. Beurteilen, Beraten und Unterst\u00fctzen, Diagnostizieren und F\u00f6rdern; 4. Mitwirken bei der Gestaltung der Eigenverantwortlichkeit der Schule und Weiterentwickeln der eigenen Berufskompetenz; 5. Personale Kompetenzen\u201c. Die Inhalte sind aus den Notwendigkeiten des Berufsfelds abgeleitet und erfordern vor allem die Ausbildung von Handlungs- und Probleml\u00f6sef\u00e4higkeiten der Auszubildenden in berufstypischen Situationen.\u00a0Die Module sind in der Regel als Berufsfeld erforschende Projekte nach dem \u201ePrinzip der vollst\u00e4ndigen Handlung\u201c gestaltet. Sie ist in folgende Verfahrensschritte gegliedert:<\/p>\n<ul>\n<li>sich informieren bzw. informiert werden durch theoretische Konzepte bzw. Literatur<\/li>\n<li>Planung in der \u201eLaborsituation\u201c des Studienseminars<\/li>\n<li>Realanwendung in der Ausbildungsschule<\/li>\n<li>Reflexion im Studienseminar.<\/li>\n<\/ul>\n<p>Als praxisgebundene Module verkn\u00fcpfen sie theoretisches Wissen mit Erfahrungen im Berufsfeld, um so die Handlungsf\u00e4higkeit und den Aufbau subjektiver Theorien zu f\u00f6rdern.<\/p>\n","protected":false},"excerpt":{"rendered":"<p>Unsere Basiskonzepte im Fach P\u00e4dagogik Die P\u00e4dagogikseminare bestehen aus Kernmodulen und Wahlmodulen. Im ersten Ausbildungsquartal ist der Crashkurs als erstes verpflichtendes Kernmodul zu belegen. Er hat das Ziel, den eigenverantwortlichen Unterricht zu begleiten und wesentliche Grundlagen zu erarbeiten. Auf den Craskhkurs folgen vier weitere Kernmodule, diese sind auf vier Quartale kalkuliert und bilden das Kerncurriculum &#8230; <a title=\"Ausbildung P\u00e4dagogik\" class=\"read-more\" href=\"https:\/\/wordpress.nibis.de\/stsgoegy\/ausbildung-paedagogik\/\" aria-label=\"Mehr Informationen \u00fcber Ausbildung P\u00e4dagogik\">Weiterlesen<\/a><\/p>\n","protected":false},"author":161,"featured_media":0,"parent":0,"menu_order":0,"comment_status":"closed","ping_status":"closed","template":"","meta":{"footnotes":""},"class_list":["post-1480","page","type-page","status-publish"],"_links":{"self":[{"href":"https:\/\/wordpress.nibis.de\/stsgoegy\/wp-json\/wp\/v2\/pages\/1480","targetHints":{"allow":["GET"]}}],"collection":[{"href":"https:\/\/wordpress.nibis.de\/stsgoegy\/wp-json\/wp\/v2\/pages"}],"about":[{"href":"https:\/\/wordpress.nibis.de\/stsgoegy\/wp-json\/wp\/v2\/types\/page"}],"author":[{"embeddable":true,"href":"https:\/\/wordpress.nibis.de\/stsgoegy\/wp-json\/wp\/v2\/users\/161"}],"replies":[{"embeddable":true,"href":"https:\/\/wordpress.nibis.de\/stsgoegy\/wp-json\/wp\/v2\/comments?post=1480"}],"version-history":[{"count":7,"href":"https:\/\/wordpress.nibis.de\/stsgoegy\/wp-json\/wp\/v2\/pages\/1480\/revisions"}],"predecessor-version":[{"id":1750,"href":"https:\/\/wordpress.nibis.de\/stsgoegy\/wp-json\/wp\/v2\/pages\/1480\/revisions\/1750"}],"wp:attachment":[{"href":"https:\/\/wordpress.nibis.de\/stsgoegy\/wp-json\/wp\/v2\/media?parent=1480"}],"curies":[{"name":"wp","href":"https:\/\/api.w.org\/{rel}","templated":true}]}}