{"id":624,"date":"2016-12-06T14:04:16","date_gmt":"2016-12-06T13:04:16","guid":{"rendered":"http:\/\/wordpress.nibis.de\/stsgoegy\/?page_id=624"},"modified":"2026-02-16T16:05:11","modified_gmt":"2026-02-16T15:05:11","slug":"fachseminare","status":"publish","type":"page","link":"https:\/\/wordpress.nibis.de\/stsgoegy\/ausbildung\/fachseminare\/","title":{"rendered":"Fachseminare"},"content":{"rendered":"<p>An unserem Studienseminar k\u00f6nnen Sie zur Zeit in folgenden F\u00e4chern ausgebildet werden:<\/p>\n<table style=\"width: 100%;height: 777px\">\n<tbody>\n<tr style=\"height: 26px\">\n<td style=\"width: 39.4048%;height: 26px\">Fachseminar<\/td>\n<td style=\"width: 59.881%;height: 26px\">Ausbildende<\/td>\n<\/tr>\n<tr style=\"height: 26px\">\n<td style=\"width: 39.4048%;height: 26px\">Biologie<\/td>\n<td style=\"width: 59.881%;height: 26px\">StD&#8216; Inken Barfod-Werner<\/td>\n<\/tr>\n<tr style=\"height: 26px\">\n<td style=\"width: 39.4048%;height: 26px\">Chemie<\/td>\n<td style=\"width: 59.881%;height: 26px\">StD&#8216; Claudia Maibohm<\/td>\n<\/tr>\n<tr style=\"height: 26px\">\n<td style=\"width: 39.4048%;height: 26px\">Chinesisch<\/td>\n<td style=\"width: 59.881%;height: 26px\">OStR&#8216; Sabine Schlieper<\/td>\n<\/tr>\n<tr style=\"height: 73px\">\n<td style=\"width: 39.4048%;height: 73px\">Deutsch<\/td>\n<td style=\"width: 59.881%;height: 73px\">OStR&#8216; Nadja Haghpanah<br \/>\nOStR&#8216; Melanie Kloeser<br \/>\nStD Ingolf Thielecke<\/td>\n<\/tr>\n<tr style=\"height: 50px\">\n<td style=\"width: 39.4048%;height: 50px\">Englisch<\/td>\n<td style=\"width: 59.881%;height: 50px\">StR Michael H\u00f6ffker<br \/>\nStD&#8216; Wiebke Ruf<\/td>\n<\/tr>\n<tr style=\"height: 26px\">\n<td style=\"width: 39.4048%;height: 26px\">Erdkunde<\/td>\n<td style=\"width: 59.881%;height: 26px\">n.n.<\/td>\n<\/tr>\n<tr style=\"height: 26px\">\n<td style=\"width: 39.4048%;height: 26px\">Franz\u00f6sisch<\/td>\n<td style=\"width: 59.881%;height: 26px\">OStR&#8216; Anne Gr\u00fcneklee<\/td>\n<\/tr>\n<tr style=\"height: 26px\">\n<td style=\"width: 39.4048%;height: 26px\">Geschichte<\/td>\n<td style=\"width: 59.881%;height: 26px\">StD S\u00f6nke Jaek<\/td>\n<\/tr>\n<tr style=\"height: 26px\">\n<td style=\"width: 39.4048%;height: 26px\">Informatik<\/td>\n<td style=\"width: 59.881%;height: 26px\">OStR Stefan Melzer<\/td>\n<\/tr>\n<tr style=\"height: 26px\">\n<td style=\"width: 39.4048%;height: 26px\">Latein<\/td>\n<td style=\"width: 59.881%;height: 26px\">StD Frank Goldmann<\/td>\n<\/tr>\n<tr style=\"height: 73px\">\n<td style=\"width: 39.4048%;height: 73px\">Mathematik<\/td>\n<td style=\"width: 59.881%;height: 73px\">OStR Dr. Bernd Beyerstedt<br \/>\nOStR&#8216; Claudia Ilse<br \/>\nStD Thomas Sperlich<\/td>\n<\/tr>\n<tr style=\"height: 190px\">\n<td style=\"width: 39.4048%;height: 141px\">P\u00e4dagogik<\/td>\n<td style=\"width: 59.881%;height: 141px\">StR Marvin Eckermann<br \/>\nStD&#8216; Miriam H\u00e4nig<br \/>\nStR&#8216; Tanja K\u00fchlewind-Rieck<br \/>\nOStD&#8216; Anna-Maria Schumann<br \/>\nStD&#8216; Bettina Wiegelmann<br \/>\nOStR Marco Wolff<\/td>\n<\/tr>\n<tr style=\"height: 26px\">\n<td style=\"width: 39.4048%;height: 26px\">Physik<\/td>\n<td style=\"width: 59.881%;height: 26px\">StD Martin-Ernst Kraus<\/td>\n<\/tr>\n<tr style=\"height: 26px\">\n<td style=\"width: 39.4048%;height: 26px\">Philosophie<\/td>\n<td style=\"width: 59.881%;height: 26px\">StR Dr. J\u00fcrn Gottschalk<\/td>\n<\/tr>\n<tr style=\"height: 26px\">\n<td style=\"width: 39.4048%;height: 26px\">Politik-Wirtschaft<\/td>\n<td style=\"width: 59.881%;height: 26px\">StD&#8216; Christine Henne<\/td>\n<\/tr>\n<tr style=\"height: 26px\">\n<td style=\"width: 39.4048%;height: 26px\">Religion<\/td>\n<td style=\"width: 59.881%;height: 26px\">StD&#8216; Dr. Stefanie Frost<\/td>\n<\/tr>\n<tr style=\"height: 26px\">\n<td style=\"width: 39.4048%;height: 26px\">Spanisch<\/td>\n<td style=\"width: 59.881%;height: 26px\">StD&#8216; Meike W\u00fcnn<\/td>\n<\/tr>\n<tr style=\"height: 50px\">\n<td style=\"width: 39.4048%;height: 50px\">Sport<\/td>\n<td style=\"width: 59.881%;height: 50px\">StD&#8216; Katrin Klecka<br \/>\nStR&#8216; Heike V\u00f6lker<\/td>\n<\/tr>\n<tr style=\"height: 26px\">\n<td style=\"width: 39.4048%;height: 26px\">Werte und Normen<\/td>\n<td style=\"width: 59.881%;height: 26px\">StR Dr. J\u00fcrn Gottschalk<\/td>\n<\/tr>\n<\/tbody>\n<\/table>\n","protected":false},"excerpt":{"rendered":"<p>An unserem Studienseminar k\u00f6nnen Sie zur Zeit in folgenden F\u00e4chern ausgebildet werden: Fachseminar Ausbildende Biologie StD&#8216; Inken Barfod-Werner Chemie StD&#8216; Claudia Maibohm Chinesisch OStR&#8216; Sabine Schlieper Deutsch OStR&#8216; Nadja Haghpanah OStR&#8216; Melanie Kloeser StD Ingolf Thielecke Englisch StR Michael H\u00f6ffker StD&#8216; Wiebke Ruf Erdkunde n.n. Franz\u00f6sisch OStR&#8216; Anne Gr\u00fcneklee Geschichte StD S\u00f6nke Jaek Informatik OStR &#8230; <a title=\"Fachseminare\" class=\"read-more\" href=\"https:\/\/wordpress.nibis.de\/stsgoegy\/ausbildung\/fachseminare\/\" aria-label=\"Mehr Informationen \u00fcber Fachseminare\">Weiterlesen<\/a><\/p>\n","protected":false},"author":1195,"featured_media":0,"parent":433,"menu_order":0,"comment_status":"closed","ping_status":"closed","template":"","meta":{"footnotes":""},"class_list":["post-624","page","type-page","status-publish"],"_links":{"self":[{"href":"https:\/\/wordpress.nibis.de\/stsgoegy\/wp-json\/wp\/v2\/pages\/624","targetHints":{"allow":["GET"]}}],"collection":[{"href":"https:\/\/wordpress.nibis.de\/stsgoegy\/wp-json\/wp\/v2\/pages"}],"about":[{"href":"https:\/\/wordpress.nibis.de\/stsgoegy\/wp-json\/wp\/v2\/types\/page"}],"author":[{"embeddable":true,"href":"https:\/\/wordpress.nibis.de\/stsgoegy\/wp-json\/wp\/v2\/users\/1195"}],"replies":[{"embeddable":true,"href":"https:\/\/wordpress.nibis.de\/stsgoegy\/wp-json\/wp\/v2\/comments?post=624"}],"version-history":[{"count":52,"href":"https:\/\/wordpress.nibis.de\/stsgoegy\/wp-json\/wp\/v2\/pages\/624\/revisions"}],"predecessor-version":[{"id":2139,"href":"https:\/\/wordpress.nibis.de\/stsgoegy\/wp-json\/wp\/v2\/pages\/624\/revisions\/2139"}],"up":[{"embeddable":true,"href":"https:\/\/wordpress.nibis.de\/stsgoegy\/wp-json\/wp\/v2\/pages\/433"}],"wp:attachment":[{"href":"https:\/\/wordpress.nibis.de\/stsgoegy\/wp-json\/wp\/v2\/media?parent=624"}],"curies":[{"name":"wp","href":"https:\/\/api.w.org\/{rel}","templated":true}]}}