{"id":1505,"date":"2023-01-03T17:02:40","date_gmt":"2023-01-03T15:02:40","guid":{"rendered":"https:\/\/wordpress.nibis.de\/stsgymh\/?page_id=1505"},"modified":"2026-08-17T08:42:41","modified_gmt":"2026-08-17T06:42:41","slug":"fachseminar-politik-wirtschaft","status":"publish","type":"page","link":"https:\/\/wordpress.nibis.de\/stsgymh\/facher-ii\/fachseminar-politik-wirtschaft\/","title":{"rendered":"Fachseminar Politik-Wirtschaft"},"content":{"rendered":"\n<p class=\"wp-block-paragraph\">Die Ausbildung im Fach Politik-Wirtschaft am StS Hannover II (LA Gym) wird betreut durch:<\/p>\n\n\n\n<p class=\"wp-block-paragraph\"><em><strong>Anna-Katharina Thoms (StR&#8216;), Ausbilderin im Fach PW<br>G\u00f6tz Thomsen (StD), Fachleiter PW<\/strong><\/em><\/p>\n\n\n\n<p class=\"wp-block-paragraph\">Termin der regelm\u00e4\u00dfigen Fachsitzungen:<br><a href=\"http:\/\/wordpress.nibis.de\/stsgymh\/files\/Fachseminarplan.pdf\" data-type=\"URL\" data-id=\"wordpress.nibis.de\/stsgymh\/files\/Fachseminarplan.pdf\">&gt;&gt; siehe Fachseminarplan<\/a><\/p>\n\n\n\n<hr class=\"wp-block-separator has-alpha-channel-opacity\" \/>\n\n\n\n<p class=\"wp-block-paragraph\"><strong>Zur Ausbildung allgemein:<\/strong><\/p>\n\n\n\n<p class=\"wp-block-paragraph\">Die zweite Ausbildungsphase im Fach Politik-Wirtschaft am Studienseminar II hat zum Ziel, die Lehrkr\u00e4fte im Vorbereitungsdienst (LiVD) zu bef\u00e4higen, ihren Fachunterricht kompetent zu planen, durchzuf\u00fchren und zu reflektieren. Ankn\u00fcpfend an die w\u00e4hrend des Studiums erworbenen Kompetenzen und ggf. schon vorhandenen Unterrichtserfahrungen wird in den 18 Monaten kontinuierlich und entwickelnd an der Erweiterung vorhandener und dem Aufbau neuer Kompetenzen gearbeitet.<\/p>\n\n\n\n<p class=\"wp-block-paragraph\">Zu den elementaren Bestandteilen der zweiten Ausbildungsphase geh\u00f6ren Unterrichtsnachbesprechungen im Rahmen der Unterrichtsbesuche und die vierzehnt\u00e4gigen gemeinsamen Fachseminare. Bei den Unterrichtsbesuchen steht der individuell geplante Unterricht und stehen vor allem die diesbez\u00fcglichen Unterrichtserfahrungen der LiVD im Mittelpunkt. Der Unterricht wird regelm\u00e4\u00dfig und zumeist unmittelbar im Anschluss nachbesprochen, ausgehend von den Wahrnehmungen und gew\u00fcnschten Besprechungsschwerpunkten der LiVD. Die Besprechung versteht sich als M\u00f6glichkeit, auf der Grundlage des gemeinsam erlebten Unterrichts zentrale Aspekte der Stunde zu erschlie\u00dfen und zu reflektieren. Ziel ist es, f\u00fcr die eigene Professionalisierung eine m\u00f6glichst hilfreiche und wirksame Beratung zu erreichen, die von den eigenen Ideen der LiVD ausgeht und vorhandene Kompetenzen st\u00e4rkt. F\u00fcr Planungsvorhaben von Unterricht kann auch im Voraus beraten werden. Als besonders hilfreich haben sich auch gegenseitige Teilnahmen an Unterrichtsbesuchen der LIVD erwiesen. Wir bef\u00fcrworten ausdr\u00fccklich auch die Hospitation bei Unterrichtsbesuchen \u00fcber die Grenzen beider Politik-Fachseminare hinweg. Daher gestalten wir auch im Regelfall die Einf\u00fchrungsveranstaltung gemeinsam, um ein gegenseitiges Kennenlernen zu erm\u00f6glichen und so Hemmungen abzubauen. &nbsp;<\/p>\n\n\n\n<p class=\"wp-block-paragraph\">Die Fachseminare sind vorrangig an dem Kompetenzaufbau f\u00fcr das fachliche Unterrichten ausgerichtet. Daher besteht grunds\u00e4tzliche eine weitreichende Einbeziehung von Unterrichtspraxis in die Seminararbeit. Neben thematisch festgelegten Bausteinen ist die inhaltliche Mitgestaltung der Fachseminare entsprechend aktueller Bed\u00fcrfnisse, Beratungsanliegen oder Interessen der LiVD explizit erw\u00fcnscht.<\/p>\n\n\n\n<p class=\"wp-block-paragraph\"><strong>Zum Fach:<\/strong><\/p>\n\n\n\n<p class=\"wp-block-paragraph\">Als Integrationsfach, das die wissenschaftlichen Dom\u00e4nen Politik und Wirtschaft verbinden soll, finden sich in den Kerncurricula inhaltliche Vorgaben, die sich mehr der Politik oder der \u00d6konomie zuordnen lassen, und auch deutlicher integrierende Inhalte. Die wissenschaftsbezogenen Unterschiede lassen sich auch auf Ebenen der einbezogenen Theorien und Modellen, der Zielimplikationen und der verwendeten Fachkonzepte ablesen, wodurch das Herausfordernde eines Integrationsfaches deutlich wird. Auch didaktisch bestehen zwischen politischer und \u00f6konomischer Bildung durchaus Spannungsverh\u00e4ltnisse, die Unterrichtsvorbereitung interessant, aber auch anspruchsvoll machen. Als Lehrende sind wir zudem dem Prinzip der Aktualit\u00e4t verpflichtet, wenn wir die Lernenden an politische Auseinandersetzungen herf\u00fchren wollen. Als besonders hilfreich f\u00fcr eine leichtere Zug\u00e4nglichkeit des Unterrichts f\u00fcr die Lernenden bef\u00fcrworten wir zudem die Ber\u00fccksichtigung der Prinzipien der Problem- oder Handlungs- und Konfliktorientierung und auch der Sch\u00fclerorientierung.<\/p>\n\n\n\n<p class=\"wp-block-paragraph\">Das sind Rahmenbedingungen, die besondere Chancen bieten, f\u00fcr Politik allgemein zu werben und Demokratiebildung zu f\u00f6rdern, bringen aber auch anspruchsvolle didaktische Planungsentscheidungen (z.B. Reduktion \/ Schwerpunktsetzung, aber auch z.B. die Passung des Materials zur Lerngruppe) bei komplexen politischen und \u00f6konomischen Sachlagen mit sich.<\/p>\n\n\n\n<p class=\"wp-block-paragraph\">Das Unterrichten des Fachs &#8222;Gesellschaftslehre&#8220; an Integrierten Gesamtschulen im Rahmen des Vorbereitungsdienstes stellt aufgrund der geschichtlichen und erdkundlichen Anteile eine zus\u00e4tzliche Herausforderung dar. Eine strukturell abgesicherte und mit grundst\u00e4ndigen F\u00e4chern vergleichbare Ausbildung f\u00fcr dieses Fach ist in Niedersachsen weder in der ersten, noch in der zweiten Ausbildungsphase verankert. Das Studienseminar Hannover II bietet f\u00fcr alle Lehrkr\u00e4fte mit dem Fach PW einmal pro Jahr eine Zusatzqualifizierung \u201eQualifizierung in Bezug auf die Einzeldisziplinen Geschichte, Erdkunde und Politik\/Wirtschaft im Unterricht der Gesamtschulen\u201c als Kompaktseminar im Umfang von 20 Stunden an.<\/p>\n\n\n\n<p class=\"wp-block-paragraph\"><strong>Zu den Unterrichtsbesuchen:<\/strong><\/p>\n\n\n\n<p class=\"wp-block-paragraph\">Die didaktisch-methodische und inhaltliche Breite des Integrationsfaches Politik-Wirtschaft sollte sich auch in den verschiedenen Unterrichtsbesuchen widerspiegeln, sodass unterschiedliche unterrichtspraktische Aspekte beratend besprochen werden k\u00f6nnen. Mittelstufen- und Oberstufenunterricht sollen ungef\u00e4hr zu gleichen Teilen vertreten sein, dabei ist die Kursstufe (Jahrg\u00e4nge 12 \/13) hinsichtlich gr\u00f6\u00dferer fachlicher Anforderungen ausreichend zu ber\u00fccksichtigen. <br>F\u00fcr den Unterricht im Fach Gesellschaftslehre an Integrierten Gesamtschulen gilt, dass vorrangig politische oder \u00f6konomische Schwerpunkte in den zu unterrichten Themenfeldern des Fachs &#8222;Gesellschaftslehre&#8220; f\u00fcr Besuche auszuw\u00e4hlen sind.<\/p>\n\n\n\n<hr class=\"wp-block-separator has-alpha-channel-opacity\" \/>\n\n\n\n<p class=\"has-text-align-right wp-block-paragraph\">zuletzt aktualisiert Aug. 2026<\/p>\n","protected":false},"excerpt":{"rendered":"<p>Die Ausbildung im Fach Politik-Wirtschaft am StS Hannover II (LA Gym) wird betreut durch: Anna-Katharina Thoms (StR&#8216;), Ausbilderin im Fach PWG\u00f6tz Thomsen (StD), Fachleiter PW Termin der regelm\u00e4\u00dfigen Fachsitzungen:&gt;&gt; siehe Fachseminarplan Zur Ausbildung allgemein: Die zweite Ausbildungsphase im Fach Politik-Wirtschaft am Studienseminar II hat zum Ziel, die Lehrkr\u00e4fte im Vorbereitungsdienst (LiVD) zu bef\u00e4higen, ihren Fachunterricht [&hellip;]<\/p>\n","protected":false},"author":58,"featured_media":0,"parent":164,"menu_order":0,"comment_status":"closed","ping_status":"closed","template":"","meta":{"footnotes":""},"class_list":["post-1505","page","type-page","status-publish","hentry"],"_links":{"self":[{"href":"https:\/\/wordpress.nibis.de\/stsgymh\/wp-json\/wp\/v2\/pages\/1505","targetHints":{"allow":["GET"]}}],"collection":[{"href":"https:\/\/wordpress.nibis.de\/stsgymh\/wp-json\/wp\/v2\/pages"}],"about":[{"href":"https:\/\/wordpress.nibis.de\/stsgymh\/wp-json\/wp\/v2\/types\/page"}],"author":[{"embeddable":true,"href":"https:\/\/wordpress.nibis.de\/stsgymh\/wp-json\/wp\/v2\/users\/58"}],"replies":[{"embeddable":true,"href":"https:\/\/wordpress.nibis.de\/stsgymh\/wp-json\/wp\/v2\/comments?post=1505"}],"version-history":[{"count":5,"href":"https:\/\/wordpress.nibis.de\/stsgymh\/wp-json\/wp\/v2\/pages\/1505\/revisions"}],"predecessor-version":[{"id":1945,"href":"https:\/\/wordpress.nibis.de\/stsgymh\/wp-json\/wp\/v2\/pages\/1505\/revisions\/1945"}],"up":[{"embeddable":true,"href":"https:\/\/wordpress.nibis.de\/stsgymh\/wp-json\/wp\/v2\/pages\/164"}],"wp:attachment":[{"href":"https:\/\/wordpress.nibis.de\/stsgymh\/wp-json\/wp\/v2\/media?parent=1505"}],"curies":[{"name":"wp","href":"https:\/\/api.w.org\/{rel}","templated":true}]}}

<p class="wp-block-paragraph">Die Ausbildung im Fach Politik-Wirtschaft am StS Hannover II (LA Gym) wird betreut durch:</p>



<p class="wp-block-paragraph"><em><strong>Anna-Katharina Thoms (StR&#8216;), Ausbilderin im Fach PW<br>Götz Thomsen (StD), Fachleiter PW</strong></em></p>



<p class="wp-block-paragraph">Termin der regelmäßigen Fachsitzungen:<br><a href="http://wordpress.nibis.de/stsgymh/files/Fachseminarplan.pdf" data-type="URL" data-id="wordpress.nibis.de/stsgymh/files/Fachseminarplan.pdf">&gt;&gt; siehe Fachseminarplan</a></p>



<hr class="wp-block-separator has-alpha-channel-opacity" />



<p class="wp-block-paragraph"><strong>Zur Ausbildung allgemein:</strong></p>



<p class="wp-block-paragraph">Die zweite Ausbildungsphase im Fach Politik-Wirtschaft am Studienseminar II hat zum Ziel, die Lehrkräfte im Vorbereitungsdienst (LiVD) zu befähigen, ihren Fachunterricht kompetent zu planen, durchzuführen und zu reflektieren. Anknüpfend an die während des Studiums erworbenen Kompetenzen und ggf. schon vorhandenen Unterrichtserfahrungen wird in den 18 Monaten kontinuierlich und entwickelnd an der Erweiterung vorhandener und dem Aufbau neuer Kompetenzen gearbeitet.</p>



<p class="wp-block-paragraph">Zu den elementaren Bestandteilen der zweiten Ausbildungsphase gehören Unterrichtsnachbesprechungen im Rahmen der Unterrichtsbesuche und die vierzehntägigen gemeinsamen Fachseminare. Bei den Unterrichtsbesuchen steht der individuell geplante Unterricht und stehen vor allem die diesbezüglichen Unterrichtserfahrungen der LiVD im Mittelpunkt. Der Unterricht wird regelmäßig und zumeist unmittelbar im Anschluss nachbesprochen, ausgehend von den Wahrnehmungen und gewünschten Besprechungsschwerpunkten der LiVD. Die Besprechung versteht sich als Möglichkeit, auf der Grundlage des gemeinsam erlebten Unterrichts zentrale Aspekte der Stunde zu erschließen und zu reflektieren. Ziel ist es, für die eigene Professionalisierung eine möglichst hilfreiche und wirksame Beratung zu erreichen, die von den eigenen Ideen der LiVD ausgeht und vorhandene Kompetenzen stärkt. Für Planungsvorhaben von Unterricht kann auch im Voraus beraten werden. Als besonders hilfreich haben sich auch gegenseitige Teilnahmen an Unterrichtsbesuchen der LIVD erwiesen. Wir befürworten ausdrücklich auch die Hospitation bei Unterrichtsbesuchen über die Grenzen beider Politik-Fachseminare hinweg. Daher gestalten wir auch im Regelfall die Einführungsveranstaltung gemeinsam, um ein gegenseitiges Kennenlernen zu ermöglichen und so Hemmungen abzubauen. &nbsp;</p>



<p class="wp-block-paragraph">Die Fachseminare sind vorrangig an dem Kompetenzaufbau für das fachliche Unterrichten ausgerichtet. Daher besteht grundsätzliche eine weitreichende Einbeziehung von Unterrichtspraxis in die Seminararbeit. Neben thematisch festgelegten Bausteinen ist die inhaltliche Mitgestaltung der Fachseminare entsprechend aktueller Bedürfnisse, Beratungsanliegen oder Interessen der LiVD explizit erwünscht.</p>



<p class="wp-block-paragraph"><strong>Zum Fach:</strong></p>



<p class="wp-block-paragraph">Als Integrationsfach, das die wissenschaftlichen Domänen Politik und Wirtschaft verbinden soll, finden sich in den Kerncurricula inhaltliche Vorgaben, die sich mehr der Politik oder der Ökonomie zuordnen lassen, und auch deutlicher integrierende Inhalte. Die wissenschaftsbezogenen Unterschiede lassen sich auch auf Ebenen der einbezogenen Theorien und Modellen, der Zielimplikationen und der verwendeten Fachkonzepte ablesen, wodurch das Herausfordernde eines Integrationsfaches deutlich wird. Auch didaktisch bestehen zwischen politischer und ökonomischer Bildung durchaus Spannungsverhältnisse, die Unterrichtsvorbereitung interessant, aber auch anspruchsvoll machen. Als Lehrende sind wir zudem dem Prinzip der Aktualität verpflichtet, wenn wir die Lernenden an politische Auseinandersetzungen herführen wollen. Als besonders hilfreich für eine leichtere Zugänglichkeit des Unterrichts für die Lernenden befürworten wir zudem die Berücksichtigung der Prinzipien der Problem- oder Handlungs- und Konfliktorientierung und auch der Schülerorientierung.</p>



<p class="wp-block-paragraph">Das sind Rahmenbedingungen, die besondere Chancen bieten, für Politik allgemein zu werben und Demokratiebildung zu fördern, bringen aber auch anspruchsvolle didaktische Planungsentscheidungen (z.B. Reduktion / Schwerpunktsetzung, aber auch z.B. die Passung des Materials zur Lerngruppe) bei komplexen politischen und ökonomischen Sachlagen mit sich.</p>



<p class="wp-block-paragraph">Das Unterrichten des Fachs &#8222;Gesellschaftslehre&#8220; an Integrierten Gesamtschulen im Rahmen des Vorbereitungsdienstes stellt aufgrund der geschichtlichen und erdkundlichen Anteile eine zusätzliche Herausforderung dar. Eine strukturell abgesicherte und mit grundständigen Fächern vergleichbare Ausbildung für dieses Fach ist in Niedersachsen weder in der ersten, noch in der zweiten Ausbildungsphase verankert. Das Studienseminar Hannover II bietet für alle Lehrkräfte mit dem Fach PW einmal pro Jahr eine Zusatzqualifizierung „Qualifizierung in Bezug auf die Einzeldisziplinen Geschichte, Erdkunde und Politik/Wirtschaft im Unterricht der Gesamtschulen“ als Kompaktseminar im Umfang von 20 Stunden an.</p>



<p class="wp-block-paragraph"><strong>Zu den Unterrichtsbesuchen:</strong></p>



<p class="wp-block-paragraph">Die didaktisch-methodische und inhaltliche Breite des Integrationsfaches Politik-Wirtschaft sollte sich auch in den verschiedenen Unterrichtsbesuchen widerspiegeln, sodass unterschiedliche unterrichtspraktische Aspekte beratend besprochen werden können. Mittelstufen- und Oberstufenunterricht sollen ungefähr zu gleichen Teilen vertreten sein, dabei ist die Kursstufe (Jahrgänge 12 /13) hinsichtlich größerer fachlicher Anforderungen ausreichend zu berücksichtigen. <br>Für den Unterricht im Fach Gesellschaftslehre an Integrierten Gesamtschulen gilt, dass vorrangig politische oder ökonomische Schwerpunkte in den zu unterrichten Themenfeldern des Fachs &#8222;Gesellschaftslehre&#8220; für Besuche auszuwählen sind.</p>



<hr class="wp-block-separator has-alpha-channel-opacity" />



<p class="has-text-align-right wp-block-paragraph">zuletzt aktualisiert Aug. 2026</p>

<p>Die Ausbildung im Fach Politik-Wirtschaft am StS Hannover II (LA Gym) wird betreut durch: Anna-Katharina Thoms (StR&#8216;), Ausbilderin im Fach PWGötz Thomsen (StD), Fachleiter PW Termin der regelmäßigen Fachsitzungen:&gt;&gt; siehe Fachseminarplan Zur Ausbildung allgemein: Die zweite Ausbildungsphase im Fach Politik-Wirtschaft am Studienseminar II hat zum Ziel, die Lehrkräfte im Vorbereitungsdienst (LiVD) zu befähigen, ihren Fachunterricht [&hellip;]</p>
