{"id":1602,"date":"2023-01-05T14:03:35","date_gmt":"2023-01-05T13:03:35","guid":{"rendered":"https:\/\/wordpress.nibis.de\/stsgymh\/?page_id=1602"},"modified":"2023-01-05T14:25:05","modified_gmt":"2023-01-05T13:25:05","slug":"leitlinien-des-unterrichtseinsatzes","status":"publish","type":"page","link":"https:\/\/wordpress.nibis.de\/stsgymh\/ausbildungsschulen-2\/leitlinien-des-unterrichtseinsatzes\/","title":{"rendered":"Leitlinien Unterrichtseinsatz"},"content":{"rendered":"\n<p>Die <strong>Durchf\u00fchrungsbestimmungen zu \u00a77 APVO-Lehr<\/strong> regeln den Umfang des eigenverantwortlichen Unterrichts (UieV) und dessen Verteilung auf die drei Ausbildungshalbjahre:<\/p>\n\n\n\n<p><em>\u201e\u2026 insgesamt 18 Stunden eigenverantwortlicher Unterricht (z. B. 4 Stunden \/ 10 Stunden \/ 4 Stunden). Andere Modelle, z.B. eine gleichm\u00e4\u00dfige Verteilung auf die drei Ausbildungshalbjahre, sind m\u00f6glich.\u201c <\/em>(Nr. 4.3 DB zu \u00a77 APVO-Lehr)<\/p>\n\n\n\n<p>Damit ergibt sich f\u00fcr die Lehrkr\u00e4fte im Vorbereitungsdienst (LiVd) eine Unterrichtsverpflichtung von <strong>durchschnittlich 6 Stunden im UieV <\/strong>w\u00f6chentlich, hinzu kommt die Verpflichtung, <strong>betreuten Unterricht im Umfang von durchschnittlich 4 Stunden<\/strong> w\u00f6chentlich wahrzunehmen.<\/p>\n\n\n\n<p>UieV wie auch betreuter Unterricht soll den Referendarinnen und Referendaren m\u00f6glichst vielf\u00e4ltige Ausbildungsgelegenheiten er\u00f6ffnen und m\u00f6glichst breitgestreute Unterrichtserfahrungen erm\u00f6glichen. Der eigenverantwortliche und betreute Ausbildungsunterricht soll insgesamt <strong>m\u00f6glichst gleichm\u00e4\u00dfig auf beide F\u00e4cher und beide Sekundarbereiche verteilt<\/strong> sein.<\/p>\n\n\n\n<p>Diesen Grundsatz m\u00fcssen die Schulleitungen bei der Zuteilung von UieV stets im Blick haben, in Abstimmung und einvernehmlich mit der Seminarleitung (Nr. 2.2 der DB zu \u00a77 APVO-Lehr). Diesen Grundsatz m\u00fcssen auch die LiVD bei der eigenverantwortlichen Wahl des betreuten Unterrichts im Blick haben, angeleitet durch die Ausbildungsauflagen des Seminars hinsichtlich bspw. verschiedener Doppeljahrg\u00e4nge und der Breite fachspezifischer Themengebiete.<\/p>\n\n\n\n<p>Erg\u00e4nzend und konkreter sollte sich der Einsatz im UieV an folgenden Leitlinien orientieren:<\/p>\n\n\n\n<ul class=\"wp-block-list\"><li><strong>UieV wird in beiden Unterrichtsf\u00e4chern erm\u00f6glicht.<br><\/strong>Bei der Zuweisung von Referendarinnen u. Referendaren muss absehbar sein, dass in beiden F\u00e4chern UieV erteilt werden kann. Ist dies aufgrund schulinterner Gegeben nicht durchg\u00e4ngig m\u00f6glich, soll in einem Fach in mindestens einem Ausbildungshalbjahr UieV erteilt werden k\u00f6nnen. Ausnahmef\u00e4lle stimmen Schul-und Seminarleitung kooperativ ab.<\/li><\/ul>\n\n\n\n<ul class=\"wp-block-list\"><li><strong>Der Umfang des UieV ist in beiden F\u00e4chern m\u00f6glichst gleichberechtigt.<\/strong> <br>Ist der Einsatz in einem Unterrichtsfach nicht m\u00f6glich oder reduziert, erh\u00f6ht sich der Anteil des durch Fachlehrkr\u00e4fte betreuten Unterrichts in diesem Unterrichtsfach. Von der einseitigen Erh\u00f6hung des Unterrichtseinsatzes im UieV in nur einem Fach ist abzusehen.<\/li><\/ul>\n\n\n\n<ul class=\"wp-block-list\"><li><strong>LiVD ist im UieV in der Regel ein Wechsel von Jahrg\u00e4ngen und Lerngruppen \u00fcber die 3 Ausbildungshalbjahre zu erm\u00f6glichen. <\/strong><br>Die Dauer des eigenverantwortlichen Unterrichts in einer Klasse\/Lerngruppe betr\u00e4gt i.d.R. mindestens ein Ausbildungshalbjahr.<\/li><\/ul>\n\n\n\n<ul class=\"wp-block-list\"><li><strong>Der parallele Unterrichtseinsatz in zwei Klassen desselben Jahrgangs im selben Fach wird vermieden<\/strong>, zentrales Ausbildungsanliegen sind m\u00f6glichst breit gestreute vielf\u00e4ltige Unterrichtserfahrungen in verschiedenen Lern- und Altersgruppen.<\/li><\/ul>\n\n\n\n<ul class=\"wp-block-list\"><li><strong>Unterrichtseinsatz im Fach \u201e<em>Gesellschaftslehre<\/em>\u201c bzw. im Fach \u201e<em>Naturwissenschaften<\/em>\u201c nur nach R\u00fccksprache mit der Seminarleitung. <\/strong>Das Einverst\u00e4ndnis der Referendarin bzw. des Referendars ist erforderlich.<\/li><\/ul>\n\n\n\n<ul class=\"wp-block-list\"><li><strong>Kein fachfremder Unterrichtseinsatz,<\/strong><\/li><li>ein Einsatz in der <strong>Hausaufgabenbetreuung<\/strong> oder im Rahmen von <strong>Arbeitsgemeinschaften<\/strong> o.\u00e4. kann <strong>nur im Ausnahmefall<\/strong> nach R\u00fccksprache zwischen Schul- und Seminarleitungen erfolgen (begr\u00fcndeter Einsatz mit zeitlicher Beschr\u00e4nkung).<\/li><\/ul>\n\n\n\n<p>\u00dcber das Anliegen einer m\u00f6glichst umfassenden Ausbildung hinaus sollen diese Leitlinien auch zu einer Gleichbehandlung und zu vergleichbaren Ausbildungsbedingungen f\u00fcr die Referendarinnen und Referendare an den ca. 40 Ausbildungsschulen beitragen.<\/p>\n\n\n\n<p>Diese Leitlinien ergeben sich aus den Vorgaben der APVO-Lehr und sind bew\u00e4hrte Praxis in der einvernehmlichen Zusammenarbeit zwischen den Schulleiterinnen und Schulleitern aller Ausbildungsschulen und den Seminarleitungen beider Seminare.<\/p>\n\n\n\n<hr class=\"wp-block-separator is-style-default\" \/>\n","protected":false},"excerpt":{"rendered":"<p>Die Durchf\u00fchrungsbestimmungen zu \u00a77 APVO-Lehr regeln den Umfang des eigenverantwortlichen Unterrichts (UieV) und dessen Verteilung auf die drei Ausbildungshalbjahre: \u201e\u2026 insgesamt 18 Stunden eigenverantwortlicher Unterricht (z. B. 4 Stunden \/ 10 Stunden \/ 4 Stunden). Andere Modelle, z.B. eine gleichm\u00e4\u00dfige Verteilung auf die drei Ausbildungshalbjahre, sind m\u00f6glich.\u201c (Nr. 4.3 DB zu \u00a77 APVO-Lehr) Damit ergibt [&hellip;]<\/p>\n","protected":false},"author":58,"featured_media":0,"parent":1217,"menu_order":0,"comment_status":"closed","ping_status":"closed","template":"","meta":{"footnotes":""},"class_list":["post-1602","page","type-page","status-publish","hentry"],"_links":{"self":[{"href":"https:\/\/wordpress.nibis.de\/stsgymh\/wp-json\/wp\/v2\/pages\/1602","targetHints":{"allow":["GET"]}}],"collection":[{"href":"https:\/\/wordpress.nibis.de\/stsgymh\/wp-json\/wp\/v2\/pages"}],"about":[{"href":"https:\/\/wordpress.nibis.de\/stsgymh\/wp-json\/wp\/v2\/types\/page"}],"author":[{"embeddable":true,"href":"https:\/\/wordpress.nibis.de\/stsgymh\/wp-json\/wp\/v2\/users\/58"}],"replies":[{"embeddable":true,"href":"https:\/\/wordpress.nibis.de\/stsgymh\/wp-json\/wp\/v2\/comments?post=1602"}],"version-history":[{"count":2,"href":"https:\/\/wordpress.nibis.de\/stsgymh\/wp-json\/wp\/v2\/pages\/1602\/revisions"}],"predecessor-version":[{"id":1606,"href":"https:\/\/wordpress.nibis.de\/stsgymh\/wp-json\/wp\/v2\/pages\/1602\/revisions\/1606"}],"up":[{"embeddable":true,"href":"https:\/\/wordpress.nibis.de\/stsgymh\/wp-json\/wp\/v2\/pages\/1217"}],"wp:attachment":[{"href":"https:\/\/wordpress.nibis.de\/stsgymh\/wp-json\/wp\/v2\/media?parent=1602"}],"curies":[{"name":"wp","href":"https:\/\/api.w.org\/{rel}","templated":true}]}}

<p>Die <strong>Durchführungsbestimmungen zu §7 APVO-Lehr</strong> regeln den Umfang des eigenverantwortlichen Unterrichts (UieV) und dessen Verteilung auf die drei Ausbildungshalbjahre:</p>



<p><em>„… insgesamt 18 Stunden eigenverantwortlicher Unterricht (z. B. 4 Stunden / 10 Stunden / 4 Stunden). Andere Modelle, z.B. eine gleichmäßige Verteilung auf die drei Ausbildungshalbjahre, sind möglich.“ </em>(Nr. 4.3 DB zu §7 APVO-Lehr)</p>



<p>Damit ergibt sich für die Lehrkräfte im Vorbereitungsdienst (LiVd) eine Unterrichtsverpflichtung von <strong>durchschnittlich 6 Stunden im UieV </strong>wöchentlich, hinzu kommt die Verpflichtung, <strong>betreuten Unterricht im Umfang von durchschnittlich 4 Stunden</strong> wöchentlich wahrzunehmen.</p>



<p>UieV wie auch betreuter Unterricht soll den Referendarinnen und Referendaren möglichst vielfältige Ausbildungsgelegenheiten eröffnen und möglichst breitgestreute Unterrichtserfahrungen ermöglichen. Der eigenverantwortliche und betreute Ausbildungsunterricht soll insgesamt <strong>möglichst gleichmäßig auf beide Fächer und beide Sekundarbereiche verteilt</strong> sein.</p>



<p>Diesen Grundsatz müssen die Schulleitungen bei der Zuteilung von UieV stets im Blick haben, in Abstimmung und einvernehmlich mit der Seminarleitung (Nr. 2.2 der DB zu §7 APVO-Lehr). Diesen Grundsatz müssen auch die LiVD bei der eigenverantwortlichen Wahl des betreuten Unterrichts im Blick haben, angeleitet durch die Ausbildungsauflagen des Seminars hinsichtlich bspw. verschiedener Doppeljahrgänge und der Breite fachspezifischer Themengebiete.</p>



<p>Ergänzend und konkreter sollte sich der Einsatz im UieV an folgenden Leitlinien orientieren:</p>



<ul class="wp-block-list"><li><strong>UieV wird in beiden Unterrichtsfächern ermöglicht.<br></strong>Bei der Zuweisung von Referendarinnen u. Referendaren muss absehbar sein, dass in beiden Fächern UieV erteilt werden kann. Ist dies aufgrund schulinterner Gegeben nicht durchgängig möglich, soll in einem Fach in mindestens einem Ausbildungshalbjahr UieV erteilt werden können. Ausnahmefälle stimmen Schul-und Seminarleitung kooperativ ab.</li></ul>



<ul class="wp-block-list"><li><strong>Der Umfang des UieV ist in beiden Fächern möglichst gleichberechtigt.</strong> <br>Ist der Einsatz in einem Unterrichtsfach nicht möglich oder reduziert, erhöht sich der Anteil des durch Fachlehrkräfte betreuten Unterrichts in diesem Unterrichtsfach. Von der einseitigen Erhöhung des Unterrichtseinsatzes im UieV in nur einem Fach ist abzusehen.</li></ul>



<ul class="wp-block-list"><li><strong>LiVD ist im UieV in der Regel ein Wechsel von Jahrgängen und Lerngruppen über die 3 Ausbildungshalbjahre zu ermöglichen. </strong><br>Die Dauer des eigenverantwortlichen Unterrichts in einer Klasse/Lerngruppe beträgt i.d.R. mindestens ein Ausbildungshalbjahr.</li></ul>



<ul class="wp-block-list"><li><strong>Der parallele Unterrichtseinsatz in zwei Klassen desselben Jahrgangs im selben Fach wird vermieden</strong>, zentrales Ausbildungsanliegen sind möglichst breit gestreute vielfältige Unterrichtserfahrungen in verschiedenen Lern- und Altersgruppen.</li></ul>



<ul class="wp-block-list"><li><strong>Unterrichtseinsatz im Fach „<em>Gesellschaftslehre</em>“ bzw. im Fach „<em>Naturwissenschaften</em>“ nur nach Rücksprache mit der Seminarleitung. </strong>Das Einverständnis der Referendarin bzw. des Referendars ist erforderlich.</li></ul>



<ul class="wp-block-list"><li><strong>Kein fachfremder Unterrichtseinsatz,</strong></li><li>ein Einsatz in der <strong>Hausaufgabenbetreuung</strong> oder im Rahmen von <strong>Arbeitsgemeinschaften</strong> o.ä. kann <strong>nur im Ausnahmefall</strong> nach Rücksprache zwischen Schul- und Seminarleitungen erfolgen (begründeter Einsatz mit zeitlicher Beschränkung).</li></ul>



<p>Über das Anliegen einer möglichst umfassenden Ausbildung hinaus sollen diese Leitlinien auch zu einer Gleichbehandlung und zu vergleichbaren Ausbildungsbedingungen für die Referendarinnen und Referendare an den ca. 40 Ausbildungsschulen beitragen.</p>



<p>Diese Leitlinien ergeben sich aus den Vorgaben der APVO-Lehr und sind bewährte Praxis in der einvernehmlichen Zusammenarbeit zwischen den Schulleiterinnen und Schulleitern aller Ausbildungsschulen und den Seminarleitungen beider Seminare.</p>



<hr class="wp-block-separator is-style-default" />

<p>Die Durchführungsbestimmungen zu §7 APVO-Lehr regeln den Umfang des eigenverantwortlichen Unterrichts (UieV) und dessen Verteilung auf die drei Ausbildungshalbjahre: „… insgesamt 18 Stunden eigenverantwortlicher Unterricht (z. B. 4 Stunden / 10 Stunden / 4 Stunden). Andere Modelle, z.B. eine gleichmäßige Verteilung auf die drei Ausbildungshalbjahre, sind möglich.“ (Nr. 4.3 DB zu §7 APVO-Lehr) Damit ergibt [&hellip;]</p>
