{"id":251,"date":"2012-09-01T17:10:49","date_gmt":"2012-09-01T15:10:49","guid":{"rendered":"http:\/\/wordpress.nibis.de\/stsgymh\/?page_id=251"},"modified":"2026-08-14T11:09:34","modified_gmt":"2026-08-14T09:09:34","slug":"inhalte-ii","status":"publish","type":"page","link":"https:\/\/wordpress.nibis.de\/stsgymh\/inhalte-ii\/","title":{"rendered":"P\u00e4dagogisches Seminar"},"content":{"rendered":"\n<p class=\"wp-block-paragraph\"><strong>&nbsp;<\/strong><strong>Organisatorische Bedingungen: <\/strong><\/p>\n\n\n\n<p class=\"wp-block-paragraph\">Das regul\u00e4re p\u00e4dagogische Seminar findet w\u00f6chentlich in Jahrgangsgruppen statt (Referendarinnen und Referendare mit gleichem Einstellungstermin) und mit wechselnd zugeordneten Referenten \/ Referentinnen aus dem Kreis der p\u00e4dagogischen Ausbilderinnen bzw. Ausbilder.<br>Erg\u00e4nzend zum p\u00e4dagogischen Seminar gestalten alle p\u00e4dagogischen Ausbilderinnen und Ausbilder regelm\u00e4\u00dfig zus\u00e4tzliche Treffen mit den von ihnen betreuten Referendarinnen und Referendaren (jahrgangs\u00fcbergreifende Gruppen), um angesichts der knappen Ausbildungszeit die subjektorientierte Beratung und Kommunikation zu f\u00f6rdern und auch einen jahrgangs\u00fcbergreifenden Austausch zu erm\u00f6glichen.<\/p>\n\n\n\n<p class=\"wp-block-paragraph\">Im Rahmen des 18monatigen Referendariats stehen f\u00fcr die Ausbildung im P\u00e4dagogischen Seminar ca. 14 Monate zur Ausbildung zur Verf\u00fcgung, danach wird die Ausbildungsnote erteilt und das Examen eingeleitet (Pr\u00fcfungsphase). Die P\u00e4dagogik-Ausbildung gliedert sich daher in vier Vierteljahres-Module und ein zweimonatiges Modul im dritten Ausbildungshalbjahr<strong>.<\/strong><\/p>\n\n\n\n<p class=\"wp-block-paragraph\"><strong>Inhaltliche Grundkonzeption:<\/strong><\/p>\n\n\n\n<p class=\"wp-block-paragraph\">Die Schlagw\u00f6rter &#8222;Problemorientierung&#8220;, &#8222;Lernerorientierung&#8220; und &#8222;Kompetenzorientierung&#8220; sind f\u00fcr die Ausbildung in allgemeiner P\u00e4dagogik von zentraler Bedeutung.<\/p>\n\n\n\n<p class=\"wp-block-paragraph\">Jedes Modul folgt dem Prinzip der \u201evollst\u00e4ndigen Handlung\u201c, d.h. in jedem Modul gibt es einen Erprobungs- bzw. Performanzbereich, der jeder Referendarin \/ jedem Referendar den reflexiven Umgang mit den erarbeiteten Inhalten, Theorien oder Modellen erm\u00f6glicht (Kompetenzorientierung gem\u00e4\u00df der in der APVO-Lehr ausgewiesenen Kompetenzbereiche). In den ersten beiden Ausbildungshalbjahren sind entweder kollegiale Hospitationen oder kollegiale Fallberatungen fester Bestandteil der p\u00e4dagogischen Seminare.    <\/p>\n\n\n\n<p class=\"wp-block-paragraph\"><strong>Inhaltliche Schwerpunkte im Modul-Curriculum:<\/strong><\/p>\n\n\n\n<p class=\"wp-block-paragraph\">Die aufeinander aufbauenden Module differenzieren die Lehrer-Perspektive auf die allgemein-didaktischen und p\u00e4dagogischen Fragestellungen zur Unterrichts- und Schulpraxis sowie auf die Sch\u00fclerinnen und Sch\u00fcler und deren Perspektive auf Unterricht und Schule zunehmend weiter aus:<\/p>\n\n\n\n<ul class=\"wp-block-list\">\n<li><strong>Modul I: Unterrichten &#8211; Lehren und Lernen;\u00a0<\/strong><\/li>\n\n\n\n<li><strong>Modul II: Vom Lehren zum Lernen: Lernerorientierung<\/strong><\/li>\n\n\n\n<li><strong>Modul III: Individuelles Lernen, Kompetenzorientierung<\/strong><\/li>\n\n\n\n<li><strong>Modul IV: Kinder &#8211; Jugendliche &#8211; Sch\u00fcler<\/strong><\/li>\n\n\n\n<li><strong>Modul V: Berufsfeldorientierung <\/strong>(inkl. Examensbegleitung)<\/li>\n<\/ul>\n\n\n\n<p class=\"wp-block-paragraph\">Das erste Modul folgt dem Prinzip des linearen Unterrichtens, ohne einen spezifischen Lerner in den Blick zu nehmen, Unterricht sowie Lernen und Lehren wird von seinen Grundstrukturen her erfasst, das zweite Modul lenkt dann die Aufmerksamkeit auf die Lerner als \u201eGruppe\u201c mit spezifischen lern- und motivationspsychologischen Merkmalen. (1. Semester)<\/p>\n\n\n\n<p class=\"wp-block-paragraph\">Das dritte Modul differenziert die Gruppe der Lerner nach individuellen Dispositionen und thematisiert die Probleme von Diagnostik und Heterogenit\u00e4t im Unterricht, das vierte Modul lenkt den Blick auch \u00fcber den Unterricht hinaus auf Moralentwicklung und Adoleszenzprobleme und thematisiert Lern- und entwicklungspsychologische Fragestellungen f\u00fcr die Unterrichtspraxis. (2. Semester)<\/p>\n\n\n\n<p class=\"wp-block-paragraph\">Das f\u00fcnfte Modul nimmt die Handlungsm\u00f6glichkeiten des k\u00fcnftigen Lehrers \/ der k\u00fcnftigen Lehrerin im Kontext \u201eSchule als System\u201c und im Berufsfeld &#8222;Schule&#8220; allgemein in den Blick (fach- und unterrichts\u00fcbergreifende Aspekte, bildungspolitische Fragen, Schulentwicklung und Gremienarbeit). Eine hohe Teilnehmerorientierung (Mitgestaltung, Umsetzung und Reflexion von Sitzungen und Projekten) erweitert die p\u00e4dagogischen Handlungsm\u00f6glichkeiten und Kompetenzen insbesondere in den Kompetenzbereichen 4 bzw. 5 der APVO-Lehr. (3. Semester)<\/p>\n\n\n\n<p class=\"wp-block-paragraph\"><strong>weitere Themen und Veranstaltungen<\/strong><\/p>\n\n\n\n<p class=\"wp-block-paragraph\">Die Einf\u00fchrungswoche im Anschluss an die Vereidigung (&#8222;Erste-Hilfe-Kasten&#8220; zu absehbaren Herausforderungen in der Schulpraxis), erg\u00e4nzende Wahlmodule (z.B. K\u00f6rpersprache, Elterngespr\u00e4che, Leistungsbewertung) und ein dreit\u00e4giges Kompaktseminar (reflektierte Lehrerrolle; Beziehungslernen) erweitern das Angebot in allgemeiner P\u00e4dagogik an StS Hannover II.<\/p>\n\n\n\n<p class=\"wp-block-paragraph\">In Kooperation mit den f\u00fcnf weiteren, am Standort Wunstorfer Stra\u00dfe ans\u00e4ssigen Studienseminaren (u.a. GHR, BBS, SoP\u00e4d) finden regelm\u00e4\u00dfige Kompetenztage (Vortr\u00e4ge und Workshopangebote) zu den Querschnittsthemen wie beispielsweise BNE und Demokratieerziehung, Medienbildung, Bildungssprache, Inklusion und Integration (usw.) statt.<\/p>\n\n\n\n<hr class=\"wp-block-separator has-alpha-channel-opacity\" \/>\n\n\n\n<p class=\"has-text-align-right wp-block-paragraph\">zuletzt aktualisiert: Aug. 2026<\/p>\n","protected":false},"excerpt":{"rendered":"<p>&nbsp;Organisatorische Bedingungen: Das regul\u00e4re p\u00e4dagogische Seminar findet w\u00f6chentlich in Jahrgangsgruppen statt (Referendarinnen und Referendare mit gleichem Einstellungstermin) und mit wechselnd zugeordneten Referenten \/ Referentinnen aus dem Kreis der p\u00e4dagogischen Ausbilderinnen bzw. Ausbilder.Erg\u00e4nzend zum p\u00e4dagogischen Seminar gestalten alle p\u00e4dagogischen Ausbilderinnen und Ausbilder regelm\u00e4\u00dfig zus\u00e4tzliche Treffen mit den von ihnen betreuten Referendarinnen und Referendaren (jahrgangs\u00fcbergreifende Gruppen), um [&hellip;]<\/p>\n","protected":false},"author":58,"featured_media":0,"parent":0,"menu_order":0,"comment_status":"closed","ping_status":"closed","template":"","meta":{"footnotes":""},"class_list":["post-251","page","type-page","status-publish","hentry"],"_links":{"self":[{"href":"https:\/\/wordpress.nibis.de\/stsgymh\/wp-json\/wp\/v2\/pages\/251","targetHints":{"allow":["GET"]}}],"collection":[{"href":"https:\/\/wordpress.nibis.de\/stsgymh\/wp-json\/wp\/v2\/pages"}],"about":[{"href":"https:\/\/wordpress.nibis.de\/stsgymh\/wp-json\/wp\/v2\/types\/page"}],"author":[{"embeddable":true,"href":"https:\/\/wordpress.nibis.de\/stsgymh\/wp-json\/wp\/v2\/users\/58"}],"replies":[{"embeddable":true,"href":"https:\/\/wordpress.nibis.de\/stsgymh\/wp-json\/wp\/v2\/comments?post=251"}],"version-history":[{"count":9,"href":"https:\/\/wordpress.nibis.de\/stsgymh\/wp-json\/wp\/v2\/pages\/251\/revisions"}],"predecessor-version":[{"id":1937,"href":"https:\/\/wordpress.nibis.de\/stsgymh\/wp-json\/wp\/v2\/pages\/251\/revisions\/1937"}],"wp:attachment":[{"href":"https:\/\/wordpress.nibis.de\/stsgymh\/wp-json\/wp\/v2\/media?parent=251"}],"curies":[{"name":"wp","href":"https:\/\/api.w.org\/{rel}","templated":true}]}}

Pädagogisches Seminar

<p class="wp-block-paragraph"><strong>&nbsp;</strong><strong>Organisatorische Bedingungen: </strong></p>



<p class="wp-block-paragraph">Das reguläre pädagogische Seminar findet wöchentlich in Jahrgangsgruppen statt (Referendarinnen und Referendare mit gleichem Einstellungstermin) und mit wechselnd zugeordneten Referenten / Referentinnen aus dem Kreis der pädagogischen Ausbilderinnen bzw. Ausbilder.<br>Ergänzend zum pädagogischen Seminar gestalten alle pädagogischen Ausbilderinnen und Ausbilder regelmäßig zusätzliche Treffen mit den von ihnen betreuten Referendarinnen und Referendaren (jahrgangsübergreifende Gruppen), um angesichts der knappen Ausbildungszeit die subjektorientierte Beratung und Kommunikation zu fördern und auch einen jahrgangsübergreifenden Austausch zu ermöglichen.</p>



<p class="wp-block-paragraph">Im Rahmen des 18monatigen Referendariats stehen für die Ausbildung im Pädagogischen Seminar ca. 14 Monate zur Ausbildung zur Verfügung, danach wird die Ausbildungsnote erteilt und das Examen eingeleitet (Prüfungsphase). Die Pädagogik-Ausbildung gliedert sich daher in vier Vierteljahres-Module und ein zweimonatiges Modul im dritten Ausbildungshalbjahr<strong>.</strong></p>



<p class="wp-block-paragraph"><strong>Inhaltliche Grundkonzeption:</strong></p>



<p class="wp-block-paragraph">Die Schlagwörter &#8222;Problemorientierung&#8220;, &#8222;Lernerorientierung&#8220; und &#8222;Kompetenzorientierung&#8220; sind für die Ausbildung in allgemeiner Pädagogik von zentraler Bedeutung.</p>



<p class="wp-block-paragraph">Jedes Modul folgt dem Prinzip der „vollständigen Handlung“, d.h. in jedem Modul gibt es einen Erprobungs- bzw. Performanzbereich, der jeder Referendarin / jedem Referendar den reflexiven Umgang mit den erarbeiteten Inhalten, Theorien oder Modellen ermöglicht (Kompetenzorientierung gemäß der in der APVO-Lehr ausgewiesenen Kompetenzbereiche). In den ersten beiden Ausbildungshalbjahren sind entweder kollegiale Hospitationen oder kollegiale Fallberatungen fester Bestandteil der pädagogischen Seminare.    </p>



<p class="wp-block-paragraph"><strong>Inhaltliche Schwerpunkte im Modul-Curriculum:</strong></p>



<p class="wp-block-paragraph">Die aufeinander aufbauenden Module differenzieren die Lehrer-Perspektive auf die allgemein-didaktischen und pädagogischen Fragestellungen zur Unterrichts- und Schulpraxis sowie auf die Schülerinnen und Schüler und deren Perspektive auf Unterricht und Schule zunehmend weiter aus:</p>



<ul class="wp-block-list">
<li><strong>Modul I: Unterrichten &#8211; Lehren und Lernen; </strong></li>



<li><strong>Modul II: Vom Lehren zum Lernen: Lernerorientierung</strong></li>



<li><strong>Modul III: Individuelles Lernen, Kompetenzorientierung</strong></li>



<li><strong>Modul IV: Kinder &#8211; Jugendliche &#8211; Schüler</strong></li>



<li><strong>Modul V: Berufsfeldorientierung </strong>(inkl. Examensbegleitung)</li>
</ul>



<p class="wp-block-paragraph">Das erste Modul folgt dem Prinzip des linearen Unterrichtens, ohne einen spezifischen Lerner in den Blick zu nehmen, Unterricht sowie Lernen und Lehren wird von seinen Grundstrukturen her erfasst, das zweite Modul lenkt dann die Aufmerksamkeit auf die Lerner als „Gruppe“ mit spezifischen lern- und motivationspsychologischen Merkmalen. (1. Semester)</p>



<p class="wp-block-paragraph">Das dritte Modul differenziert die Gruppe der Lerner nach individuellen Dispositionen und thematisiert die Probleme von Diagnostik und Heterogenität im Unterricht, das vierte Modul lenkt den Blick auch über den Unterricht hinaus auf Moralentwicklung und Adoleszenzprobleme und thematisiert Lern- und entwicklungspsychologische Fragestellungen für die Unterrichtspraxis. (2. Semester)</p>



<p class="wp-block-paragraph">Das fünfte Modul nimmt die Handlungsmöglichkeiten des künftigen Lehrers / der künftigen Lehrerin im Kontext „Schule als System“ und im Berufsfeld &#8222;Schule&#8220; allgemein in den Blick (fach- und unterrichtsübergreifende Aspekte, bildungspolitische Fragen, Schulentwicklung und Gremienarbeit). Eine hohe Teilnehmerorientierung (Mitgestaltung, Umsetzung und Reflexion von Sitzungen und Projekten) erweitert die pädagogischen Handlungsmöglichkeiten und Kompetenzen insbesondere in den Kompetenzbereichen 4 bzw. 5 der APVO-Lehr. (3. Semester)</p>



<p class="wp-block-paragraph"><strong>weitere Themen und Veranstaltungen</strong></p>



<p class="wp-block-paragraph">Die Einführungswoche im Anschluss an die Vereidigung (&#8222;Erste-Hilfe-Kasten&#8220; zu absehbaren Herausforderungen in der Schulpraxis), ergänzende Wahlmodule (z.B. Körpersprache, Elterngespräche, Leistungsbewertung) und ein dreitägiges Kompaktseminar (reflektierte Lehrerrolle; Beziehungslernen) erweitern das Angebot in allgemeiner Pädagogik an StS Hannover II.</p>



<p class="wp-block-paragraph">In Kooperation mit den fünf weiteren, am Standort Wunstorfer Straße ansässigen Studienseminaren (u.a. GHR, BBS, SoPäd) finden regelmäßige Kompetenztage (Vorträge und Workshopangebote) zu den Querschnittsthemen wie beispielsweise BNE und Demokratieerziehung, Medienbildung, Bildungssprache, Inklusion und Integration (usw.) statt.</p>



<hr class="wp-block-separator has-alpha-channel-opacity" />



<p class="has-text-align-right wp-block-paragraph">zuletzt aktualisiert: Aug. 2026</p>

<p>&nbsp;Organisatorische Bedingungen: Das reguläre pädagogische Seminar findet wöchentlich in Jahrgangsgruppen statt (Referendarinnen und Referendare mit gleichem Einstellungstermin) und mit wechselnd zugeordneten Referenten / Referentinnen aus dem Kreis der pädagogischen Ausbilderinnen bzw. Ausbilder.Ergänzend zum pädagogischen Seminar gestalten alle pädagogischen Ausbilderinnen und Ausbilder regelmäßig zusätzliche Treffen mit den von ihnen betreuten Referendarinnen und Referendaren (jahrgangsübergreifende Gruppen), um [&hellip;]</p>
