{"id":1018,"date":"2015-04-15T13:30:03","date_gmt":"2015-04-15T11:30:03","guid":{"rendered":"http:\/\/wordpress.nibis.de\/stsvergy\/?page_id=1018"},"modified":"2022-05-18T17:05:26","modified_gmt":"2022-05-18T15:05:26","slug":"zusatzqualifikation-theatrale-methodik-selbstbildung-durch-theater","status":"publish","type":"page","link":"https:\/\/wordpress.nibis.de\/stsvergy\/zusatzqualifikation-theatrale-methodik-selbstbildung-durch-theater\/","title":{"rendered":"Zusatzqualifikation &#8222;Theatrale Methodik &#8211; Selbstbildung durch Theater&#8220;"},"content":{"rendered":"<table>\n<tbody>\n<tr>\n<td><span style=\"font-family: arial,helvetica,sans-serif;font-size: medium\">Fachleiterin<\/span> <span style=\"font-family: arial,helvetica,sans-serif;font-size: medium\">(beauftragt)<\/span><\/td>\n<td><span style=\"font-family: arial,helvetica,sans-serif;font-size: medium\">Anja Katenkamp-Rihm (StD&#8216;)<\/span><\/td>\n<\/tr>\n<tr>\n<td><span style=\"font-family: arial,helvetica,sans-serif;font-size: medium\">Schule<\/span><\/td>\n<td><span style=\"font-family: arial,helvetica,sans-serif;font-size: medium\">KGS Waldschule Schwanewede<br \/>\n<\/span><\/td>\n<\/tr>\n<tr>\n<td><\/td>\n<td><\/td>\n<\/tr>\n<tr>\n<td><span style=\"font-family: arial,helvetica,sans-serif;font-size: medium\">Seminar<br \/>\n<\/span><\/td>\n<td>\n<ul>\n<li><span style=\"font-family: arial,helvetica,sans-serif;font-size: medium\">insgesamt 20 Stunden<br \/>\n<\/span><\/li>\n<li><span style=\"font-family: arial,helvetica,sans-serif;font-size: medium\">freitags, Blockveranstaltungen<br \/>\n<\/span><\/li>\n<li><span style=\"font-family: arial,helvetica,sans-serif;font-size: medium\">Studienseminar Verden<\/span><\/li>\n<\/ul>\n<\/td>\n<\/tr>\n<\/tbody>\n<\/table>\n<p><span style=\"font-family: Arial,Helvetica,sans-serif;font-size: 18px;font-weight: bold\">Zur Ausbildung im Rahmen der Zusatzqualifikation &#8222;Theatrale Methodik &#8211; Selbstbildung durch Theater&#8220;<\/span><\/p>\n<p><span style=\"font-family: arial,helvetica,sans-serif\"><strong>M\u00f6glichkeiten und Ziele<\/strong> <\/span><\/p>\n<p><span style=\"font-family: arial,helvetica,sans-serif\">Sch\u00fcler\/innen- und Handlungsorientierung, Lernen mit Kopf, Herz, Stimme, Mimik und Gestik, pers\u00f6nliche Weiterentwicklung im weiteren Sinne &#8211; dies sind Unterrichtsziele, die sich bei der Besch\u00e4ftigung mit theatralen Methoden, Spiel- und Ausdrucksformen umsetzen lassen. <\/span><\/p>\n<p><span style=\"font-family: arial,helvetica,sans-serif\">Hinzu kommt die Chance, im Unterricht eine selbstt\u00e4tige Auseinandersetzung mit Texten und Inhalten zu f\u00f6rdern, eigene Haltungen und Stellungnahmen zu vertiefen sowie die hiermit verbundenen interkulturellen Kompetenzen zu erweitern. Nicht zuletzt kann auch die eigene Pr\u00e4senz im Unterricht weiter entwickelt werden. <\/span><\/p>\n<p><span style=\"font-family: arial,helvetica,sans-serif\">Das Ausbildungsangebot richtet sich an interessierte Referendarinnen und Referendare, die theatrale Methoden, Spiel- und Ausdrucksformen in den jeweiligen F\u00e4chern kennen lernen und f\u00fcr ihre eigene Arbeit im Unterricht sowie f\u00fcr ihre Rolle als Lehrer\/in nutzen wollen. <\/span><\/p>\n<p><span style=\"font-family: arial,helvetica,sans-serif\">Die Ausbildung strebt im einzelnen folgende Ziele an: <\/span><\/p>\n<ul>\n<li><span style=\"font-family: arial,helvetica,sans-serif\">Theatrale Methoden, Spiel- und Ausdrucksformen sollen in Grundz\u00fcgen so vermittelt werden, dass diese in den eigenen F\u00e4chern (als Methode) sowie ggf. in f\u00e4cher\u00fcbergreifenden Projekten angewendet werden k\u00f6nnen.<\/span><\/li>\n<li><span style=\"font-family: arial,helvetica,sans-serif\">Dar\u00fcber hinaus wird eine Weiterentwicklung der eigenen Pr\u00e4senz im Unterricht durch kompetente Nutzung der eigenen k\u00f6rpersprachlichen M\u00f6glichkeiten angestrebt. <\/span><\/li>\n<\/ul>\n<p><span style=\"font-family: arial,helvetica,sans-serif\"><strong>Rechtlicher Rahmen und Organisation<\/strong> <\/span><\/p>\n<p><span style=\"font-family: arial,helvetica,sans-serif\"><em>Durchf\u00fchrungsbestimmungen APVO-Lehr vom 29.09.2010 zu \u00a7 6 Abs. 4, ge\u00e4ndert am 17.11.2010<\/em> <\/span><\/p>\n<p><span style=\"font-family: arial,helvetica,sans-serif\">Mit Bezug auf die Durchf\u00fchrungsbestimmungen der APVO-Lehr umfasst die Zusatzausbildung am Studienseminar Verden: <\/span><\/p>\n<ul>\n<li><span style=\"font-family: arial,helvetica,sans-serif\">20 Stunden Fachseminarveranstaltungen in einem Ausbildungshalbjahr &#8211; jeweils freitags in Blockveranstaltungen <\/span><\/li>\n<li><span style=\"font-family: arial,helvetica,sans-serif\">Erprobung im Ausbildungsunterricht und Hospitationen sowie Unterrichtsbesuche durch die Ausbilderin <\/span><\/li>\n<li><span style=\"font-family: arial,helvetica,sans-serif\">Planung, Durchf\u00fchrung, Pr\u00e4sentation und gemeinsame Evaluation eines Unterrichtsversuches <\/span><\/li>\n<li><span style=\"font-family: arial,helvetica,sans-serif\">ein Abschlusskolloquium <\/span><\/li>\n<\/ul>\n<p><span style=\"font-family: arial,helvetica,sans-serif\">Die Zusatzqualifikation kann nur im zweiten Ausbildungssemester belegt werden. <\/span><\/p>\n<p style=\"text-align: right\"><span style=\"font-family: arial,helvetica,sans-serif\">(April 2015) <\/span><\/p>\n<p><a href=\"http:\/\/wordpress.nibis.de\/stsvergy\/files\/Konzept-Theatrale-Methodik-Verden.pdf\" target=\"_blank\" rel=\"noopener noreferrer\"><span style=\"font-family: arial,helvetica,sans-serif\">Zum Fachkonzept Zusatzqualifikation &#8222;Theatrale Methodik &#8211; Selbstbildung durch Theater&#8220;<\/span><\/a><\/p>\n","protected":false},"excerpt":{"rendered":"<p>Fachleiterin (beauftragt) Anja Katenkamp-Rihm (StD&#8216;) Schule KGS Waldschule Schwanewede Seminar insgesamt 20 Stunden freitags, Blockveranstaltungen Studienseminar Verden Zur Ausbildung im Rahmen der Zusatzqualifikation &#8222;Theatrale Methodik &#8211; Selbstbildung durch Theater&#8220; M\u00f6glichkeiten und Ziele Sch\u00fcler\/innen- und Handlungsorientierung, Lernen mit Kopf, Herz, Stimme, &hellip; <a href=\"https:\/\/wordpress.nibis.de\/stsvergy\/zusatzqualifikation-theatrale-methodik-selbstbildung-durch-theater\/\">Weiterlesen <span class=\"meta-nav\">&rarr;<\/span><\/a><\/p>\n","protected":false},"author":184,"featured_media":0,"parent":0,"menu_order":0,"comment_status":"closed","ping_status":"closed","template":"","meta":{"footnotes":""},"class_list":["post-1018","page","type-page","status-publish","hentry"],"_links":{"self":[{"href":"https:\/\/wordpress.nibis.de\/stsvergy\/wp-json\/wp\/v2\/pages\/1018","targetHints":{"allow":["GET"]}}],"collection":[{"href":"https:\/\/wordpress.nibis.de\/stsvergy\/wp-json\/wp\/v2\/pages"}],"about":[{"href":"https:\/\/wordpress.nibis.de\/stsvergy\/wp-json\/wp\/v2\/types\/page"}],"author":[{"embeddable":true,"href":"https:\/\/wordpress.nibis.de\/stsvergy\/wp-json\/wp\/v2\/users\/184"}],"replies":[{"embeddable":true,"href":"https:\/\/wordpress.nibis.de\/stsvergy\/wp-json\/wp\/v2\/comments?post=1018"}],"version-history":[{"count":6,"href":"https:\/\/wordpress.nibis.de\/stsvergy\/wp-json\/wp\/v2\/pages\/1018\/revisions"}],"predecessor-version":[{"id":1331,"href":"https:\/\/wordpress.nibis.de\/stsvergy\/wp-json\/wp\/v2\/pages\/1018\/revisions\/1331"}],"wp:attachment":[{"href":"https:\/\/wordpress.nibis.de\/stsvergy\/wp-json\/wp\/v2\/media?parent=1018"}],"curies":[{"name":"wp","href":"https:\/\/api.w.org\/{rel}","templated":true}]}}