{"id":389,"date":"2013-08-09T14:04:03","date_gmt":"2013-08-09T12:04:03","guid":{"rendered":"http:\/\/wordpress.nibis.de\/stsvergy\/?page_id=389"},"modified":"2023-05-16T11:58:45","modified_gmt":"2023-05-16T09:58:45","slug":"gymnasium-lilienthal","status":"publish","type":"page","link":"https:\/\/wordpress.nibis.de\/stsvergy\/gymnasium-lilienthal\/","title":{"rendered":"Gymnasium Lilienthal"},"content":{"rendered":"<p><a href=\"http:\/\/wordpress.nibis.de\/stsvergy\/files\/Gy-Lil.jpg\"><img loading=\"lazy\" decoding=\"async\" class=\"alignnone size-large wp-image-840\" src=\"http:\/\/wordpress.nibis.de\/stsvergy\/files\/Gy-Lil-640x98.jpg\" alt=\"Gy Lil\" width=\"640\" height=\"98\" srcset=\"https:\/\/wordpress.nibis.de\/stsvergy\/files\/Gy-Lil-640x98.jpg 640w, https:\/\/wordpress.nibis.de\/stsvergy\/files\/Gy-Lil-300x45.jpg 300w, https:\/\/wordpress.nibis.de\/stsvergy\/files\/Gy-Lil.jpg 1280w\" sizes=\"auto, (max-width: 640px) 100vw, 640px\" \/><\/a><\/p>\n<p><span style=\"font-family: arial,helvetica,sans-serif\"><strong>Gestatten, Gymnasium Lilienthal!<\/strong><\/span><\/p>\n<p><span style=\"font-family: arial,helvetica,sans-serif\">Der Einzugsbereich des Gymnasiums Lilienthal erstreckt sich \u00fcber die Gemeinden Lilienthal, Grasberg und Worpswede. Ca. 1300 Sch\u00fclerinnen und Sch\u00fcler werden von gut 100 Lehrkr\u00e4ften in einem grundsanierten Geb\u00e4ude auf gro\u00dfz\u00fcgigem Schulgrundst\u00fcck unterrichtet. In direkter Nachbarschaft liegen das Hallenbad und das Sportzentrum der Gemeinde Lilienthal. Im Sp\u00e4tsommer 2013 wird der direkte Stra\u00dfenbahnanschluss zum Bremer Hauptbahnhof fertiggestellt sein.<br \/>\n<\/span><\/p>\n<p><span style=\"font-family: arial,helvetica,sans-serif\">Der Sekundarbereich I ist auf Basis der Stundentafel 2 organisiert. Im Jahrgang 5 erproben<br \/>\nwir eine verbindliche F\u00f6rder-\/Forder-Leiste, die Sch\u00fclerinnen und Sch\u00fclern flexible M\u00f6glichkeiten zum Defizitausgleich sowie zur Interessen- und Talentf\u00f6rderung bietet. Im Schuljahr 2013\/14 wird erstmals eine sogenannte \u201eChorklasse\u201c eingerichtet. Die Klassen 5 bis 7 haben zus\u00e4tzlich planm\u00e4\u00dfige, am Lions-Quest-Konzept ausgerichtete Stunden zur F\u00f6rderung des Arbeits- und Sozialverhaltens. Als zweite Fremdsprache ab Klassenstufe 6 kann Franz\u00f6sisch, Latein oder Spanisch gew\u00e4hlt und bis ins Abitur fortgef\u00fchrt werden. Bei Erf\u00fcllung bestimmter Kriterien in den Bereichen Fachleistung, Arbeits- und Sozialverhalten k\u00f6nnen Sch\u00fclerinnen und Sch\u00fcler am bilingualen Unterricht Geschichte ab Klassenstufe 9 und am bilingualen Unterricht Politik-Wirtschaft ab Klassenstufe 10 teilnehmen. Beides kann auch parallel bis ins Abitur fortgesetzt werden. In der Eingangsstufe wird das k\u00fcnstlerisch-musische Angebot um das Fach Darstellendes Spiel erweitert, das ebenfalls als Pr\u00fcfungsfach im Abitur w\u00e4hlbar ist. In der Qualifikationsstufe werden alle Profile bis auf Sport angeboten. Hervorzuheben ist hier die konstant hohe Anwahl mathematisch-naturwissenschaftlicher Angebote. Den Stellenwert unserer studien- und berufswahlorientierenden Ma\u00dfnahmen signalisiert die 2013 erfolgte Rezertifizierung mit dem Siegel \u201eproBerufsorientierung!\u201c<\/span><\/p>\n<p><span style=\"font-family: arial,helvetica,sans-serif\">Das Fahrtenkonzept unserer Schule sieht jeweils eine einw\u00f6chige Schulfahrt in der Eingangsstufe und zwischen 7. und 9. Jahrgang vor. F\u00fcr alle Sch\u00fclerinnen und Sch\u00fcler kommt im 11. Jahrgang eine dreit\u00e4gige Berlinfahrt sowie im 12. Jahrgang eine einw\u00f6chige Studienfahrt hinzu. Die Teilnehmer des Sportkurses Ski alpin fahren im 11. Jahrgang f\u00fcr die Praxisphase nach \u00d6sterreich. Regelm\u00e4\u00dfig werden in gegenseitigen Besuchen die Partnerschaften zu Schulen in der franz\u00f6sischsprachigen Schweiz, in Frankreich, Spanien und Italien gepflegt.<\/span><\/p>\n<p><span style=\"font-family: arial,helvetica,sans-serif\">Sie wollen mehr bzw. Genaueres wissen? Unsere stellvertretende Schulleiterin Frau Wolff<br \/>\nund unsere Koordinatorin Frau Fischer sind Ihre Ansprechpartnerinnen. Rufen Sie an, besuchen Sie unsere Homepage bzw. die Schule direkt:<\/span><\/p>\n<table border=\"0\">\n<tbody>\n<tr>\n<td style=\"background-color: #ebf2f4;border: 1px solid #6a9df0\"><span style=\"font-family: arial,helvetica,sans-serif;font-size: medium\">Gymnasium Lilienthal<\/span><br \/>\n<span style=\"font-family: arial,helvetica,sans-serif;font-size: medium\">Zum Schoofmoor 13<\/span><br \/>\n<span style=\"font-family: arial,helvetica,sans-serif;font-size: medium\">28865 Lilienthal<\/span><span style=\"font-family: arial,helvetica,sans-serif;font-size: medium\">Tel : 04298-34540<\/span><br \/>\n<span style=\"font-family: arial,helvetica,sans-serif;font-size: medium\"> Fax: 04298-345436<\/span><br \/>\n<span style=\"font-family: arial,helvetica,sans-serif;font-size: medium\"> Mail: <a href=\"&#109;&#x61;i&#x6c;&#x74;&#111;&#x3a;v&#x65;&#x72;&#119;&#x61;l&#x74;&#x75;&#110;&#x67;&#64;&#x67;&#x79;&#109;&#x6e;a&#x73;&#x69;&#117;&#x6d;-&#x6c;&#x69;&#108;&#x69;e&#x6e;&#x74;&#104;&#x61;l&#x2e;&#x64;&#101;\">verwaltung(at)gymnasium-lilienthal.de<\/a><\/span><br \/>\n<span style=\"font-family: arial,helvetica,sans-serif;font-size: medium\"> Website: <a href=\"http:\/\/www.gymnasium-lilienthal.de\" target=\"_blank\" rel=\"noopener\">http:\/\/www.gymnasium-lilienthal.de<\/a><\/span><span style=\"font-family: arial,helvetica,sans-serif;font-size: medium\">Schulleiter: Dr. Denis Ugurcu, OStD<\/span><\/td>\n<td><\/td>\n<\/tr>\n<\/tbody>\n<\/table>\n","protected":false},"excerpt":{"rendered":"<p>Gestatten, Gymnasium Lilienthal! Der Einzugsbereich des Gymnasiums Lilienthal erstreckt sich \u00fcber die Gemeinden Lilienthal, Grasberg und Worpswede. Ca. 1300 Sch\u00fclerinnen und Sch\u00fcler werden von gut 100 Lehrkr\u00e4ften in einem grundsanierten Geb\u00e4ude auf gro\u00dfz\u00fcgigem Schulgrundst\u00fcck unterrichtet. In direkter Nachbarschaft liegen das &hellip; <a href=\"https:\/\/wordpress.nibis.de\/stsvergy\/gymnasium-lilienthal\/\">Weiterlesen <span class=\"meta-nav\">&rarr;<\/span><\/a><\/p>\n","protected":false},"author":184,"featured_media":0,"parent":0,"menu_order":0,"comment_status":"closed","ping_status":"closed","template":"","meta":{"footnotes":""},"class_list":["post-389","page","type-page","status-publish","hentry"],"_links":{"self":[{"href":"https:\/\/wordpress.nibis.de\/stsvergy\/wp-json\/wp\/v2\/pages\/389","targetHints":{"allow":["GET"]}}],"collection":[{"href":"https:\/\/wordpress.nibis.de\/stsvergy\/wp-json\/wp\/v2\/pages"}],"about":[{"href":"https:\/\/wordpress.nibis.de\/stsvergy\/wp-json\/wp\/v2\/types\/page"}],"author":[{"embeddable":true,"href":"https:\/\/wordpress.nibis.de\/stsvergy\/wp-json\/wp\/v2\/users\/184"}],"replies":[{"embeddable":true,"href":"https:\/\/wordpress.nibis.de\/stsvergy\/wp-json\/wp\/v2\/comments?post=389"}],"version-history":[{"count":20,"href":"https:\/\/wordpress.nibis.de\/stsvergy\/wp-json\/wp\/v2\/pages\/389\/revisions"}],"predecessor-version":[{"id":1503,"href":"https:\/\/wordpress.nibis.de\/stsvergy\/wp-json\/wp\/v2\/pages\/389\/revisions\/1503"}],"wp:attachment":[{"href":"https:\/\/wordpress.nibis.de\/stsvergy\/wp-json\/wp\/v2\/media?parent=389"}],"curies":[{"name":"wp","href":"https:\/\/api.w.org\/{rel}","templated":true}]}}