{"id":134,"date":"2025-04-19T14:25:21","date_gmt":"2025-04-19T12:25:21","guid":{"rendered":"https:\/\/wordpress.nibis.de\/stueve\/?page_id=134"},"modified":"2026-03-09T10:08:12","modified_gmt":"2026-03-09T09:08:12","slug":"willkommen","status":"publish","type":"page","link":"https:\/\/wordpress.nibis.de\/stueve\/","title":{"rendered":"Herzlich Willkommen"},"content":{"rendered":"\n<p>auf den Internetseiten der St\u00fcveschule!<\/p>\n\n\n\n<p class=\"has-text-align-center has-black-color has-text-color\"><strong>___________________________________________________________<\/strong>___<\/p>\n\n\n<div class=\"wp-block-image\">\n<figure class=\"aligncenter size-full is-resized\"><img loading=\"lazy\" decoding=\"async\" width=\"646\" height=\"154\" src=\"https:\/\/wordpress.nibis.de\/stueve\/files\/2026\/01\/Infos-Banner.jpg\" alt=\"\" class=\"wp-image-509\" style=\"width:646px;height:auto\" srcset=\"https:\/\/wordpress.nibis.de\/stueve\/files\/2026\/01\/Infos-Banner.jpg 646w, https:\/\/wordpress.nibis.de\/stueve\/files\/2026\/01\/Infos-Banner-300x72.jpg 300w, https:\/\/wordpress.nibis.de\/stueve\/files\/2026\/01\/Infos-Banner-100x24.jpg 100w\" sizes=\"auto, (max-width: 646px) 100vw, 646px\" \/><\/figure>\n<\/div>\n\n\n<p class=\"has-text-align-center\"><\/p>\n\n\n\n<p class=\"has-text-align-center\">Informationen f\u00fcr die 4. Klasse zu den Anmelde- und Informationsterminen der weiterf\u00fchrenden Schulen finden Sie hier: <a href=\"https:\/\/bildet.osnabrueck.de\/de\/schulen\/schulanmeldung-klasse-5\/\">https:\/\/bildet.osnabrueck.de\/de\/schulen\/schulanmeldung-klasse-5\/<\/a><\/p>\n\n\n\n<p><\/p>\n\n\n\n<p class=\"has-text-align-center\"><strong>___________________________________________________________<\/strong>___<\/p>\n\n\n\n<p><\/p>\n\n\n\n<p class=\"has-black-color has-text-color\">Hier gibt es viel zu entdecken, zum Beispiel:<\/p>\n\n\n\n<p>\u2022 unter&nbsp;<strong>Aktuelles<\/strong>&nbsp;finden Sie regelm\u00e4\u00dfig Beitr\u00e4ge zu allen Themen rund um unsere Schule<\/p>\n\n\n\n<p>\u2022 unter&nbsp;<strong>Ganztag<\/strong>&nbsp;finden Sie Informationen rund um die Ganztagsbetreuung<\/p>\n\n\n\n<p>\u2022 unter&nbsp;<strong>Formulare<\/strong>&nbsp;finden Sie wichtige pdf-Dateien zum Download<\/p>\n\n\n\n<p>\u2022 informieren Sie sich unter&nbsp;<strong>Schulsozialarbeit<\/strong>&nbsp;\u00fcber das Angebot an Unterst\u00fctzung f\u00fcr Kinder und Eltern<\/p>\n\n\n\n<figure class=\"wp-block-image size-large\"><img loading=\"lazy\" decoding=\"async\" width=\"1024\" height=\"610\" src=\"https:\/\/wordpress.nibis.de\/stueve\/files\/2025\/09\/Neu-1024x610.jpg\" alt=\"\" class=\"wp-image-476\" srcset=\"https:\/\/wordpress.nibis.de\/stueve\/files\/2025\/09\/Neu-1024x610.jpg 1024w, https:\/\/wordpress.nibis.de\/stueve\/files\/2025\/09\/Neu-300x179.jpg 300w, https:\/\/wordpress.nibis.de\/stueve\/files\/2025\/09\/Neu-768x457.jpg 768w, https:\/\/wordpress.nibis.de\/stueve\/files\/2025\/09\/Neu-1536x914.jpg 1536w, https:\/\/wordpress.nibis.de\/stueve\/files\/2025\/09\/Neu-2048x1219.jpg 2048w\" sizes=\"auto, (max-width: 1024px) 100vw, 1024px\" \/><\/figure>\n\n\n\n<p>Viel Spa\u00df beim St\u00f6bern!<\/p>\n\n\n\n<p><strong>Ihr Martin Igelmann&nbsp;<\/strong><\/p>\n\n\n\n<p><em>(Schulleiter)<\/em><\/p>\n","protected":false},"excerpt":{"rendered":"<p>auf den Internetseiten der St\u00fcveschule! ______________________________________________________________ Informationen f\u00fcr die 4. Klasse zu den Anmelde- und Informationsterminen der weiterf\u00fchrenden Schulen finden Sie hier: https:\/\/bildet.osnabrueck.de\/de\/schulen\/schulanmeldung-klasse-5\/ ______________________________________________________________ Hier gibt es viel zu entdecken, zum Beispiel: \u2022 unter&nbsp;Aktuelles&nbsp;finden Sie regelm\u00e4\u00dfig Beitr\u00e4ge zu allen Themen rund um unsere Schule \u2022 unter&nbsp;Ganztag&nbsp;finden Sie Informationen rund um die Ganztagsbetreuung \u2022 unter&nbsp;Formulare&nbsp;finden Sie wichtige pdf-Dateien zum Download \u2022 informieren Sie sich unter&nbsp;Schulsozialarbeit&nbsp;\u00fcber das Angebot an Unterst\u00fctzung f\u00fcr Kinder und Eltern Viel Spa\u00df beim St\u00f6bern! Ihr Martin Igelmann&nbsp; (Schulleiter)<\/p>\n","protected":false},"author":9194546,"featured_media":0,"parent":0,"menu_order":0,"comment_status":"closed","ping_status":"closed","template":"","meta":{"footnotes":""},"class_list":["post-134","page","type-page","status-publish","hentry"],"_links":{"self":[{"href":"https:\/\/wordpress.nibis.de\/stueve\/wp-json\/wp\/v2\/pages\/134","targetHints":{"allow":["GET"]}}],"collection":[{"href":"https:\/\/wordpress.nibis.de\/stueve\/wp-json\/wp\/v2\/pages"}],"about":[{"href":"https:\/\/wordpress.nibis.de\/stueve\/wp-json\/wp\/v2\/types\/page"}],"author":[{"embeddable":true,"href":"https:\/\/wordpress.nibis.de\/stueve\/wp-json\/wp\/v2\/users\/9194546"}],"replies":[{"embeddable":true,"href":"https:\/\/wordpress.nibis.de\/stueve\/wp-json\/wp\/v2\/comments?post=134"}],"version-history":[{"count":23,"href":"https:\/\/wordpress.nibis.de\/stueve\/wp-json\/wp\/v2\/pages\/134\/revisions"}],"predecessor-version":[{"id":562,"href":"https:\/\/wordpress.nibis.de\/stueve\/wp-json\/wp\/v2\/pages\/134\/revisions\/562"}],"wp:attachment":[{"href":"https:\/\/wordpress.nibis.de\/stueve\/wp-json\/wp\/v2\/media?parent=134"}],"curies":[{"name":"wp","href":"https:\/\/api.w.org\/{rel}","templated":true}]}}