{"id":154,"date":"2025-04-21T13:53:53","date_gmt":"2025-04-21T11:53:53","guid":{"rendered":"https:\/\/wordpress.nibis.de\/stueve\/?page_id=154"},"modified":"2025-04-24T18:53:44","modified_gmt":"2025-04-24T16:53:44","slug":"schulanmeldung","status":"publish","type":"page","link":"https:\/\/wordpress.nibis.de\/stueve\/schulanmeldung\/","title":{"rendered":"Schulanmeldung"},"content":{"rendered":"\n<p>Um Ihr Kind \/ Ihre Kinder an der St\u00fcveschule anzumelden, ben\u00f6tigen Sie folgendes Anmeldeformular.<\/p>\n\n\n\n<p>Bitte f\u00fcllen Sie es vollst\u00e4ndig aus und reichen Sie es bei uns ein.<\/p>\n\n\n\n<p> <\/p>\n\n\n\n<div data-wp-interactive=\"core\/file\" class=\"wp-block-file\"><object data-wp-bind--hidden=\"!state.hasPdfPreview\" hidden class=\"wp-block-file__embed\" data=\"https:\/\/wordpress.nibis.de\/stueve\/files\/2025\/04\/Schulanmeldebogen.pdf\" type=\"application\/pdf\" style=\"width:100%;height:600px\" aria-label=\"Einbettung von Einbettung von Schulanmeldebogen..\"><\/object><a id=\"wp-block-file--media-6f18537c-ad18-4adf-8b70-903a34331032\" href=\"https:\/\/wordpress.nibis.de\/stueve\/files\/2025\/04\/Schulanmeldebogen.pdf\">Schulanmeldebogen<\/a><a href=\"https:\/\/wordpress.nibis.de\/stueve\/files\/2025\/04\/Schulanmeldebogen.pdf\" class=\"wp-block-file__button\" download aria-describedby=\"wp-block-file--media-6f18537c-ad18-4adf-8b70-903a34331032\">Herunterladen<\/a><\/div>\n","protected":false},"excerpt":{"rendered":"<p>Um Ihr Kind \/ Ihre Kinder an der St\u00fcveschule anzumelden, ben\u00f6tigen Sie folgendes Anmeldeformular. Bitte f\u00fcllen Sie es vollst\u00e4ndig aus und reichen Sie es bei uns ein.<\/p>\n","protected":false},"author":9194546,"featured_media":0,"parent":0,"menu_order":0,"comment_status":"closed","ping_status":"closed","template":"","meta":{"footnotes":""},"class_list":["post-154","page","type-page","status-publish","hentry"],"_links":{"self":[{"href":"https:\/\/wordpress.nibis.de\/stueve\/wp-json\/wp\/v2\/pages\/154","targetHints":{"allow":["GET"]}}],"collection":[{"href":"https:\/\/wordpress.nibis.de\/stueve\/wp-json\/wp\/v2\/pages"}],"about":[{"href":"https:\/\/wordpress.nibis.de\/stueve\/wp-json\/wp\/v2\/types\/page"}],"author":[{"embeddable":true,"href":"https:\/\/wordpress.nibis.de\/stueve\/wp-json\/wp\/v2\/users\/9194546"}],"replies":[{"embeddable":true,"href":"https:\/\/wordpress.nibis.de\/stueve\/wp-json\/wp\/v2\/comments?post=154"}],"version-history":[{"count":8,"href":"https:\/\/wordpress.nibis.de\/stueve\/wp-json\/wp\/v2\/pages\/154\/revisions"}],"predecessor-version":[{"id":171,"href":"https:\/\/wordpress.nibis.de\/stueve\/wp-json\/wp\/v2\/pages\/154\/revisions\/171"}],"wp:attachment":[{"href":"https:\/\/wordpress.nibis.de\/stueve\/wp-json\/wp\/v2\/media?parent=154"}],"curies":[{"name":"wp","href":"https:\/\/api.w.org\/{rel}","templated":true}]}}